-- Table structure for table `search_total`
--

CREATE TABLE `search_total` (
  `word` varchar(50) NOT NULL DEFAULT '' COMMENT 'Primary Key: Unique word in the search index.',
  `count` float DEFAULT NULL COMMENT 'The count of the word in the index using Zipf''s law to equalize the probability distribution.',
  PRIMARY KEY (`word`)
) ENGINE=InnoDB DEFAULT CHARSET=utf8mb4 COMMENT='Stores search totals for words.';

--
-- Dumping data for table `search_total`
--

INSERT INTO `search_total` VALUES ('1',0.000503036),('10',0.0018919),('100',0.0377888),('1000',0.0097941),('10000',0.0976765),('101865',0.05233),('103',0.30103),('104',0.30103),('105',0.176091),('105329112',0.0377886),('107',0.30103),('109',0.30103),('10whereto',0.0266181),('11',0.00436481),('110865',0.0246319),('111',0.176091),('11272018',0.176091),('11292018',0.30103),('113',0.30103),('114',0.30103),('114url',0.0455631),('115',0.30103),('1151',0.124939),('117',0.30103),('118',0.30103),('11todo',0.0269235),('12',0.00782534),('120',0.30103),('121',0.30103),('122',0.30103),('12202021',0.30103),('12252018',0.30103),('123',0.00412586),('1242020',0.30103),('125',0.30103),('126',0.30103),('127',0.30103),('129',0.30103),('12world',0.0272483),('13',0.30103),('130',0.0460568),('1314',0.0248236),('1315',0.0248236),('132',0.30103),('133',0.30103),('135',0.30103),('137',0.30103),('138',0.30103),('139',0.30103),('13dashboard',0.027652),('141',0.30103),('144',0.30103),('145',0.30103),('146',0.30103),('148',0.30103),('149',0.0380989),('14the',0.136134),('15',0.176091),('151',0.30103),('151url',0.0466691),('1520',0.0248236),('1528',0.0248236),('153',0.30103),('154url',0.0461489),('1557',0.0632529),('158',0.30103),('15todo',0.137498),('16',0.00267259),('1607',0.124939),('1608',0.0624787),('1618',0.124939),('1619',0.0621192),('162',0.30103),('1621',0.0541155),('162url',0.0464619),('163url',0.0457482),('1646',0.30103),('164url',0.0453025),('1650',0.30103),('1652',0.30103),('1654',0.30103),('1656',0.30103),('1658',0.30103),('165url',0.0439727),('16x9',0.30103),('17',0.30103),('1701',0.176091),('1703',0.30103),('1705',0.30103),('1708',0.30103),('1713',0.30103),('1715',0.30103),('1718',0.176091),('1721',0.176091),('1722',0.176091),('1723',0.176091),('1727',0.30103),('1733',0.30103),('1734',0.30103),('1736',0.30103),('1738',0.30103),('1740',0.30103),('1749',0.30103),('1751',0.30103),('18',0.30103),('181857399',0.0670605),('1846',0.30103),('1849',0.30103),('1851',0.30103),('1853',0.30103),('1854',0.30103),('1857',0.30103),('185736985',0.0378111),('1859',0.30103),('19',0.30103),('1900',0.30103),('1902',0.30103),('1904',0.30103),('1906',0.30103),('1907',0.30103),('1941',0.30103),('1942',0.30103),('1943',0.30103),('1944',0.09691),('1945',0.176091),('1946',0.30103),('1947',0.176091),('1948',0.176091),('1949',0.176091),('1950',0.30103),('1951',0.124939),('1952',0.176091),('1953',0.176091),('1954',0.176091),('1955',0.124939),('1956',0.30103),('1957',0.176091),('1958',0.176091),('1959',0.176091),('199',0.0196326),('2',0.000412402),('20',0.0791812),('200',0.176091),('2000',0.176091),('2001',0.176091),('2002',0.30103),('2003',0.176091),('2004',0.176091),('2005',0.30103),('2006',0.00451994),('201',0.0829749),('2010',0.30103),('2014',0.30103),('2015',0.00126917),('2016',0.30103),('2017',0.0248236),('20170701png',0.051871),('20170704png',0.125782),('20170710jpg',0.0241455),('20170710jpgfalse',0.181785),('20170712jpg',0.0580128),('20170712jpgfalse',0.176589),('20170713jpg',0.0190871),('20170713jpgfalse',0.18123),('2017071400jpg',0.0348346),('2017071400jpgfalse',0.177189),('20170716jpg',0.0166583),('20170717jpg',0.0193266),('20170717jpgfalse',0.179818),('20170718jpg',0.0805466),('20170718png',0.178372),('20170719jpg',0.0288706),('20170719jpgfalse',0.178954),('2017071jpg',0.0170179),('20170720png',0.125187),('20170721png',0.178954),('20170724png',0.125337),('20170727png',0.179531),('2017072jpg',0.0299168),('2017073jpg',0.0453897),('20170741jpg',0.0213527),('20170741jpghttp',0.0212873),('2017074jpg',0.0127237),('2017074jpgfalse',0.176091),('20170750jpg',0.0465657),('2017076jpg',0.0302968),('20170778jpg',0.0218405),('20170778jpghttp',0.0217762),('20170779jpg',0.0210955),('20170779jpghttp',0.0210297),('2017077jpg',0.0239028),('2017077jpgfalse',0.18288),('2017078jpg',0.0429284),('2017078jpgfalse',0.178078),('20170790jpg',0.0206546),('20170790jpghttp',0.0206457),('2018',0.30103),('2019',0.30103),('2020',0.30103),('2024',0.30103),('2025',0.30103),('2026',0.30103),('2028',0.30103),('2030',0.30103),('2031',0.30103),('2032',0.30103),('2033',0.176091),('2034',0.124939),('2036',0.176091),('2037',0.176091),('2038',0.30103),('2041',0.176091),('2043',0.176091),('2045',0.30103),('2046',0.30103),('2047',0.30103),('2048',0.30103),('2049',0.30103),('2050',0.30103),('2051',0.176091),('2052',0.30103),('2053',0.176091),('2054',0.30103),('2055',0.30103),('2056',0.30103),('2057',0.30103),('2058',0.30103),('2059',0.124939),('21',0.30103),('2100',0.30103),('2102',0.176091),('2103',0.30103),('2104',0.176091),('2105',0.30103),('2106',0.30103),('2107',0.176091),('2108',0.30103),('2111',0.30103),('2112',0.30103),('2116',0.30103),('2117',0.30103),('2118',0.30103),('2119',0.30103),('2120',0.30103),('2121',0.30103),('2134',0.30103),('2135',0.176091),('2136',0.30103),('2137',0.30103),('2139',0.30103),('2140',0.30103),('2149',0.30103),('2150',0.30103),('2152',0.30103),('2153',0.30103),('2155',0.30103),('2156',0.176091),('2157',0.30103),('22',0.30103),('24',0.176091),('25',0.00419256),('27',0.0669468),('28300',0.0579919),('2f353b',0.30103),('3',0.00097793),('30',0.0195486),('31383c',0.30103),('32c5d2',0.30103),('3302017',0.00272475),('3312017',0.00860017),('339',0.30103),('3498db',0.30103),('35',0.176091),('35500',0.051638),('35800',0.0987526),('360',0.00231942),('3841',0.0831952),('4',0.0014584),('40',0.124939),('41515b',0.30103),('43500',0.0984308),('44',0.0387134),('440',0.30103),('46700',0.0989105),('47700',0.30103),('48500',0.0981841),('49',0.0376698),('4x3',0.176091),('5',0.00198972),('500px',0.0994001),('52400',0.0979327),('525e64',0.30103),('5292017',0.0107239),('52c9ba',0.30103),('54600',0.0202582),('54800',0.0415158),('549',0.023509),('55',0.30103),('56800',0.0119369),('57bfe1',0.30103),('585',0.30103),('58700',0.0579919),('5893dd',0.30103),('59',0.0191561),('5dc09c',0.30103),('5e9cd1',0.30103),('6',0.00115065),('60',0.09691),('60000',0.0672699),('6112017',0.0125891),('6162018',0.124939),('6212017',0.0125891),('63000',0.0978479),('63800',0.0348267),('64800',0.026366),('65',0.176091),('65000',0.026453),('66',0.0600399),('677083',0.30103),('67800',0.0983491),('685e47',0.30103),('68800',0.0985927),('68955',0.026385),('69900',0.0579919),('7',0.00184485),('70',0.0457575),('75',0.30103),('75000',0.0300195),('79',0.30103),('7900',0.09759),('7a6a61',0.30103),('7f8c97',0.212811),('7seemple',0.016419),('8',0.00272286),('80',0.176091),('800',0.0301559),('84c68f',0.30103),('85000',0.0415001),('85600',0.0986729),('86000',0.0263595),('8888',0.0584465),('8a7f68',0.30103),('8bit',0.123482),('8ski',0.00985972),('9',0.00270589),('96000',0.0348154),('99',0.0130656),('9d8b81',0.30103),('9john',0.0100704),('a962bb',0.30103),('aa67a3',0.30103),('about',0.000255767),('ac3773',0.30103),('accessories',0.00102557),('accordion',0.0157943),('account',0.01204),('accumsan',0.0351436),('accusamus',0.116521),('accusantium',0.0457575),('action',0.00379299),('active',0.0579919),('adblock',0.112779),('add',0.00782534),('added',0.30103),('address',0.0572133),('adipi',0.124939),('adipicing',0.00168578),('adipisci',0.124939),('adipiscing',0.000157749),('adipisicing',0.00159613),('adipising',0.0177288),('adjust',0.0289655),('adjusted',0.30103),('admin',0.000144933),('adn',0.0479797),('advanced',0.30103),('aenean',0.00749139),('aesthetic',0.211504),('after',0.00450991),('again',0.0321847),('alert',0.0211893),('alerts',0.00954532),('alias',0.00123589),('aligncenter',0.0295605),('aligned',0.001283),('alignjustify',0.0295605),('alignleft',0.0295605),('alignright',0.0295605),('aliqua',0.00186055),('aliquam',0.000598836),('aliquet',0.0586034),('aliquid',0.124939),('aliquip',0.00204319),('alive',0.00345128),('all',0.000662301),('alternatives',0.176091),('aluam',0.00265928),('always',0.00205022),('amazon',0.0995271),('ambulance',0.0312247),('ame',0.00885057),('america',0.0580533),('american',0.198979),('amet',0.000145633),('amipiscing',0.0211893),('amount',0.176091),('anchor',0.0430887),('and',0.00144827),('anderson',0.117391),('android',0.0486338),('angellist',0.0555402),('angledoubledown',0.0410369),('angledoubleleft',0.0408253),('angledoubleright',0.0408959),('angledoubleup',0.0409665),('angledown',0.0413171),('angleleft',0.0411071),('angleright',0.0411772),('angleup',0.0412472),('angular',0.00148428),('anim',0.0347621),('animated',0.00975984),('anna',0.30103),('another',0.00282929),('answer',0.00553249),('answered',0.0680003),('ante',0.0177288),('any',0.0352026),('app',0.00238115),('apparel',0.198979),('apparently',0.30103),('apple',0.00713243),('appleiphone6http',0.0670885),('appleiphone6shttp',0.178664),('application',0.0664173),('appnet',0.0377886),('apps',0.000718126),('architecto',0.124939),('archive',0.0469478),('arcu',0.011008),('are',0.0294732),('areachart',0.0374844),('around',0.30103),('arrowcircledown',0.0357664),('arrowcircleleft',0.0355238),('arrowcircleodown',0.0296345),('arrowcircleoleft',0.0491259),('arrowcircleoright',0.0490699),('arrowcircleoup',0.0296345),('arrowcircleright',0.0356049),('arrowcircleup',0.0356857),('arrowdown',0.0298808),('arrowleft',0.0296345),('arrowright',0.0296946),('arrows',0.0239212),('arrowsalt',0.0286921),('arrowsh',0.0255846),('arrowsv',0.0255291),('arrowup',0.0297878),('art',0.0367159),('artisan',0.205231),('arya',0.00114782),('asdfcom',0.124939),('ashley',0.000272253),('ask',0.0668353),('aspect',0.09691),('asperiores',0.0457575),('aspernatur',0.0457575),('assum',0.0876891),('assumenda',0.0308205),('asterisk',0.0297296),('atis',0.0628086),('atque',0.0457575),('attention',0.0321847),('augue',0.0303103),('austin',0.119125),('aut',0.0457575),('aute',0.0347621),('autem',0.0308042),('author',0.00196463),('automobile',0.0595521),('available',0.000754639),('award',0.013364),('away',0.0670776),('awesome',0.00046837),('b771b0',0.30103),('back',0.069612),('background',0.00121375),('backward',0.0296491),('badge',0.30103),('badges',0.0157943),('bag',0.222447),('balancescale',0.0996541),('ban',0.0289741),('banh',0.0846969),('bank',0.109293),('banksy',0.126215),('bar',0.00683942),('barchart',0.0255068),('barcharto',0.0600133),('barcode',0.0289913),('bars',0.00285611),('base',0.30103),('based',0.30103),('basic',0.0669468),('bates',0.0791812),('battery0',0.0997811),('battery1',0.100035),('battery2',0.100162),('battery3',0.100288),('battery4',0.100415),('batteryempty',0.100542),('batteryfull',0.100668),('batteryhalf',0.100795),('batteryquarter',0.100922),('batterythreequarters',0.101048),('beard',0.215431),('beatae',0.0347621),('beautiful',0.0202327),('beautifully',0.0344576),('bed',0.054274),('beer',0.0232578),('before',0.228058),('behance',0.0515696),('behancesquare',0.0516236),('believe',0.30103),('bell',0.0341388),('bello',0.0388054),('bellslash',0.051942),('bellslasho',0.0519862),('below',0.0544499),('benson',0.000272375),('best',0.00109648),('better',0.124939),('bibendum',0.0413927),('bicycle',0.0375314),('binoculars',0.0512239),('biodiesel',0.124356),('birthdaycake',0.0522064),('bitbucket',0.0216656),('bitbucketsquare',0.0480995),('bitcoin',0.063826),('black',0.00562496),('blacktie',0.101175),('blandit',0.00691164),('blanditiis',0.0115819),('blazing',0.00717858),('block',0.0347621),('blockquotes',0.00998422),('blocks',0.00318166),('blog',0.00242155),('blue',0.00738121),('blue1',0.0315003),('blue2',0.0322387),('blue3',0.0286264),('blue3blue3the',0.0262297),('bold',0.0295605),('bolt',0.0380467),('bomb',0.0510872),('book',0.0289913),('bookmark',0.0289913),('bookmarko',0.0333508),('booth',0.208078),('bootstrap',0.00827253),('border',0.00137954),('bordered',0.30103),('bottom',0.192567),('bounce',0.176091),('box',0.00755813),('brand',0.0668491),('breadcrumbs',0.00133835),('breaking',0.0011725),('briefcase',0.0352138),('brittany',0.0791812),('brown',0.0366336),('brown1',0.0373603),('brown2',0.0323997),('brown2brown2web',0.0248622),('brown3',0.0388087),('btc',0.0346309),('buddy',0.00596876),('bug',0.0470685),('build',0.176091),('building',0.0488034),('buildingo',0.0390772),('built',0.0810616),('bullhorn',0.0340607),('bullseye',0.0432652),('bus',0.0375534),('business',0.00617643),('but',0.0321847),('butcher',0.0795756),('button',0.000449627),('buttons',0.0011928),('buy',0.00219055),('buying',0.01204),('buysellads',0.0556835),('c5b96b',0.30103),('c5bf66',0.30103),('c8d046',0.30103),('cab',0.0596617),('calculator',0.0515675),('calendar',0.0305476),('calendarchecko',0.101301),('calendarminuso',0.101427),('calendaro',0.0425615),('calendarpluso',0.101554),('calendartimeso',0.10168),('california',0.0577409),('came',0.0177691),('camera',0.0289999),('cameraretro',0.0318155),('cameras',0.00119476),('campaign',0.000754639),('campaigns',0.00075333),('can',0.00102965),('caption',0.30103),('car',0.0358783),('cardigan',0.198979),('care',0.00124194),('caretdown',0.0380376),('caretleft',0.0381895),('caretright',0.0382653),('caretsquareodown',0.0334172),('caretsquareoleft',0.0352673),('caretsquareoright',0.0334833),('caretsquareoup',0.0334503),('caretup',0.0381137),('carles',0.0841638),('cart',0.00934003),('cartarrowdown',0.0532682),('cartplus',0.0532259),('castro',0.30103),('cbgblack',0.30103),('cbgblackfont',0.30103),('cbgblue',0.30103),('cbgblue1',0.30103),('cbgblue1font',0.30103),('cbgblue2',0.30103),('cbgblue2font',0.30103),('cbgblue3',0.30103),('cbgblue3font',0.30103),('cbgbluefont',0.30103),('cbgbrown',0.30103),('cbgbrown1',0.30103),('cbgbrown1font',0.30103),('cbgbrown2',0.30103),('cbgbrown2font',0.30103),('cbgbrown3',0.30103),('cbgbrown3font',0.30103),('cbgbrownfont',0.30103),('cbgdark',0.30103),('cbgdark1',0.30103),('cbgdark1font',0.30103),('cbgdark2',0.30103),('cbgdark2font',0.30103),('cbgdark3',0.30103),('cbgdark3font',0.30103),('cbgdarkfont',0.30103),('cbggreen',0.176091),('cbggreen1',0.30103),('cbggreen1font',0.30103),('cbggreen2',0.30103),('cbggreen2font',0.30103),('cbggreen3',0.30103),('cbggreen3font',0.30103),('cbggreenfont',0.30103),('cbggrey',0.30103),('cbggrey1',0.30103),('cbggrey1font',0.30103),('cbggrey2',0.30103),('cbggrey2font',0.30103),('cbggrey3',0.30103),('cbggrey3font',0.30103),('cbggreyfont',0.30103),('cbgpurple',0.30103),('cbgpurple1',0.30103),('cbgpurple1font',0.30103),('cbgpurple2',0.30103),('cbgpurple2font',0.30103),('cbgpurple3',0.30103),('cbgpurple3font',0.30103),('cbgpurplefont',0.30103),('cbgred',0.30103),('cbgred1',0.30103),('cbgred1font',0.30103),('cbgred2',0.30103),('cbgred2font',0.30103),('cbgred3',0.30103),('cbgred3font',0.30103),('cbgredfont',0.30103),('cbgregular',0.30103),('cbgregularfont',0.30103),('cbgwhite',0.30103),('cbgwhitefont',0.30103),('cbgyellow',0.30103),('cbgyellow1',0.30103),('cbgyellow1font',0.30103),('cbgyellow2',0.30103),('cbgyellow2font',0.30103),('cbgyellow3',0.30103),('cbgyellow3font',0.30103),('cbgyellowfont',0.30103),('cborderblack',0.30103),('cborderblue',0.30103),('cborderblue1',0.30103),('cborderblue2',0.30103),('cborderblue3',0.30103),('cborderbrown',0.30103),('cborderbrown1',0.30103),('cborderbrown2',0.30103),('cborderbrown3',0.30103),('cborderdark',0.30103),('cborderdark1',0.30103),('cborderdark2',0.30103),('cborderdark3',0.30103),('cbordergreen',0.30103),('cbordergreen1',0.30103),('cbordergreen2',0.30103),('cbordergreen3',0.30103),('cbordergrey',0.30103),('cbordergrey1',0.30103),('cbordergrey2',0.30103),('cbordergrey3',0.30103),('cborderpurple',0.30103),('cborderpurple1',0.30103),('cborderpurple2',0.30103),('cborderpurple3',0.30103),('cborderred',0.30103),('cborderred1',0.30103),('cborderred2',0.30103),('cborderred3',0.30103),('cborderregular',0.30103),('cborderwhite',0.30103),('cborderyellow',0.30103),('cborderyellow1',0.30103),('cborderyellow2',0.30103),('cborderyellow3',0.30103),('cbtnblack',0.124939),('cbtnblue',0.145521),('cbtnblue1',0.148543),('cbtnblue2',0.151541),('cbtnblue3',0.154517),('cbtnborder1x',0.0150998),('cbtnborder2x',0.0150998),('cbtnbrown',0.169075),('cbtnbrown1',0.171924),('cbtnbrown2',0.174752),('cbtnbrown3',0.177561),('cbtndark',0.18035),('cbtndark1',0.18312),('cbtndark2',0.18587),('cbtndark3',0.188601),('cbtngreen',0.124939),('cbtngreen1',0.124939),('cbtngreen2',0.124939),('cbtngreen3',0.124939),('cbtngrey',0.191314),('cbtngrey1',0.194008),('cbtngrey2',0.196685),('cbtngrey3',0.198964),('cbtnpurple',0.157472),('cbtnpurple1',0.160404),('cbtnpurple2',0.163316),('cbtnpurple3',0.166206),('cbtnred',0.124939),('cbtnred1',0.124939),('cbtnred2',0.126899),('cbtnred3',0.130063),('cbtnregular',0.124939),('cbtnwhite',0.124939),('cbtnyellow',0.133203),('cbtnyellow1',0.136318),('cbtnyellow2',0.139409),('cbtnyellow3',0.142477),('ccamex',0.0386942),('ccdinersclub',0.101806),('ccdiscover',0.0386693),('ccjcb',0.101932),('ccmastercard',0.0386444),('ccpaypal',0.038719),('ccstripe',0.0387437),('ccvisa',0.0386195),('cd6262',0.30103),('cell',0.0118992),('center',0.176091),('centered',0.0024606),('ceo',0.00240128),('certificate',0.0342286),('cfo',0.000863224),('cfontblack',0.30103),('cfontblue',0.30103),('cfontblue1',0.30103),('cfontblue2',0.30103),('cfontblue3',0.30103),('cfontbrown',0.30103),('cfontbrown1',0.30103),('cfontbrown2',0.30103),('cfontbrown3',0.30103),('cfontdark',0.30103),('cfontdark1',0.30103),('cfontdark2',0.30103),('cfontdark3',0.30103),('cfontgreen',0.30103),('cfontgreen1',0.30103),('cfontgreen2',0.30103),('cfontgreen3',0.30103),('cfontgrey',0.30103),('cfontgrey1',0.30103),('cfontgrey2',0.30103),('cfontgrey3',0.30103),('cfontpurple',0.30103),('cfontpurple1',0.30103),('cfontpurple2',0.30103),('cfontpurple3',0.30103),('cfontred',0.30103),('cfontred1',0.30103),('cfontred2',0.30103),('cfontred3',0.30103),('cfontregular',0.30103),('cfontwhite',0.30103),('cfontyellow',0.30103),('cfontyellow1',0.30103),('cfontyellow2',0.30103),('cfontyellow3',0.30103),('chain',0.118183),('chainbroken',0.0430799),('chambray',0.225586),('change',0.0023294),('chart',0.0709572),('check',0.0241588),('checkbox',0.30103),('checkcircle',0.0289999),('checkcircleo',0.0289999),('checksquare',0.0329851),('checksquareo',0.0238068),('chevroncircledown',0.0443949),('chevroncircleleft',0.044202),('chevroncircleright',0.0442664),('chevroncircleup',0.0443307),('chevrondown',0.0317001),('chevronleft',0.0296345),('chevronright',0.0296345),('chevronup',0.0316109),('child',0.0488773),('choices',0.00285858),('choise',0.0263289),('choose',0.00109396),('chrome',0.102058),('cicon1',0.012965),('cicon10',0.012965),('cicon11',0.012965),('cicon12',0.012965),('cicon13',0.012965),('cicon14',0.012965),('cicon15',0.012965),('cicon16',0.012965),('cicon17',0.012965),('cicon18',0.012965),('cicon19',0.012965),('cicon2',0.012965),('cicon20',0.012965),('cicon21',0.012965),('cicon22',0.012965),('cicon23',0.012965),('cicon24',0.012965),('cicon25',0.012965),('cicon26',0.012965),('cicon27',0.012965),('cicon28',0.012965),('cicon29',0.012965),('cicon3',0.012965),('cicon30',0.012965),('cicon31',0.012965),('cicon32',0.012965),('cicon33',0.012965),('cicon34',0.012965),('cicon35',0.012965),('cicon36',0.012965),('cicon37',0.012965),('cicon38',0.012965),('cicon39',0.012965),('cicon4',0.012965),('cicon40',0.012965),('cicon41',0.012965),('cicon42',0.012965),('cicon43',0.012965),('cicon44',0.012965),('cicon45',0.012965),('cicon46',0.012965),('cicon47',0.012965),('cicon48',0.012965),('cicon49',0.012965),('cicon5',0.012965),('cicon6',0.012965),('cicon7',0.012965),('cicon8',0.012965),('cicon9',0.012965),('ciconmd',0.000804995),('ciconsm',0.000804995),('cillum',0.0249801),('cinematic',0.0202364),('circle',0.0272383),('circleo',0.0309945),('circleonotch',0.0364771),('circlethin',0.0366602),('circular',0.0234811),('claricum',0.0882157),('claritatem',0.0878685),('class',0.00253282),('classes',0.0791812),('clean',0.0011402),('cleanse',0.118758),('cliche',0.118979),('click',0.30103),('clients',0.00104903),('clipboard',0.039266),('clock',0.00927251),('clocko',0.0289999),('clone',0.102184),('close',0.039576),('clothes',0.00145981),('cloud',0.0104296),('clouddownload',0.0384929),('cloudupload',0.0385618),('cny',0.116496),('code',0.000907251),('coded',0.00204948),('codefork',0.0418396),('codepen',0.052739),('coding',0.0078681),('coe',0.124939),('coectetuer',0.000323491),('coffee',0.0337562),('cofounding',0.00451494),('cog',0.0238024),('cogs',0.0319918),('collaboration',0.00467029),('collection',0.00104272),('color',0.00154833),('colors',0.00624895),('column',0.0142404),('columns',0.0382294),('come',0.00345),('comes',0.0791812),('comment',0.00145813),('commenting',0.10231),('commentingo',0.102436),('commento',0.0379363),('comments',0.00453368),('commentso',0.0380064),('commerce',0.00148867),('commodi',0.00877392),('commodo',0.001823),('community',0.00199298),('companion',0.00553098),('company',0.00332642),('compare',0.00782534),('compass',0.0441273),('compatible',0.0193582),('compete',0.0151152),('competitive',0.00909375),('complete',0.01524),('completely',0.0590184),('component',0.0791812),('components',0.00109326),('compress',0.0301739),('concern',0.0333134),('conctetuer',0.01221),('condensed',0.30103),('condimentum',0.00504316),('conectetuer',0.0122009),('conference',0.00208454),('congue',0.00846762),('connectdevelop',0.0557312),('connected',0.30103),('connor',0.000810158),('consecetuer',0.0177288),('consectetuer',0.000514485),('consectetur',0.000803188),('consequat',0.00189181),('consequatur',0.00782534),('consequuntur',0.00855692),('consetuer',0.00145658),('const',0.124939),('constant',0.0669468),('contact',0.0049793),('contacts',0.0581568),('contao',0.102562),('content',0.00196021),('contents',0.00796893),('contextual',0.124939),('continue',0.0377886),('control',0.0708018),('controls',0.0157943),('convallis',0.0550522),('cook',0.088373),('copies',0.00659314),('copy',0.118303),('copyright',0.00195626),('cosby',0.0850784),('cosectetuer',0.0110167),('counters',0.0157943),('craft',0.053324),('crafted',0.30103),('cras',0.00706185),('creative',0.00910088),('creativecommons',0.102688),('cred',0.0890532),('creditcard',0.0269856),('crop',0.0417772),('crosshairs',0.0290085),('css',0.00145018),('css3',0.0449764),('cto',0.0363408),('cube',0.04905),('cubes',0.0490992),('culpa',0.0254815),('cum',0.0310188),('cumque',0.0457575),('cupidatat',0.0347621),('cupiditate',0.124939),('currency',0.0710348),('current',0.00227696),('cursus',0.0293809),('custom',0.0048525),('customer',0.000473466),('customers',0.000244365),('customisible',0.000754639),('customizations',0.0236392),('customize',0.09691),('customized',0.30103),('cut',0.118423),('cutlery',0.0389725),('d05163',0.30103),('danger',0.0184834),('dapibus',0.0493489),('dark',0.0114313),('dark1',0.0402507),('dark2',0.0409692),('dark3',0.0416861),('dashboard',0.0022745),('dashboard123',0.124939),('dashboards',0.00656972),('dashcube',0.0557788),('data',0.00659968),('database',0.0497089),('days',0.00986253),('debitis',0.124939),('debra',0.0791812),('dedent',0.118543),('dedicated',0.000354519),('default',0.000616675),('delectus',0.211838),('delenit',0.0866774),('deleniti',0.0347621),('delicious',0.0508036),('demo',0.0579919),('demos',0.30103),('denim',0.118684),('density',0.0202752),('deserunt',0.0347621),('design',0.000148044),('designer',0.00911984),('designlorem',0.0205981),('designs',0.0034203),('desktop',0.040192),('developer',0.00206149),('developers',0.00205548),('development',0.00113586),('deviantart',0.052053),('devider',0.176091),('diam',0.000320181),('diamond',0.0533684),('dias',0.0110179),('dictum',0.176091),('digg',0.0508589),('digital',0.00453967),('dignissim',0.0863649),('dignissimos',0.0457575),('directional',0.07297),('director',0.00795719),('disabled',0.0511525),('discussions',0.0193052),('dismissible',0.176091),('display',0.30103),('displays',0.0202786),('distinctio',0.124939),('distribution',0.00500758),('diverse',0.0143178),('dividers',0.00975984),('diy',0.0676074),('document',0.30103),('dodashboard0',0.176091),('dodashboard0152false',0.176091),('dodashboard158false',0.19651),('dodashboards',0.176091),('dodashboards111false',0.176091),('doe',0.000615673),('does',0.30103),('dohaeris',0.0347621),('dohaeriseo',0.00119041),('dollar',0.116617),('dolor',0.000119914),('dolore',0.000262323),('doloremque',0.124939),('dolorum',0.124939),('doming',0.0874123),('done',0.124939),('donec',0.00991335),('dot',0.30103),('dotcircleo',0.0350221),('dothu',0.0394361),('download',0.029017),('downloads',0.00231173),('drake',0.000809219),('dreamcatcher',0.198979),('dribbble',0.0487515),('drop',0.0691236),('dropbox',0.0216042),('dropdown',0.176091),('drupal',0.0510242),('ducimus',0.124939),('dui',0.0556839),('duis',0.0149624),('e7505a',0.30103),('each',0.0236595),('eamet',0.00224979),('earum',0.00934003),('easy',0.00155189),('eb5d68',0.30103),('echo',0.0886622),('edit',0.10991),('editing',0.09691),('editor',0.0721974),('eeeeee',0.30103),('efficient',0.00717858),('egestas',0.0556839),('eget',0.0550522),('eit',0.0122145),('eius',0.01524),('eiusmod',0.0016785),('eject',0.0296491),('eleifend',0.00895843),('element',0.09691),('elements',0.0157943),('eli',0.0269528),('eligendi',0.0669468),('elit',0.000173324),('elit10',0.195873),('elit10161http',0.182608),('elit11',0.196298),('elit11158http',0.181508),('elit12109http',0.18095),('elit13156http',0.179531),('elit14',0.176091),('elit14155http',0.178664),('elit15',0.176091),('elit15111http',0.177783),('elit16',0.176091),('elit16153http',0.17689),('elit17',0.176091),('elit17152http',0.176286),('elit18',0.176091),('elit18151http',0.176091),('elit7',0.193469),('elit8',0.194576),('elit9',0.195444),('ellipsish',0.0434013),('ellipsisv',0.0434608),('email',0.0310144),('embeds',0.00975984),('emma',0.000809973),('empire',0.0529992),('empty',0.00934003),('end',0.0370809),('endless',0.0018625),('endorsement',0.30103),('engage',0.00796893),('enhancements',0.0236868),('enim',0.00186329),('ensure',0.0791812),('entrepreneur',0.00909235),('envelope',0.0376125),('envelopeo',0.0290256),('envelopesquare',0.04794),('eorum',0.0881731),('era',0.0170235),('eraser',0.0322916),('erat',0.00063232),('eros',0.0208271),('error',0.0753616),('errothu',0.11238),('esmod',0.0122055),('esse',0.0254337),('est',0.0256228),('esuismod',0.0121884),('ethical',0.125207),('etsy',0.0675976),('eudm9vrcbow',0.038017),('euismod',0.000451043),('eum',0.0854733),('eur',0.0454469),('euro',0.116738),('ever',0.0112637),('every',0.00129012),('everyone',0.000669832),('example',0.0023075),('excepteur',0.0347621),('excepturi',0.0457575),('exchange',0.0384538),('exclamation',0.0421243),('exclamationcircle',0.0298807),('exclamationtriangle',0.0304034),('exclusive',0.00454763),('exerci',0.00182544),('exercitation',0.0052201),('exercitationem',0.124939),('expand',0.0300814),('expanded',0.0157943),('expanding',0.0663667),('expect',0.0330114),('expedita',0.0457575),('expeditedssl',0.102814),('experience',0.0791812),('expert',0.0195906),('explore',0.000311783),('extended',0.00226786),('externallink',0.0327515),('externallinksquare',0.0440503),('extra',0.0669468),('extremely',0.0889317),('eye',0.03023),('eyedropper',0.0522294),('eyeslash',0.0303168),('f7f7f7',0.30103),('facebook',0.0125844),('facebookf',0.122719),('facebookofficial',0.0570623),('facebooksquare',0.0327429),('facer',0.0875978),('facere',0.124939),('facilis',0.0280287),('facilisi',0.0868296),('facilisis',0.071781),('facit',0.0881303),('fade',0.176091),('fafacebook',0.00653087),('false109http',0.0274908),('false111http',0.13821),('false151http',0.0264727),('false155http',0.136785),('false156http',0.0278128),('false158http',0.0270861),('false161http',0.0267631),('false163http',0.0261848),('false165http',0.0258948),('fanatics',0.0151389),('fanny',0.0866054),('fapinterest',0.00653087),('faq',0.00716659),('faqs',0.0678124),('farmtotable',0.085598),('fashion',0.000335164),('faspin',0.30103),('fastbackward',0.0296491),('fastforward',0.0296491),('fat',0.30103),('fatwitter',0.00653087),('faucibus',0.00800809),('faucibusnulla',0.0240899),('fax',0.0488508),('feature',0.00796893),('features',0.000305339),('featuring',0.0235963),('feedback',0.00472455),('feel',0.0689665),('felis',0.0287338),('female',0.0468405),('fermentum',0.0285648),('feugait',0.0867792),('feugiat',0.0128645),('few',0.124939),('ff6b57',0.30103),('ffffff',0.30103),('fighterjet',0.0303136),('file',0.0236039),('filearchiveo',0.0362464),('fileaudioo',0.0362715),('filecodeo',0.0363215),('fileexcelo',0.0361709),('fileimageo',0.0362213),('filemovieo',0.0598726),('fileo',0.0241609),('filepdfo',0.0361334),('filephotoo',0.0599089),('filepictureo',0.0599451),('filepowerpointo',0.0362358),('files',0.000797896),('fileso',0.0366542),('filesoundo',0.0599813),('filetext',0.0342419),('filetexto',0.0307386),('filevideoo',0.0363497),('filewordo',0.0361983),('filezipo',0.0600174),('film',0.029068),('filter',0.0352508),('final',0.00379299),('find',0.00371397),('finibus',0.013498),('fire',0.0301887),('fireextinguisher',0.0427696),('firefox',0.10294),('first',0.00132905),('fixie',0.118382),('flag',0.029068),('flagcheckered',0.0415212),('flago',0.0414575),('flash',0.110648),('flask',0.0357184),('flavius',0.0252133),('flexibility',0.0155511),('flexible',0.000767089),('flickr',0.0216448),('floppyo',0.0368107),('fluid',0.0157943),('fly',0.09691),('focused',0.00455419),('folder',0.0313179),('foldero',0.0410251),('folderopen',0.0314027),('folderopeno',0.0410897),('follow',0.0398143),('font',0.00361183),('fontawesome',0.00998422),('fonticons',0.103066),('food',0.198979),('footer',0.00176902),('for',0.00018529),('force',0.0125262),('form',0.0111569),('format',0.30103),('forum',0.00402344),('forumbee',0.0558507),('forward',0.0296491),('found',0.30103),('four',0.205592),('foursquare',0.0218362),('framework',0.00897469),('free',0.00245612),('freegan',0.128652),('fri',0.00843317),('friendly',0.00843317),('friends',0.0151289),('fringilla',0.0556839),('from',0.0016934),('front',0.00114741),('frowno',0.0412185),('fugiat',0.0347621),('full',0.00137209),('fully',0.00073037),('fund',0.226142),('futbolo',0.0513983),('future',0.00260838),('futureleft',0.104215),('futurelorem',0.0214555),('futurewhiteleft',0.0269173),('galaxy',0.0415158),('gallery',0.0157943),('gamepad',0.0413468),('gaming',0.0145745),('garner',0.000808039),('gavel',0.0379111),('gbp',0.0455256),('gear',0.0602865),('gears',0.110894),('gender',0.0701015),('genderless',0.039643),('gentrify',0.126031),('get',0.00182607),('getpocket',0.103317),('ggcircle',0.103442),('gift',0.0300405),('git',0.0531247),('github',0.0158611),('githubalt',0.0424959),('githubsquare',0.0340531),('gitsquare',0.053073),('gittip',0.122837),('glass',0.0290932),('globe',0.0350578),('glutenfree',0.127448),('glyphicon',0.000218052),('glyphiconadjust',0.0377886),('glyphiconaligncenter',0.0377886),('glyphiconalignjustify',0.0377886),('glyphiconalignleft',0.0377886),('glyphiconalignright',0.0377886),('glyphiconarrowdown',0.0395541),('glyphiconarrowleft',0.0391),('glyphiconarrowright',0.0392514),('glyphiconarrowup',0.0394028),('glyphiconasterisk',0.0377886),('glyphiconbackward',0.0377886),('glyphiconbancircle',0.0389485),('glyphiconbarcode',0.0377886),('glyphiconbell',0.0434646),('glyphiconbold',0.0377886),('glyphiconbook',0.0377886),('glyphiconbookmark',0.0377886),('glyphiconbriefcase',0.0458495),('glyphiconbullhorn',0.043315),('glyphiconcalendar',0.0413644),('glyphiconcamera',0.0377886),('glyphiconcertificate',0.0436142),('glyphiconcheck',0.0377886),('glyphiconchevrondown',0.0421159),('glyphiconchevronleft',0.0377886),('glyphiconchevronright',0.0377886),('glyphiconchevronup',0.0419657),('glyphiconcirclearrowdown',0.045106),('glyphiconcirclearrowleft',0.0448081),('glyphiconcirclearrowright',0.0446591),('glyphiconcirclearrowup',0.0449571),('glyphiconcloud',0.0377886),('glyphiconclouddownload',0.0540701),('glyphiconcloudupload',0.0542152),('glyphiconcog',0.0377886),('glyphiconcollapsedown',0.0486605),('glyphiconcollapseup',0.0488078),('glyphiconcomment',0.0416652),('glyphiconcompressed',0.0518872),('glyphiconcopyrightmark',0.0537799),('glyphiconcreditcard',0.0513027),('glyphiconcutlery',0.0515951),('glyphicondashboard',0.0461465),('glyphicondownload',0.0377886),('glyphicondownloadalt',0.0377886),('glyphiconearphone',0.0520331),('glyphiconedit',0.0377886),('glyphiconeject',0.0377886),('glyphiconenvelope',0.0377886),('glyphiconeuro',0.0377886),('glyphiconexclamationsign',0.0401585),('glyphiconexpand',0.0485131),('glyphiconexport',0.0502776),('glyphiconeyeclose',0.0409127),('glyphiconeyeopen',0.040762),('glyphiconfacetimevideo',0.0377886),('glyphiconfastbackward',0.0377886),('glyphiconfastforward',0.0377886),('glyphiconfile',0.0377886),('glyphiconfilm',0.0377886),('glyphiconfilter',0.0457009),('glyphiconfire',0.0406112),('glyphiconflag',0.0377886),('glyphiconflash',0.0491023),('glyphiconfloppydisk',0.0505708),('glyphiconfloppyopen',0.0511565),('glyphiconfloppyremove',0.0508638),('glyphiconfloppysave',0.0510102),('glyphiconfloppysaved',0.0507173),('glyphiconfolderclose',0.0425661),('glyphiconfolderopen',0.042716),('glyphiconfont',0.0377886),('glyphiconforward',0.0377886),('glyphiconfullscreen',0.045998),('glyphicongbp',0.0471839),('glyphicongift',0.0403095),('glyphiconglass',0.0377886),('glyphiconglobe',0.0452548),('glyphiconhanddown',0.04451),('glyphiconhandleft',0.0442117),('glyphiconhandright',0.0440624),('glyphiconhandup',0.0443609),('glyphiconhdd',0.0431654),('glyphiconhdvideo',0.052762),('glyphiconheader',0.0517412),('glyphiconheadphones',0.0377886),('glyphiconheart',0.0377886),('glyphiconheartempty',0.0464432),('glyphiconhome',0.0377886),('glyphiconimport',0.0501309),('glyphiconinbox',0.0377886),('glyphiconindentleft',0.0377886),('glyphiconindentright',0.0377886),('glyphiconinfosign',0.0383419),('glyphiconitalic',0.0377886),('glyphiconleaf',0.0404604),('glyphiconlink',0.0465915),('glyphiconlist',0.0377886),('glyphiconlistalt',0.0377886),('glyphiconlock',0.0377886),('glyphiconlogin',0.0489551),('glyphiconlogout',0.0492494),('glyphiconmagnet',0.0418155),('glyphiconmapmarker',0.0377886),('glyphiconminus',0.0377886),('glyphiconminussign',0.0377886),('glyphiconmove',0.0377886),('glyphiconmusic',0.0377886),('glyphiconnewwindow',0.0493965),('glyphiconoff',0.0377886),('glyphiconok',0.0377886),('glyphiconokcircle',0.038797),('glyphiconoksign',0.0380383),('glyphiconopen',0.0498373),('glyphiconpaperclip',0.0462949),('glyphiconpause',0.0377886),('glyphiconpencil',0.0377886),('glyphiconphone',0.0467397),('glyphiconphonealt',0.052179),('glyphiconpicture',0.0377886),('glyphiconplane',0.0412139),('glyphiconplay',0.0377886),('glyphiconplaycircle',0.0377886),('glyphiconplus',0.0377886),('glyphiconplussign',0.0377886),('glyphiconprint',0.0377886),('glyphiconpushpin',0.0468878),('glyphiconqrcode',0.0377886),('glyphiconquestionsign',0.0381901),('glyphiconrandom',0.0415148),('glyphiconrecord',0.0495435),('glyphiconrefresh',0.0377886),('glyphiconregistrationmark',0.053925),('glyphiconremove',0.0377886),('glyphiconremovecircle',0.0386454),('glyphiconremovesign',0.0378863),('glyphiconrepeat',0.0377886),('glyphiconresizefull',0.0398564),('glyphiconresizehorizontal',0.0430156),('glyphiconresizesmall',0.0400075),('glyphiconresizevertical',0.0428659),('glyphiconretweet',0.042266),('glyphiconroad',0.0377886),('glyphicons',0.0157943),('glyphiconsave',0.0496904),('glyphiconsaved',0.0499841),('glyphiconscreenshot',0.0384937),('glyphiconsdvideo',0.0526164),('glyphiconsearch',0.0377886),('glyphiconsend',0.0504242),('glyphiconshare',0.0377886),('glyphiconsharealt',0.0397053),('glyphiconshoppingcart',0.0424161),('glyphiconsignal',0.0377886),('glyphiconsort',0.0473318),('glyphiconsortbyalphabet',0.0474797),('glyphiconsortbyalphabetalt',0.0476275),('glyphiconsortbyattributes',0.0480706),('glyphiconsortbyattributesalt',0.0482182),('glyphiconsortbyorder',0.0477753),('glyphiconsortbyorderalt',0.047923),('glyphiconsound51',0.053344),('glyphiconsound61',0.0534893),('glyphiconsound71',0.0536346),('glyphiconsounddolby',0.0531986),('glyphiconsoundstereo',0.0530531),('glyphiconstar',0.0377886),('glyphiconstarempty',0.0377886),('glyphiconstats',0.0524706),('glyphiconstepbackward',0.0377886),('glyphiconstepforward',0.0377886),('glyphiconstop',0.0377886),('glyphiconsubtitles',0.0529076),('glyphicontag',0.0377886),('glyphicontags',0.0377886),('glyphicontasks',0.0455523),('glyphicontextheight',0.0377886),('glyphicontextwidth',0.0377886),('glyphiconth',0.0377886),('glyphiconthlarge',0.0377886),('glyphiconthlist',0.0377886),('glyphiconthumbsdown',0.043913),('glyphiconthumbsup',0.0437636),('glyphicontime',0.0377886),('glyphicontint',0.0377886),('glyphicontower',0.0523249),('glyphicontransfer',0.0514489),('glyphicontrash',0.0377886),('glyphicontreeconifer',0.0543601),('glyphicontreedeciduous',0.0545051),('glyphiconunchecked',0.0483657),('glyphiconupload',0.0377886),('glyphiconusd',0.0470359),('glyphiconuser',0.0377886),('glyphiconvolumedown',0.0377886),('glyphiconvolumeoff',0.0377886),('glyphiconvolumeup',0.0377886),('glyphiconwarningsign',0.0410633),('glyphiconwrench',0.0454036),('glyphiconzoomin',0.0377886),('glyphiconzoomout',0.0377886),('glyphs',0.30103),('good',0.0321847),('google',0.0139883),('googleplus',0.0382357),('googleplussquare',0.0381578),('googlewallet',0.0386178),('graduationcap',0.0483314),('graphic',0.00039327),('gratipay',0.0491398),('gravida',0.00895484),('great',0.000445398),('greatest',0.0662417),('green',0.0234811),('green1',0.0263289),('green2',0.0263289),('green3',0.0263289),('greengreennothing',0.0249373),('grey',0.0424014),('grey1',0.0431152),('grey2',0.0438273),('grey3',0.0444364),('grid',0.00503484),('group',0.000852479),('groups',0.30103),('growing',0.000803494),('guide',0.00467029),('guy',0.0177691),('habent',0.087824),('hackernews',0.0531984),('hacks',0.30103),('halflings',0.30103),('handgrabo',0.103568),('handlizardo',0.103693),('handodown',0.0354427),('handoleft',0.0352798),('handoright',0.0351981),('handoup',0.0353613),('handpapero',0.103819),('handpeaceo',0.103944),('handpointero',0.10407),('handrocko',0.104195),('handscissorso',0.10432),('handspocko',0.104445),('handstopo',0.104571),('happy',0.00193425),('harum',0.0347621),('has',0.0211893),('hassle',0.0236309),('have',0.00447123),('haven',0.118458),('hddo',0.0341342),('header',0.000898703),('heading',0.0024606),('headings',0.0157943),('headphones',0.0291016),('heads',0.124939),('heard',0.118458),('heart',0.0242126),('heartbeat',0.0392057),('hearto',0.0265327),('held',0.0123941),('help',0.0674328),('helper',0.09691),('helpline',0.0682797),('helvetica',0.0824687),('hendrerit',0.0212927),('here',0.176091),('high',0.0189816),('highest',0.0143757),('highlights',0.0263289),('highly',0.0011633),('hire',0.013364),('hiro',0.000809409),('historical',0.00467029),('history',0.0511048),('hitech',0.00413857),('holder',0.30103),('home',0.000468567),('homepages',0.00454763),('homo',0.210151),('hoodie',0.22389),('hospitalo',0.0408906),('hosting',0.000761649),('hotel',0.111139),('hourglass',0.104696),('hourglass1',0.104821),('hourglass2',0.104946),('hourglass3',0.105071),('hourglassend',0.105196),('hourglasshalf',0.105321),('hourglasso',0.105446),('hourglassstart',0.10557),('house',0.0520171),('houzz',0.105695),('hover',0.30103),('how',0.00105045),('howto',0.014658),('hsquare',0.0412573),('html',0.00137563),('html5',0.00494009),('http',0.00189633),('https',0.0110174),('huge',0.00257898),('iaculis',0.0439084),('icon',0.0848315),('iconactionredo',0.0377886),('iconactionundo',0.0377886),('iconanchor',0.0377886),('iconarrowdown',0.0377886),('iconarrowleft',0.0377886),('iconarrowright',0.0377886),('iconarrowup',0.0377886),('iconbadge',0.0377886),('iconbag',0.0377886),('iconban',0.0430156),('iconbarchart',0.0377886),('iconbasket',0.0377886),('iconbasketloaded',0.0377886),('iconbell',0.0377886),('iconbookopen',0.0377886),('iconbriefcase',0.0377886),('iconbubble',0.0431654),('iconbubbles',0.0377886),('iconbulb',0.0377886),('iconcalculator',0.0377886),('iconcalendar',0.0377886),('iconcallend',0.0377886),('iconcallin',0.0377886),('iconcallout',0.0377886),('iconcamcorder',0.043315),('iconcamera',0.0434646),('iconcheck',0.0436142),('iconchemistry',0.0377886),('iconclock',0.0437636),('iconclose',0.043913),('iconclouddownload',0.0440624),('iconcloudupload',0.0442117),('iconcompass',0.0377886),('iconcontrolend',0.0377886),('iconcontrolforward',0.0378863),('iconcontrolpause',0.0380383),('iconcontrolplay',0.0381901),('iconcontrolrewind',0.0383419),('iconcontrolstart',0.0384937),('iconcreditcard',0.0377886),('iconcrop',0.0377886),('iconcup',0.0377886),('iconcursor',0.0386454),('iconcursormove',0.0377886),('icondiamond',0.0377886),('icondirection',0.0377886),('icondirections',0.0377886),('icondisc',0.0377886),('icondislike',0.038797),('icondoc',0.0443609),('icondocs',0.0377886),('icondrawer',0.0377886),('icondrop',0.0377886),('iconearphones',0.0377886),('iconearphonesalt',0.0377886),('iconemoticonsmile',0.0377886),('iconenergy',0.0377886),('iconenvelope',0.04451),('iconenvelopeletter',0.0377886),('iconenvelopeopen',0.0377886),('iconequalizer',0.0389485),('iconeye',0.0446591),('iconeyeglasses',0.0377886),('iconfeed',0.0377886),('iconfilm',0.0377886),('iconfire',0.0377886),('iconflag',0.0448081),('iconfolder',0.0449571),('iconfolderalt',0.0377886),('iconframe',0.0377886),('icongamecontroller',0.0377886),('iconghost',0.0377886),('iconglobe',0.0377886),('iconglobealt',0.0377886),('icongraduation',0.0377886),('icongraph',0.0391),('icongrid',0.0392514),('iconhandbag',0.0377886),('iconheart',0.045106),('iconhome',0.0394028),('iconhourglass',0.0377886),('iconinfo',0.0452548),('iconkey',0.0454036),('iconlayers',0.0377886),('iconlike',0.0395541),('iconlink',0.0455523),('iconlist',0.0397053),('iconlock',0.0457009),('iconlockopen',0.0458495),('iconlogin',0.0398564),('iconlogout',0.0400075),('iconloop',0.0401585),('iconmagicwand',0.0377886),('iconmagnet',0.0377886),('iconmagnifier',0.045998),('iconmagnifieradd',0.0461465),('iconmagnifierremove',0.0462949),('iconmap',0.0377886),('iconmicrophone',0.0403095),('iconmouse',0.0377886),('iconmoustache',0.0377886),('iconmusictone',0.0404604),('iconmusictonealt',0.0406112),('iconnote',0.040762),('iconnotebook',0.0377886),('iconpaperclip',0.0464432),('iconpaperplane',0.0465915),('iconpencil',0.0409127),('iconpicture',0.0377886),('iconpiechart',0.0410633),('iconpin',0.0377886),('iconplane',0.0377886),('iconplaylist',0.0377886),('iconplus',0.0467397),('iconpointer',0.0468878),('iconpower',0.0470359),('iconpresent',0.0377886),('iconprinter',0.0377886),('iconpuzzle',0.0377886),('iconquestion',0.0412139),('iconrefresh',0.0471839),('iconreload',0.0473318),('iconrocket',0.0413644),('icons',0.00137048),('iconscreendesktop',0.0377886),('iconscreensmartphone',0.0377886),('iconscreentablet',0.0377886),('iconsettings',0.0474797),('iconshare',0.0415148),('iconsharealt',0.0416652),('iconshield',0.0377886),('iconshuffle',0.0418155),('iconsizeactual',0.0419657),('iconsizefullscreen',0.0421159),('iconsocialdribbble',0.0377886),('iconsocialdropbox',0.0377886),('iconsocialfacebook',0.0377886),('iconsocialtumblr',0.0377886),('iconsocialtwitter',0.0377886),('iconsocialyoutube',0.0377886),('iconspeech',0.0377886),('iconspeedometer',0.0377886),('iconstar',0.0476275),('iconsupport',0.042266),('iconsymbolfemale',0.0477753),('iconsymbolmale',0.047923),('icontag',0.0424161),('icontarget',0.0480706),('icontrash',0.0425661),('icontrophy',0.0377886),('iconumbrella',0.042716),('iconuser',0.0377886),('iconuserfemale',0.0377886),('iconuserfollow',0.0377886),('iconuserfollowing',0.0377886),('iconusers',0.0377886),('iconuserunfollow',0.0377886),('iconvector',0.0377886),('iconvolume1',0.0482182),('iconvolume2',0.0483657),('iconvolumeoff',0.0485131),('iconwallet',0.0377886),('iconwrench',0.0428659),('icursor',0.10582),('iis',0.0880872),('illegal',0.00499831),('illum',0.0131321),('ils',0.0543593),('imac',0.0354305),('image',0.00156264),('imperdiet',0.0365713),('important',0.00309108),('impossible',0.00211261),('improving',0.0017672),('inbox',0.0291183),('inc',0.00175839),('incididunt',0.00187419),('incidunt',0.0457575),('include',0.0236714),('includes',0.30103),('increased',0.015558),('incredible',0.0372074),('indent',0.0295902),('indicate',0.30103),('industry',0.105945),('info',0.00692974),('infocircle',0.0291183),('innovation',0.0669468),('innovations',0.0401585),('inquiry',0.0686941),('inr',0.0456463),('insitam',0.0879127),('instagram',0.0216362),('institution',0.111385),('integer',0.0219277),('interface',0.00591559),('international',0.0123455),('internetexplorer',0.106069),('introduction',0.00467029),('intuitive',0.00454763),('inventore',0.0457575),('ioxhost',0.0555404),('ipad',0.00662382),('iphone',0.00240454),('iphone6',0.0222983),('ipsa',0.0457575),('ipsum',0.000121595),('iriure',0.0855316),('irony',0.224175),('irure',0.0305523),('isotope',0.00796893),('issue',0.121769),('issues',0.0191213),('iste',0.0365186),('italic',0.0295902),('itaque',0.124939),('items',0.00370593),('iure',0.0115819),('iusto',0.0862582),('jack',0.00894239),('jacket',0.0975029),('jaket',0.00145981),('jan',0.0193052),('jane',0.0895166),('jango',0.000154273),('jango153false',0.176091),('jango9releaselocal',0.000947633),('jean',0.0807891),('jim',0.0882228),('john',0.000537134),('johndoe151false',0.195659),('johndoefalse',0.0161072),('join',0.0334908),('joomla',0.05112),('jpy',0.0457065),('jsfiddle',0.0528348),('just',0.00284784),('justo',0.00732417),('keep',0.00458337),('keffiyeh',0.0542725),('kenneth',0.30103),('key',0.032052),('keyboardo',0.0415128),('keytar',0.123308),('know',0.00440276),('krw',0.0458266),('kunis',0.00115405),('kyle',0.30103),('label',0.00454763),('labels',0.00954532),('labore',0.00183575),('laboris',0.0347621),('laborum',0.00998422),('lac',0.0511525),('lacinia',0.0367956),('language',0.0490876),('laning',0.000812383),('laoreet',0.000614353),('laptop',0.040469),('large',0.0184834),('last',0.0669468),('lastfm',0.0552507),('lastfmsquare',0.0552992),('latest',0.00096055),('launch',0.00109192),('launched',0.00452986),('layout',0.0157943),('layouts',0.000514757),('leaf',0.0301641),('leanpub',0.0559225),('learn',0.000554291),('learnmoreaboutjangoleft',0.104818),('learnmoreaboutjangowhiteleft',0.026142),('lebel',0.30103),('lebels',0.30103),('lectus',0.0118989),('left',0.00262414),('legal',0.111507),('legentis',0.088044),('leggings',0.119678),('lemono',0.0332985),('leo',0.124939),('let',0.00102207),('letterpress',0.121942),('level',0.0532467),('leveldown',0.0441251),('levelup',0.0440657),('liber',0.0869296),('libero',0.00756879),('library',0.0263289),('life',0.00314948),('lifebouy',0.11163),('lifebuoy',0.111752),('lifering',0.050736),('lifesaver',0.111875),('light',0.0157943),('lightbulbo',0.0386196),('ligula',0.176091),('line',0.0104654),('linechart',0.0378563),('link',0.00905604),('linked',0.0263289),('linkedin',0.0196372),('linkedinsquare',0.0336297),('links',0.176091),('linux',0.0487298),('lis',0.0574254),('list',0.00205569),('listalt',0.0295902),('listol',0.0371218),('lists',0.00998422),('liststyle',0.30103),('listul',0.0370443),('lob',0.0590872),('lobortis',0.00334989),('locationarrow',0.0420284),('locavore',0.0658917),('lock',0.0291598),('lofi',0.221567),('log',0.00146018),('logo',0.000846819),('loko',0.205952),('lomo',0.126831),('long',0.00337974),('longarrowdown',0.0477564),('longarrowleft',0.0478726),('longarrowright',0.0479306),('longarrowup',0.0478145),('look',0.0676233),('looking',0.0321847),('lookup',0.00484516),('loop',0.00369895),('lorem',0.000127631),('luctus',0.0118698),('luptatum',0.0865745),('luxury',0.0013593),('maecenas',0.0556839),('magic',0.0367442),('magna',0.000672437),('magnam',0.0347621),('magnet',0.0309851),('mailforward',0.111997),('mailreply',0.11212),('mailreplyall',0.112242),('main',0.00154427),('maiores',0.124939),('makes',0.013364),('male',0.0473103),('malesuada',0.0148791),('management',0.00168617),('manager',0.00912703),('map',0.00628421),('map151false',0.176091),('mapmarker',0.0291845),('mapo',0.106318),('mappin',0.106443),('mapsigns',0.106567),('mar',0.0263289),('marfa',0.119567),('market',0.0397053),('marketing',0.00615655),('marketplace',0.00454454),('marketplaces',0.0127854),('mars',0.0548253),('marsdouble',0.0550428),('marsstroke',0.0551293),('marsstrokeh',0.0552155),('marsstrokev',0.0551724),('marta',0.000812167),('massa',0.0584924),('massively',0.0370965),('master',0.198979),('matching',0.30103),('mauris',0.0101066),('maxcdn',0.0446141),('maximus',0.0584365),('mazim',0.0875056),('mcsweeney',0.117362),('mdo',0.30103),('meanpath',0.0556842),('media',0.00969778),('medical',0.0762691),('medium',0.00598553),('medkit',0.0410377),('meet',0.000541773),('mega',0.00796893),('meho',0.041501),('menu',0.00227977),('mercury',0.054869),('message',0.0321847),('messenger',0.222155),('metus',0.0218292),('microphone',0.0427736),('microphoneslash',0.042836),('microsoft',0.0377886),('minim',0.00153601),('minima',0.124939),('minus',0.0163629),('minuscircle',0.0291845),('minussquare',0.0330894),('minussquareo',0.0331232),('mission',0.0122345),('mixtape',0.219777),('mlkshk',0.121856),('mobile',0.000377345),('mobilephone',0.112364),('mockingbird',0.00087306),('modal',0.00382641),('modals',0.00975984),('modern',0.000914408),('modernpurchasedesign',0.108656),('modify',0.30103),('molestiae',0.0457575),('molestie',0.085818),('mollit',0.0308414),('mollitia',0.00877392),('mon',0.0104654),('money',0.00999547),('months',0.0254793),('moono',0.0474942),('morbi',0.30103),('more',0.000230146),('mortarboard',0.112487),('most',0.00129196),('moto',0.0100029),('moto360watch',0.0800835),('moto360watcheshttp',0.125635),('moto360watchhttp',0.125487),('motorcycle',0.0383241),('mousepointer',0.106692),('multimedia',0.00456374),('multiple',0.0105435),('multipurpose',0.001384),('music',0.00542795),('mustache',0.119269),('nam',0.0542525),('name',0.0238308),('names',0.00479062),('native',0.30103),('natus',0.0207922),('navicon',0.112609),('navigation',0.30103),('navigations',0.00998422),('nec',0.176091),('nechita',0.0252246),('need',0.00255848),('needs',0.124939),('nemo',0.00300895),('nesciunt',0.198979),('neuter',0.0552586),('never',0.00173505),('new',0.00152395),('newer',0.0193052),('news',0.0612079),('newsletter',0.0263289),('newspapero',0.0521406),('next',0.0329913),('niam',0.026947),('nib',0.00218898),('nibh',0.000457071),('nicholas',0.0791812),('nihil',0.00965343),('nilson',0.00894406),('nina',0.0011522),('nisi',0.0082363),('nisl',0.0022929),('nobis',0.0460536),('non',0.00700881),('none',0.30103),('nonummy',0.000375021),('nonummyx',0.111092),('nonumy',0.0511525),('nor',0.30103),('normal',0.09691),('nostrud',0.00270112),('nostrum',0.124939),('not',0.0160515),('note',0.0223029),('nothing',0.00228793),('nothingimpossiblejangohighlyflexiblealwaysgrowingc',0.0257017),('nothingimpossiblejangohighlyflexiblealwaysgrowingr',0.105809),('notices',0.00467029),('noummy',0.0122189),('now',0.000939506),('nulla',0.00213422),('nullam',0.176091),('numquam',0.0347621),('nunc',0.0101147),('objectgroup',0.106816),('objectungroup',0.10694),('occaecat',0.0347621),('odio',0.00800547),('odit',0.124939),('odnoklassniki',0.107064),('odnoklassnikisquare',0.107189),('off',0.0511525),('officia',0.00439569),('older',0.0193052),('omnis',0.0488072),('onepage',0.00133835),('online',0.0127439),('only',0.0045005),('open',0.00798935),('opencart',0.107313),('openid',0.0221213),('opera',0.107437),('operation',0.0126607),('optimize',0.00559841),('optimized',0.00126455),('optimzied',0.00203746),('optinmonster',0.107561),('optio',0.0457575),('option',0.00139875),('optional',0.30103),('options',0.0321847),('orange',0.0363055),('orci',0.0148791),('organic',0.121244),('ornare',0.0439084),('oswald',0.176091),('other',0.011101),('our',0.000235109),('out',0.126654),('outdent',0.0295902),('over',0.0335883),('owners',0.30103),('pack',0.00123833),('package',0.000841824),('page',0.00378997),('pagelines',0.049545),('pager',0.30103),('pages',0.00199543),('pagination',0.30103),('paginations',0.00729924),('paid',0.0374363),('paintbrush',0.0528722),('panel',0.00379299),('panels',0.00998422),('pants',0.00393029),('paperclip',0.0367325),('paperplane',0.0513423),('paperplaneo',0.0513898),('paragraph',0.052781),('parallax',0.00796893),('pariatur',0.0280287),('park',0.0887113),('partners',0.202091),('partter',0.226419),('party',0.12514),('password',0.00472323),('paste',0.118663),('paul',0.0252019),('pause',0.0296491),('paw',0.0495255),('payment',0.00227232),('paypal',0.0385927),('pbr',0.0648181),('pellentesque',0.0243913),('pencil',0.029209),('pencilsquare',0.0444149),('pencilsquareo',0.029209),('percentage',0.09691),('perfect',0.00591411),('perferendis',0.0457575),('permalink',0.00262414),('perspiciatis',0.012965),('pharetra',0.09691),('phase',0.00379299),('phil',0.000807909),('philly',0.00907742),('phone',0.0142436),('phonesquare',0.0337202),('photo',0.0791162),('photographs',0.0395054),('photography',0.00173911),('pictureo',0.0292172),('piechart',0.0379302),('piedpiper',0.0509546),('piedpiperalt',0.0510098),('pinterest',0.0193606),('pinterestp',0.0571334),('pinterestsquare',0.0380798),('pitchfork',0.0679532),('pixel',0.0202718),('placeat',0.0528949),('placerat',0.0875519),('plane',0.0248852),('planning',0.0177691),('play',0.0296491),('playcircle',0.0450013),('playcircleo',0.0296491),('player',0.0731242),('please',0.0659266),('plug',0.0519805),('plus',0.0242097),('pluscircle',0.0292172),('plussquare',0.0253282),('plussquareo',0.0354282),('popular',0.00102418),('porro',0.01524),('porta',0.0143862),('portfolio',0.00190455),('portland',0.22697),('porttitor',0.0135082),('possible',0.00115967),('possim',0.0876436),('post',0.0157982),('posts',0.00278835),('posuere',0.00774261),('poweroff',0.0292172),('praesent',0.0362536),('praesentium',0.0347621),('pragmatic',0.00143279),('preset',0.30103),('presets',0.30103),('pretium',0.0588753),('previous',0.0377886),('price',0.013364),('pricing',0.00427326),('primary',0.0234811),('print',0.0292172),('privately',0.0123698),('probably',0.118458),('product',0.00527772),('productivity',0.0155648),('products',0.0114647),('professional',0.0180447),('profile',0.0223598),('progress',0.00306923),('proident',0.0347621),('proin',0.0105822),('project',0.00461399),('projects',0.00707718),('promo',0.00415596),('promotion',0.0125788),('promotions',0.00895484),('protecting',0.00502601),('provide',0.0791812),('provident',0.0234811),('provides',0.09691),('providing',0.00113879),('pull',0.30103),('purchase',0.000165692),('purchased',0.0254637),('purchasedesign',0.109538),('purple',0.0337104),('purple1',0.0344437),('purple2',0.0351753),('purple3',0.0359053),('purus',0.0347621),('puzzlepiece',0.0427812),('qrcode',0.0292172),('quae',0.0457575),('quaerat',0.0347621),('quality',0.000995733),('quam',0.015446),('quantity',0.00223359),('quasi',0.124939),('query',0.30103),('question',0.00385224),('questioncircle',0.0292172),('questions',0.0350529),('qui',0.0154639),('quia',0.0457575),('quick',0.00116348),('quidem',0.124939),('quis',0.00253498),('quisquam',0.01524),('quod',0.0874591),('quoteleft',0.0409104),('quoteright',0.0409766),('quoting',0.30103),('radio',0.30103),('random',0.030876),('rates',0.00467029),('rather',0.00386042),('ratio',0.124939),('ratios',0.30103),('raw',0.118684),('read',0.00546808),('ready',0.00108002),('readymade',0.127022),('rebel',0.0529911),('receive',0.0685109),('recent',0.00190515),('recycle',0.0499517),('red',0.00846419),('red1',0.0263289),('red2',0.0234811),('red2red2learn',0.02579),('red3',0.0270343),('reddit',0.0221752),('redditsquare',0.0506773),('reel',0.0263289),('refresh',0.0239427),('register',0.00146018),('registered',0.107685),('regular',0.0126379),('reiciendis',0.124939),('rem',0.0669468),('remove',0.0982224),('renren',0.0494874),('reorder',0.112975),('repeat',0.0295977),('repellendus',0.0137883),('reply',0.0320723),('replyall',0.0420532),('reponsive',0.00284784),('report',0.12165),('reports',0.00168933),('reprehenderit',0.0305523),('repudiandae',0.0280287),('request',0.30103),('respective',0.30103),('response',0.00919613),('responsive',0.000399531),('results',0.0150754),('retina',0.020265),('retro',0.0629202),('return',0.30103),('retweet',0.0313279),('reviews',0.00101007),('rhoncus',0.0139249),('rhythm',0.00470896),('rich',0.00455898),('richardson',0.115998),('right',0.00207578),('risus',0.0107272),('rmb',0.116858),('road',0.011192),('robust',0.0373182),('rocket',0.0325016),('rotateleft',0.118783),('rotateright',0.118903),('rouble',0.116979),('rows',0.176091),('rss',0.0342358),('rsssquare',0.0439895),('rub',0.0458034),('ruble',0.1171),('rules',0.00507151),('rupee',0.11722),('safari',0.107809),('sagittis',0.0556839),('sale',0.0164359),('salvia',0.0532045),('sample',0.00303314),('samsung',0.0147504),('samsunggalaxys7http',0.179244),('samsungnote4http',0.178078),('sanchez',0.0791812),('sapiente',0.00483003),('sartorial',0.120639),('sass',0.000768696),('sat',0.124939),('satisfaction',0.0100053),('satisfied',0.00166014),('save',0.119023),('saved',0.0157943),('say',0.000967454),('scelerisque',0.0347621),('scenester',0.0877784),('schneider',0.30103),('school',0.0403095),('scissors',0.0366209),('screen',0.00186011),('screens',0.0397773),('search',0.012692),('searchminus',0.0292335),('searchplus',0.0292335),('second',0.00225608),('sed',0.000198185),('see',0.00103969),('seemple',0.0148291),('seemplemusicipad165false',0.193915),('seemplemusicipadfalse',0.0442052),('seitan',0.0848183),('sellsy',0.05597),('sem',0.0413927),('semicircle',0.0234811),('semper',0.176091),('send',0.103443),('sendo',0.113097),('server',0.00891336),('service',0.000945385),('services',0.00035981),('set',0.0579919),('setting',0.30103),('settings',0.0223598),('share',0.0173077),('sharealt',0.0379417),('sharealtsquare',0.0379671),('sharesquare',0.0446095),('sharesquareo',0.0292416),('shaw',0.0791812),('shekel',0.117341),('sheqel',0.117461),('shield',0.0430217),('ship',0.0383507),('shirtsinbulk',0.0560174),('shop',0.000614713),('shopping',0.0142404),('shoppingcart',0.0314235),('shortcodes',0.0157943),('shortly',0.0398444),('shorts',0.0807891),('should',0.00384817),('showcase',0.0157943),('showcasing',0.0394222),('showcasts',0.0263289),('sick',0.0177691),('sidebar',0.00320514),('sign',0.00150757),('sign155false',0.176091),('signal',0.0292416),('signin',0.0331093),('signout',0.032778),('signup',0.30103),('simple',0.30103),('simpleline',0.00998422),('simplybuilt',0.0560647),('sims',0.30103),('singleorigin',0.200387),('sint',0.0103331),('sit',0.000137761),('sitemap',0.0385502),('sites',0.000947675),('size',0.00126068),('sizes',0.00182114),('skateboard',0.223316),('sketches',0.0394734),('ski',0.0050624),('skibuddy163false',0.194794),('skibuddyfalse',0.0157835),('skyatlas',0.0561119),('skype',0.0488474),('slack',0.0501724),('slide',0.19211),('sliders',0.0517283),('slideshare',0.0540652),('slideshows',0.00454763),('slim',0.176091),('small',0.0045005),('smileo',0.0414859),('smith',0.024189),('snap',0.124939),('snow',0.0032424),('soccerballo',0.113219),('social',0.00835326),('sodales',0.0121925),('sold',0.126558),('solid',0.30103),('sollicitudin',0.0347621),('soluta',0.04604),('solutions',0.0143468),('some',0.0073039),('soon',0.0697001),('sort',0.0377718),('sortalphaasc',0.0455114),('sortalphadesc',0.0455694),('sortamountasc',0.0456273),('sortamountdesc',0.0456851),('sortasc',0.0379172),('sortdesc',0.0378446),('sortdown',0.113341),('sortnumericasc',0.0457626),('sortnumericdesc',0.0458202),('sortup',0.113463),('soundcloud',0.0224631),('source',0.30103),('spaceshuttle',0.0354142),('specializes',0.0124952),('spinner',0.0222385),('spoon',0.0497398),('spotify',0.0520419),('spport',0.012965),('square',0.0252442),('squareo',0.0268418),('squid',0.0634675),('stacked',0.30103),('stackexchange',0.0496025),('stackoverflow',0.0478349),('staff',0.000754639),('stand',0.0331945),('standard',0.0372281),('standards',0.00907192),('standart',0.0191132),('star',0.0292658),('starhalf',0.0326413),('starhalfempty',0.113585),('starhalffull',0.113707),('starhalfo',0.042218),('stark',0.001149),('staro',0.0292818),('starter',0.0375223),('startup',0.012537),('state',0.30103),('states',0.0511195),('static',0.0157943),('statisfied',0.00228265),('steam',0.0517194),('steamsquare',0.0517733),('step',0.00379299),('stepbackward',0.0296491),('stepforward',0.0296491),('stephanie',0.30103),('steps',0.0157943),('stethoscope',0.0403714),('stickynote',0.107933),('stickynoteo',0.108057),('stock',0.176091),('stop',0.0018839),('storage',0.0145465),('storm',0.000876478),('stream',0.0146025),('street',0.0575309),('streetview',0.0544461),('strikethrough',0.0372459),('striped',0.176091),('structure',0.00454763),('structured',0.00316124),('stumbleupon',0.0507885),('stumbleuponcircle',0.0507329),('stumptown',0.0640269),('stunning',0.0040763),('style',0.30103),('styling',0.0511525),('subject',0.0022918),('submitted',0.0157943),('submitting',0.0321847),('subscribe',0.0248236),('subscript',0.0435195),('subtitle',0.0157943),('subway',0.0556568),('success',0.0184834),('successfully',0.124939),('suit',0.0269586),('suitcase',0.0392577),('summer',0.00337974),('sun',0.0669468),('sunglasses',0.0045005),('suno',0.0476761),('sunt',0.0280287),('super',0.0248236),('superb',0.0148217),('superscript',0.0434539),('support',0.000154833),('suscipit',0.00224937),('suspendisse',0.0146261),('sustainable',0.123922),('sweat',0.001176),('sweater',0.0850784),('synth',0.0631461),('tab',0.0033514),('tabbed',0.0157943),('table',0.00682662),('tables',0.00436481),('tablet',0.040852),('tabs',0.00905961),('tachometer',0.038347),('tag',0.0292898),('tags',0.0268253),('take',0.000876478),('target',0.0068264),('tasks',0.00102965),('tatem',0.088258),('tation',0.00182048),('tattooed',0.124353),('taxi',0.0363495),('team',0.000560121),('teams',0.0791812),('teamwork',0.0125858),('tech',0.0170501),('technologies',0.0395541),('television',0.108181),('tem',0.0157943),('tempor',0.00176569),('tempora',0.124939),('tempore',0.124939),('tempus',0.0223897),('tencentweibo',0.0532501),('terminal',0.0420405),('terry',0.115998),('test',0.00200598),('testimonials',0.00736332),('text',0.00473313),('textarea',0.30103),('textheight',0.0296198),('textwidth',0.0296198),('than',0.00386042),('that',0.00680522),('the',0.000161331),('their',0.30103),('them',0.0134671),('theme',0.00158359),('themed',0.00125715),('themehats',0.0263289),('these',0.30103),('they',0.126461),('thick',0.176091),('things',0.124939),('think',0.30103),('third',0.00553249),('this',0.010592),('thlarge',0.0296198),('thlist',0.0296198),('thomas',0.00470475),('through',0.067718),('thu',0.00267259),('thumbsdown',0.0460145),('thumbsodown',0.0325873),('thumbsoup',0.0325032),('thumbsup',0.0459569),('thumbtack',0.0330053),('thundercats',0.228597),('ticidut',0.00168601),('ticket',0.0442392),('tiles',0.0157943),('times',0.0292898),('timescircle',0.0292898),('timescircleo',0.0292898),('tincid',0.00269095),('tincidunh',0.0654397),('tincidunt',0.00120382),('tinid',0.0122234),('tint',0.0292898),('tips',0.0147404),('titl',0.0263289),('title',0.000731752),('titles',0.124939),('todo',0.00272959),('tofu',0.118458),('toggledown',0.062203),('toggleleft',0.0622391),('toggleoff',0.0535084),('toggleon',0.0535535),('toggleright',0.0622752),('toggleup',0.0623112),('too',0.0115991),('tool',0.00485501),('top',0.00381319),('topoftheline',0.0791812),('tortor',0.0066619),('total',0.00230857),('totally',0.00454763),('touch',0.00459011),('track',0.0150599),('trademark',0.101314),('trademarked',0.00479535),('trademarks',0.30103),('train',0.0556145),('transgender',0.0549125),('transgenderalt',0.054956),('transportation',0.0700236),('trash',0.0531051),('trasho',0.0293217),('tree',0.0504096),('trello',0.0489646),('trending',0.0236007),('trends',0.00155677),('trigger',0.30103),('trip',0.0177691),('tripadvisor',0.108428),('trophy',0.033295),('truck',0.0259416),('trust',0.225865),('try',0.0028574),('trying',0.0177691),('tty',0.0522178),('tue',0.124939),('tumblr',0.0201521),('tumblrsquare',0.0482553),('turkishlira',0.117582),('turpis',0.0219277),('twee',0.207375),('twitch',0.0541155),('twitter',0.0177023),('twittersquare',0.0326624),('type',0.0701794),('types',0.00186017),('typi',0.0877343),('typography',0.00137954),('ullam',0.0457575),('ullamco',0.00522539),('ullamcorper',0.0105641),('ultra',0.00120323),('ultricies',0.012711),('umbrella',0.0387613),('unde',0.0364687),('underline',0.0373234),('undo',0.038766),('unique',0.000731685),('united',0.0578453),('university',0.0489128),('unlimited',0.000534076),('unlink',0.119143),('unlock',0.0341954),('unlockalt',0.0439439),('unsorted',0.114437),('unt',0.00269179),('upcoming',0.0396615),('update',0.0236635),('updates',0.00286922),('updating',0.0329966),('upload',0.0105219),('uploads',0.0873099),('urna',0.0194814),('usage',0.30103),('usd',0.0457132),('use',0.00234489),('used',0.0791812),('user',0.011798),('usermd',0.0402966),('username',0.0038099),('userplus',0.0553881),('users',0.00483753),('usersecret',0.0545242),('usertimes',0.0554306),('usus',0.0880004),('uxdesignconference2015',0.110411),('v10',0.0157943),('valar',0.00115134),('value',0.014902),('variants',0.176091),('varying',0.30103),('vegan',0.0832297),('vehicula',0.176091),('vel',0.00910987),('velit',0.00426468),('venenatis',0.0112546),('veniam',0.00148874),('venus',0.0547816),('venusdouble',0.0549994),('venusmars',0.0550861),('vero',0.0389046),('versa',0.30103),('version',0.000669691),('vestibulum',0.00971708),('vhs',0.123973),('viacoin',0.0574063),('vice',0.196714),('video',0.00648606),('videocamera',0.0293296),('videos',0.0362363),('view',0.00782534),('vimeo',0.0255216),('vimeocom',0.0152495),('vimeosquare',0.0499455),('vine',0.0527302),('vinyl',0.0866927),('viral',0.129084),('visit',0.00560388),('visiting',0.065791),('visual',0.00143252),('visually',0.0375398),('vitae',0.010759),('vivamus',0.0585481),('viverra',0.0347621),('volumedown',0.0293296),('volumeoff',0.0293296),('volumeup',0.0293296),('voluptas',0.0347621),('voluptate',0.00960429),('voluptatem',0.124939),('voluptatibus',0.124939),('volutpat',0.0018816),('votpat',0.00168624),('vulputate',0.00940199),('waefore',0.220078),('warm',0.0973271),('warning',0.0127337),('watch',0.0015781),('watches',0.00234323),('web',0.000206714),('webdesignright',0.106613),('webdesignwhiteright',0.0249321),('webfont',0.30103),('webmobiledevelopment',0.113076),('website',0.00653087),('wechat',0.122956),('wed',0.0669468),('weibo',0.0494487),('weixin',0.0533237),('well',0.124939),('were',0.30103),('wes',0.117273),('what',0.000600251),('whatever',0.224743),('whatsapp',0.0572045),('wheelchair',0.0284222),('when',0.0177691),('where',0.00467029),('whereto',0.0130931),('wheretoapp161false',0.196086),('which',0.00231063),('white',0.00601044),('whois',0.00483528),('why',0.00126086),('wide',0.00281098),('widget',0.00928253),('width',0.30103),('wifi',0.0525988),('wikipediaw',0.108676),('will',0.00914692),('williamsburg',0.118229),('windows',0.0486302),('winning',0.013364),('winter',0.0974153),('wishlist',0.00021455),('wisi',0.0030345),('with',0.000502906),('within',0.00284275),('without',0.00114435),('wolf',0.0900635),('won',0.117702),('wordpress',0.0503049),('work',0.30103),('works',0.00262116),('world',0.013812),('worry',0.0236266),('wow',0.011281),('wrapper',0.0510304),('wrench',0.0354917),('wwwyoutubecom',0.0379903),('xing',0.04761),('xingsquare',0.0476708),('yahoo',0.0221576),('ycombinator',0.108799),('year',0.0197161),('yellow',0.0277829),('yellow1',0.0285298),('yellow2',0.029275),('yellow3',0.0300185),('yelp',0.0541885),('yen',0.117822),('you',0.00548519),('your',0.000452581),('yourself',0.124939),('youtube',0.0042315),('youtubecom',0.30103),('youtubeplay',0.0354395),('youtubesquare',0.047488),('zzril',0.0866261);

--
-- Table structure for table `semaphore`
--

CREATE TABLE `semaphore` (
  `name` varchar(255) CHARACTER SET ascii NOT NULL DEFAULT '' COMMENT 'Primary Key: Unique name.',
  `value` varchar(255) CHARACTER SET ascii NOT NULL DEFAULT '' COMMENT 'A value for the semaphore.',
  `expire` double NOT NULL COMMENT 'A Unix timestamp with microseconds indicating when the semaphore should expire.',
  PRIMARY KEY (`name`),
  KEY `value` (`value`),
  KEY `expire` (`expire`)
) ENGINE=InnoDB DEFAULT CHARSET=utf8mb4 COMMENT='Table for holding semaphores, locks, flags, etc. that…';

--
-- Dumping data for table `semaphore`
--


--
-- Table structure for table `sequences`
--

CREATE TABLE `sequences` (
  `value` int(10) unsigned NOT NULL AUTO_INCREMENT COMMENT 'The value of the sequence.',
  PRIMARY KEY (`value`)
) ENGINE=InnoDB AUTO_INCREMENT=135 DEFAULT CHARSET=utf8mb4 COMMENT='Stores IDs.';

--
-- Dumping data for table `sequences`
--

INSERT INTO `sequences` VALUES (134);

--
-- Table structure for table `sessions`
--

CREATE TABLE `sessions` (
  `uid` int(10) unsigned NOT NULL COMMENT 'The users.uid corresponding to a session, or 0 for anonymous user.',
  `sid` varchar(128) CHARACTER SET ascii NOT NULL COMMENT 'A session ID (hashed). The value is generated by Drupal''s session handlers.',
  `hostname` varchar(128) CHARACTER SET ascii NOT NULL DEFAULT '' COMMENT 'The IP address that last used this session ID (sid).',
  `timestamp` int(11) NOT NULL DEFAULT '0' COMMENT 'The Unix timestamp when this session last requested a page. Old records are purged by PHP automatically.',
  `session` longblob COMMENT 'The serialized contents of $_SESSION, an array of name/value pairs that persists across page requests by this session ID. Drupal loads $_SESSION from here at the start of each request and saves it at the end.',
  PRIMARY KEY (`sid`),
  KEY `timestamp` (`timestamp`),
  KEY `uid` (`uid`)
) ENGINE=InnoDB DEFAULT CHARSET=utf8mb4 COMMENT='Drupal''s session handlers read and write into the sessions…';

--
-- Dumping data for table `sessions`
--

INSERT INTO `sessions` VALUES (1,'V3AQvm72-Q7vkQoBd74megdVyGPsCCObr7oPkvvAToo','172.27.0.3',1640034227,_binary '_sf2_attributes|a:2:{s:3:\"uid\";s:1:\"1\";s:20:\"authorize_page_title\";O:48:\"Drupal\\Core\\StringTranslation\\TranslatableMarkup\":3:{s:9:\"\0*\0string\";s:14:\"Update manager\";s:12:\"\0*\0arguments\";a:0:{}s:10:\"\0*\0options\";a:0:{}}}_sf2_meta|a:4:{s:1:\"u\";i:1640034228;s:1:\"c\";i:1640021282;s:1:\"l\";s:7:\"2000000\";s:1:\"s\";s:43:\"6Pa1LVMeLgL69DoDL2pDL_w30HmWkjyXEYlENL_Mcmk\";}pass_reset_1|s:74:\"-iKPA3Nkquw1BzXQZw_4GL-6meF_ieCJ2D0z0LNHhttb4IX2sAICXAYnnLYnSrN63eRWd8ix1g\";');

--
-- Table structure for table `shortcut`
--

CREATE TABLE `shortcut` (
  `id` int(10) unsigned NOT NULL AUTO_INCREMENT,
  `shortcut_set` varchar(32) CHARACTER SET ascii NOT NULL COMMENT 'The ID of the target entity.',
  `uuid` varchar(128) CHARACTER SET ascii NOT NULL,
  `langcode` varchar(12) CHARACTER SET ascii NOT NULL,
  PRIMARY KEY (`id`),
  UNIQUE KEY `shortcut_field__uuid__value` (`uuid`),
  KEY `shortcut_field__shortcut_set__target_id` (`shortcut_set`)
) ENGINE=InnoDB AUTO_INCREMENT=8 DEFAULT CHARSET=utf8mb4 COMMENT='The base table for shortcut entities.';

--
-- Dumping data for table `shortcut`
--

INSERT INTO `shortcut` VALUES (1,'default','c02587b7-699b-445a-99f7-b2252f58a539','en'),(2,'default','6872c703-be46-495e-983d-6c007af4c69c','en'),(4,'default','f285172e-19c6-4874-87fd-97e640f71e2c','en'),(7,'default','386b52b7-8cde-45e6-bb47-1e85186490f9','en');

--
-- Table structure for table `shortcut_field_data`
--

CREATE TABLE `shortcut_field_data` (
  `id` int(10) unsigned NOT NULL,
  `shortcut_set` varchar(32) CHARACTER SET ascii NOT NULL COMMENT 'The ID of the target entity.',
  `langcode` varchar(12) CHARACTER SET ascii NOT NULL,
  `title` varchar(255) DEFAULT NULL,
  `weight` int(11) DEFAULT NULL,
  `link__uri` varchar(2048) DEFAULT NULL COMMENT 'The URI of the link.',
  `link__title` varchar(255) DEFAULT NULL COMMENT 'The link text.',
  `link__options` longblob COMMENT 'Serialized array of options for the link.',
  `default_langcode` tinyint(4) NOT NULL,
  PRIMARY KEY (`id`,`langcode`),
  KEY `shortcut__id__default_langcode__langcode` (`id`,`default_langcode`,`langcode`),
  KEY `shortcut_field__shortcut_set__target_id` (`shortcut_set`),
  KEY `shortcut_field__link__uri` (`link__uri`(30))
) ENGINE=InnoDB DEFAULT CHARSET=utf8mb4 COMMENT='The data table for shortcut entities.';

--
-- Dumping data for table `shortcut_field_data`
--

INSERT INTO `shortcut_field_data` VALUES (1,'default','en','Add content',-20,'internal:/node/add',NULL,_binary 'a:0:{}',1),(2,'default','en','All content',-19,'internal:/admin/content',NULL,_binary 'a:0:{}',1),(4,'default','en','Create Basic page',NULL,'internal:/node/add/page',NULL,_binary 'a:0:{}',1),(7,'default','en','Files',NULL,'internal:/admin/content/files',NULL,_binary 'a:0:{}',1);

--
-- Table structure for table `shortcut_set_users`
--

CREATE TABLE `shortcut_set_users` (
  `uid` int(10) unsigned NOT NULL DEFAULT '0' COMMENT 'The users.uid for this set.',
  `set_name` varchar(32) CHARACTER SET ascii NOT NULL DEFAULT '' COMMENT 'The shortcut_set.set_name that will be displayed for this user.',
  PRIMARY KEY (`uid`),
  KEY `set_name` (`set_name`)
) ENGINE=InnoDB DEFAULT CHARSET=utf8mb4 COMMENT='Maps users to shortcut sets.';

--
-- Dumping data for table `shortcut_set_users`
--


--
-- Table structure for table `taxonomy_index`
--

CREATE TABLE `taxonomy_index` (
  `nid` int(10) unsigned NOT NULL DEFAULT '0' COMMENT 'The node.nid this record tracks.',
  `tid` int(10) unsigned NOT NULL DEFAULT '0' COMMENT 'The term ID.',
  `status` int(11) NOT NULL DEFAULT '1' COMMENT 'Boolean indicating whether the node is published (visible to non-administrators).',
  `sticky` tinyint(4) DEFAULT '0' COMMENT 'Boolean indicating whether the node is sticky.',
  `created` int(11) NOT NULL DEFAULT '0' COMMENT 'The Unix timestamp when the node was created.',
  PRIMARY KEY (`nid`,`tid`),
  KEY `term_node` (`tid`,`status`,`sticky`,`created`)
) ENGINE=InnoDB DEFAULT CHARSET=utf8mb4 COMMENT='Maintains denormalized information about node/term…';

--
-- Dumping data for table `taxonomy_index`
--

INSERT INTO `taxonomy_index` VALUES (2,22,1,0,1490879221),(3,22,1,0,1490879328),(4,22,1,0,1490879910),(5,22,1,0,1490879973),(6,22,1,0,1490880080),(6,23,1,0,1490880080),(2,25,1,0,1490879221),(5,25,1,0,1490879973),(1,26,1,0,1490878673),(1,27,1,0,1490878673),(2,27,1,0,1490879221),(6,27,1,0,1490880080),(7,28,1,0,1490881604),(10,28,1,0,1490882056),(11,28,1,0,1490882161),(16,28,1,0,1490882934),(8,29,1,0,1490881840),(10,29,1,0,1490882056),(11,29,1,0,1490882161),(14,29,1,0,1490882629),(15,29,1,0,1490882752),(16,29,1,0,1490882934),(18,29,1,0,1490883312),(8,30,1,0,1490881840),(9,30,1,0,1490881948),(10,30,1,0,1490882056),(11,30,1,0,1490882161),(14,30,1,0,1490882629),(15,30,1,0,1490882752),(18,30,1,0,1490883312),(9,31,1,0,1490881948),(12,31,1,0,1490882291),(13,31,1,0,1490882463),(17,31,1,0,1490883210),(12,32,1,0,1490882291),(13,32,1,0,1490882463),(17,32,1,0,1490883210),(18,32,1,0,1490883312),(1,34,1,0,1490878673);

--
-- Table structure for table `taxonomy_index_commerce_product`
--

CREATE TABLE `taxonomy_index_commerce_product` (
  `product_id` int(10) unsigned NOT NULL DEFAULT '0' COMMENT 'The commerce_product ID this record tracks.',
  `tid` int(10) unsigned NOT NULL DEFAULT '0' COMMENT 'The term ID.',
  `created` int(11) NOT NULL DEFAULT '0' COMMENT 'The Unix timestamp when the commerce_product was created.',
  PRIMARY KEY (`product_id`,`tid`),
  KEY `term_commerce_product` (`tid`,`created`)
) ENGINE=InnoDB DEFAULT CHARSET=utf8mb4 COMMENT='Maintains denormalized information about commerce_product…';

--
-- Dumping data for table `taxonomy_index_commerce_product`
--

INSERT INTO `taxonomy_index_commerce_product` VALUES (19,11,1490831150),(21,11,1490831304),(22,11,1490831378),(23,11,1490831451),(24,11,1490831534),(11,12,1490829753),(17,12,1490830968),(18,12,1490831075),(30,12,1490832292),(2,13,1490826106),(6,13,1490828233),(11,13,1490829753),(12,13,1490829844),(25,13,1490831611),(26,13,1490831795),(30,13,1490832292),(2,14,1490826106),(12,14,1490829844),(13,14,1490829939),(14,14,1490830020),(25,14,1490831611),(26,14,1490831795),(27,14,1490831962),(31,14,1490832410),(26,16,1490831795),(27,16,1490831962),(31,16,1490832410),(13,17,1490829939),(15,17,1490830152),(16,17,1490830255),(27,17,1490831962),(31,17,1490832410),(31,18,1490832410),(8,19,1490828431),(9,19,1490829560),(10,19,1490829657),(3,20,1490826397),(4,20,1490826583),(5,20,1490828129),(28,21,1490832108),(29,21,1490832198);

--
-- Table structure for table `taxonomy_term__field_image_client_logo`
--

CREATE TABLE `taxonomy_term__field_image_client_logo` (
  `bundle` varchar(128) CHARACTER SET ascii NOT NULL DEFAULT '' COMMENT 'The field instance bundle to which this row belongs, used when deleting a field instance',
  `deleted` tinyint(4) NOT NULL DEFAULT '0' COMMENT 'A boolean indicating whether this data item has been deleted',
  `entity_id` int(10) unsigned NOT NULL COMMENT 'The entity id this data is attached to',
  `revision_id` int(10) unsigned NOT NULL COMMENT 'The entity revision id this data is attached to',
  `langcode` varchar(32) CHARACTER SET ascii NOT NULL DEFAULT '' COMMENT 'The language code for this data item.',
  `delta` int(10) unsigned NOT NULL COMMENT 'The sequence number for this data item, used for multi-value fields',
  `field_image_client_logo_target_id` int(10) unsigned NOT NULL COMMENT 'The ID of the file entity.',
  `field_image_client_logo_alt` varchar(512) DEFAULT NULL COMMENT 'Alternative image text, for the image''s ''alt'' attribute.',
  `field_image_client_logo_title` varchar(1024) DEFAULT NULL COMMENT 'Image title text, for the image''s ''title'' attribute.',
  `field_image_client_logo_width` int(10) unsigned DEFAULT NULL COMMENT 'The width of the image in pixels.',
  `field_image_client_logo_height` int(10) unsigned DEFAULT NULL COMMENT 'The height of the image in pixels.',
  PRIMARY KEY (`entity_id`,`deleted`,`delta`,`langcode`),
  KEY `bundle` (`bundle`),
  KEY `revision_id` (`revision_id`),
  KEY `field_image_client_logo_target_id` (`field_image_client_logo_target_id`)
) ENGINE=InnoDB DEFAULT CHARSET=utf8mb4 COMMENT='Data storage for taxonomy_term field field_image_client…';

--
-- Dumping data for table `taxonomy_term__field_image_client_logo`
--

INSERT INTO `taxonomy_term__field_image_client_logo` VALUES ('happy_customers',0,6,6,'en',0,202,'','',400,150),('happy_customers',0,7,7,'en',0,203,'','',400,150),('happy_customers',0,8,8,'en',0,204,'','',400,150),('happy_customers',0,9,9,'en',0,205,'','',400,150),('happy_customers',0,10,10,'en',0,206,'','',400,150),('nd_clients',0,35,35,'en',0,180,'','',180,140),('nd_clients',0,36,36,'en',0,181,'','',180,140),('nd_clients',0,37,37,'en',0,182,'','',180,140),('nd_clients',0,38,38,'en',0,183,'','',180,140),('nd_clients',0,39,39,'en',0,184,'','',180,140),('nd_clients',0,40,40,'en',0,185,'','',180,140),('nd_clients',0,41,41,'en',0,187,'','',180,140),('nd_clients',0,42,42,'en',0,188,'','',180,140),('nd_clients',0,43,43,'en',0,189,'','',180,140);

--
-- Table structure for table `taxonomy_term__field_link`
--

CREATE TABLE `taxonomy_term__field_link` (
  `bundle` varchar(128) CHARACTER SET ascii NOT NULL DEFAULT '' COMMENT 'The field instance bundle to which this row belongs, used when deleting a field instance',
  `deleted` tinyint(4) NOT NULL DEFAULT '0' COMMENT 'A boolean indicating whether this data item has been deleted',
  `entity_id` int(10) unsigned NOT NULL COMMENT 'The entity id this data is attached to',
  `revision_id` int(10) unsigned NOT NULL COMMENT 'The entity revision id this data is attached to',
  `langcode` varchar(32) CHARACTER SET ascii NOT NULL DEFAULT '' COMMENT 'The language code for this data item.',
  `delta` int(10) unsigned NOT NULL COMMENT 'The sequence number for this data item, used for multi-value fields',
  `field_link_uri` varchar(2048) DEFAULT NULL COMMENT 'The URI of the link.',
  `field_link_title` varchar(255) DEFAULT NULL COMMENT 'The link text.',
  `field_link_options` longblob COMMENT 'Serialized array of options for the link.',
  PRIMARY KEY (`entity_id`,`deleted`,`delta`,`langcode`),
  KEY `bundle` (`bundle`),
  KEY `revision_id` (`revision_id`),
  KEY `field_link_uri` (`field_link_uri`(30))
) ENGINE=InnoDB DEFAULT CHARSET=utf8mb4 COMMENT='Data storage for taxonomy_term field field_link.';

--
-- Dumping data for table `taxonomy_term__field_link`
--

INSERT INTO `taxonomy_term__field_link` VALUES ('happy_customers',0,6,6,'en',0,'internal:#','',_binary 'a:0:{}'),('happy_customers',0,7,7,'en',0,'internal:#','',_binary 'a:0:{}'),('happy_customers',0,8,8,'en',0,'internal:#','',_binary 'a:0:{}'),('happy_customers',0,9,9,'en',0,'internal:#','',_binary 'a:0:{}'),('happy_customers',0,10,10,'en',0,'internal:#','',_binary 'a:0:{}'),('nd_clients',0,35,35,'en',0,'internal:/node/11','',_binary 'a:0:{}'),('nd_clients',0,36,36,'en',0,'internal:/#','',_binary 'a:0:{}'),('nd_clients',0,37,37,'en',0,'internal:#','',_binary 'a:0:{}'),('nd_clients',0,38,38,'en',0,'internal:#','',_binary 'a:0:{}'),('nd_clients',0,39,39,'en',0,'internal:#','',_binary 'a:0:{}'),('nd_clients',0,40,40,'en',0,'internal:#','',_binary 'a:0:{}'),('nd_clients',0,41,41,'en',0,'internal:#','',_binary 'a:0:{}'),('nd_clients',0,42,42,'en',0,'internal:#','',_binary 'a:0:{}'),('nd_clients',0,43,43,'en',0,'internal:#','',_binary 'a:0:{}');

--
-- Table structure for table `taxonomy_term__parent`
--

CREATE TABLE `taxonomy_term__parent` (
  `bundle` varchar(128) CHARACTER SET ascii NOT NULL DEFAULT '' COMMENT 'The field instance bundle to which this row belongs, used when deleting a field instance',
  `deleted` tinyint(4) NOT NULL DEFAULT '0' COMMENT 'A boolean indicating whether this data item has been deleted',
  `entity_id` int(10) unsigned NOT NULL COMMENT 'The entity id this data is attached to',
  `revision_id` int(10) unsigned NOT NULL COMMENT 'The entity revision id this data is attached to',
  `langcode` varchar(32) CHARACTER SET ascii NOT NULL DEFAULT '' COMMENT 'The language code for this data item.',
  `delta` int(10) unsigned NOT NULL COMMENT 'The sequence number for this data item, used for multi-value fields',
  `parent_target_id` int(10) unsigned NOT NULL COMMENT 'The ID of the target entity.',
  PRIMARY KEY (`entity_id`,`deleted`,`delta`,`langcode`),
  KEY `revision_id` (`revision_id`),
  KEY `parent_target_id` (`parent_target_id`),
  KEY `bundle_delta_target_id` (`bundle`,`delta`,`parent_target_id`)
) ENGINE=InnoDB DEFAULT CHARSET=utf8mb4 COMMENT='Data storage for taxonomy_term field parent.';

--
-- Dumping data for table `taxonomy_term__parent`
--

INSERT INTO `taxonomy_term__parent` VALUES ('happy_customers',0,6,6,'en',0,0),('happy_customers',0,7,7,'en',0,0),('happy_customers',0,8,8,'en',0,0),('happy_customers',0,9,9,'en',0,0),('happy_customers',0,10,10,'en',0,0),('product_category',0,11,11,'en',0,0),('product_category',0,12,12,'en',0,0),('product_category',0,13,13,'en',0,0),('product_category',0,14,14,'en',0,0),('product_category',0,15,15,'en',0,0),('product_category',0,16,16,'en',0,0),('product_category',0,17,17,'en',0,0),('product_category',0,18,18,'en',0,0),('product_category',0,19,19,'en',0,0),('product_category',0,20,20,'en',0,0),('product_category',0,21,21,'en',0,0),('tags',0,22,22,'en',0,0),('tags',0,23,23,'en',0,0),('tags',0,24,24,'en',0,0),('tags',0,25,25,'en',0,0),('tags',0,26,26,'en',0,0),('tags',0,27,27,'en',0,0),('taxonomy_categories',0,28,28,'en',0,0),('taxonomy_categories',0,29,29,'en',0,0),('taxonomy_categories',0,30,30,'en',0,0),('taxonomy_categories',0,31,31,'en',0,0),('taxonomy_categories',0,32,32,'en',0,0),('taxonomy_categories',0,33,33,'en',0,0),('blog_category',0,34,34,'en',0,0),('nd_clients',0,35,35,'en',0,0),('nd_clients',0,36,36,'en',0,0),('nd_clients',0,37,37,'en',0,0),('nd_clients',0,38,38,'en',0,0),('nd_clients',0,39,39,'en',0,0),('nd_clients',0,40,40,'en',0,0),('nd_clients',0,41,41,'en',0,0),('nd_clients',0,42,42,'en',0,0),('nd_clients',0,43,43,'en',0,0);

--
-- Table structure for table `taxonomy_term_data`
--

CREATE TABLE `taxonomy_term_data` (
  `tid` int(10) unsigned NOT NULL AUTO_INCREMENT,
  `revision_id` int(10) unsigned DEFAULT NULL,
  `vid` varchar(32) CHARACTER SET ascii NOT NULL COMMENT 'The ID of the target entity.',
  `uuid` varchar(128) CHARACTER SET ascii NOT NULL,
  `langcode` varchar(12) CHARACTER SET ascii NOT NULL,
  PRIMARY KEY (`tid`),
  UNIQUE KEY `taxonomy_term_field__uuid__value` (`uuid`),
  UNIQUE KEY `taxonomy_term__revision_id` (`revision_id`),
  KEY `taxonomy_term_field__vid__target_id` (`vid`)
) ENGINE=InnoDB AUTO_INCREMENT=44 DEFAULT CHARSET=utf8mb4 COMMENT='The base table for taxonomy_term entities.';

--
-- Dumping data for table `taxonomy_term_data`
--

INSERT INTO `taxonomy_term_data` VALUES (6,6,'happy_customers','3a53e035-98f9-442a-b679-873c6358796b','en'),(7,7,'happy_customers','cc028beb-bc20-4a74-bd2d-97458d93dc41','en'),(8,8,'happy_customers','8efb034b-5552-4e8e-af09-82c4196222a6','en'),(9,9,'happy_customers','6370d839-b551-43ad-b44f-f63c260af016','en'),(10,10,'happy_customers','3cdf51c6-dd97-4ee8-b3a8-f202be8ac6b1','en'),(11,11,'product_category','50f711da-7c64-4717-b749-32df0df7be6c','en'),(12,12,'product_category','cb96c371-ce7d-414c-b701-b0cb618668e4','en'),(13,13,'product_category','a2802469-419e-4999-989e-b696701e1d85','en'),(14,14,'product_category','f06aa724-eaa9-47b3-8a4d-0fba79af9c90','en'),(15,15,'product_category','d9dcac6a-c33a-4ee8-bb6d-980c5fe7ecb4','en'),(16,16,'product_category','a877576e-30af-4a1f-b702-cb1691da0feb','en'),(17,17,'product_category','be043bd8-9e0c-43d1-a68e-f0ad0c5374dd','en'),(18,18,'product_category','eb53ad89-1a3a-4c32-b22c-30849049aaae','en'),(19,19,'product_category','f4fe5365-4ea3-4a42-9117-16362a2fa677','en'),(20,20,'product_category','1de77a2c-b1c1-48e1-a7a1-1abc0bccd118','en'),(21,21,'product_category','f4df30e0-323c-41d2-bad4-f9f558992ed7','en'),(22,22,'tags','0ddd5945-a862-49da-8cda-fc7aefee653c','en'),(23,23,'tags','28cf19b9-3441-45e7-93b8-0042d82a1ad1','en'),(24,24,'tags','ad5c80dc-c4e2-480d-b06d-7131d905ee4c','en'),(25,25,'tags','a0bd27e6-925f-4800-8ccd-3216b9b05371','en'),(26,26,'tags','14b3eb84-405d-4d15-8dd3-9c323c4251be','en'),(27,27,'tags','0fcd9ad7-6267-4ed5-b236-a04f01aa4f5d','en'),(28,28,'taxonomy_categories','e3d0b585-3f94-4894-9165-978bff8f13a6','en'),(29,29,'taxonomy_categories','0035f529-723d-4b7b-b24d-2fa886207a7f','en'),(30,30,'taxonomy_categories','b79a915f-ff2f-4320-9b4c-7dcd0b0e0914','en'),(31,31,'taxonomy_categories','23bb44f8-f64a-4ea3-a99e-747caa27ab10','en'),(32,32,'taxonomy_categories','f549a439-689f-4013-86ee-226f0cd821b4','en'),(33,33,'taxonomy_categories','f60e769b-aa2d-4e62-a159-e80581d46f8d','en'),(34,34,'blog_category','44913bc8-7cc6-45e7-b8e2-7537f573d8ca','en'),(35,35,'nd_clients','36376a39-fb04-4fad-b783-59bda8268b84','en'),(36,36,'nd_clients','07ee37e3-bd9b-4b42-a65d-b2dbefabc2b4','en'),(37,37,'nd_clients','0dd3949b-c490-4ce9-ae81-dbbc8a409b43','en'),(38,38,'nd_clients','3d1e7956-02c6-44e3-b1c8-743ccaa626c2','en'),(39,39,'nd_clients','99a9e4fd-9089-4c6d-b422-ddc12d107843','en'),(40,40,'nd_clients','bb6ed342-b3f6-4241-8b41-e877ca817159','en'),(41,41,'nd_clients','3d9d2cb3-676c-4bb1-b8b5-45faf48f6357','en'),(42,42,'nd_clients','a6a3dffe-72ba-43d1-9d19-9e05b0c7c436','en'),(43,43,'nd_clients','264c6e0e-9e0c-48d1-88dc-af3e29e53fb8','en');

--
-- Table structure for table `taxonomy_term_field_data`
--

CREATE TABLE `taxonomy_term_field_data` (
  `tid` int(10) unsigned NOT NULL,
  `revision_id` int(10) unsigned NOT NULL,
  `vid` varchar(32) CHARACTER SET ascii NOT NULL COMMENT 'The ID of the target entity.',
  `langcode` varchar(12) CHARACTER SET ascii NOT NULL,
  `name` varchar(255) NOT NULL,
  `description__value` longtext,
  `description__format` varchar(255) CHARACTER SET ascii DEFAULT NULL,
  `weight` int(11) NOT NULL,
  `changed` int(11) DEFAULT NULL,
  `default_langcode` tinyint(4) NOT NULL,
  `status` tinyint(4) NOT NULL,
  `revision_translation_affected` tinyint(4) DEFAULT NULL,
  PRIMARY KEY (`tid`,`langcode`),
  KEY `taxonomy_term__id__default_langcode__langcode` (`tid`,`default_langcode`,`langcode`),
  KEY `taxonomy_term__revision_id` (`revision_id`),
  KEY `taxonomy_term_field__name` (`name`(191)),
  KEY `taxonomy_term__status_vid` (`status`,`vid`,`tid`),
  KEY `taxonomy_term__tree` (`vid`,`weight`,`name`(191)),
  KEY `taxonomy_term__vid_name` (`vid`,`name`(191))
) ENGINE=InnoDB DEFAULT CHARSET=utf8mb4 COMMENT='The data table for taxonomy_term entities.';

--
-- Dumping data for table `taxonomy_term_field_data`
--

INSERT INTO `taxonomy_term_field_data` VALUES (6,6,'happy_customers','en','Client 1',NULL,NULL,0,1499026054,1,1,1),(7,7,'happy_customers','en','Client 2',NULL,NULL,0,1499026093,1,1,1),(8,8,'happy_customers','en','Client 3',NULL,NULL,0,1499026131,1,1,1),(9,9,'happy_customers','en','Client 4',NULL,NULL,0,1499026176,1,1,1),(10,10,'happy_customers','en','Client 5',NULL,NULL,0,1499026220,1,1,1),(11,11,'product_category','en','Accessories',NULL,NULL,0,1490803914,1,1,1),(12,12,'product_category','en','Cameras',NULL,NULL,0,1490803922,1,1,1),(13,13,'product_category','en','Clothes',NULL,NULL,0,1490803932,1,1,1),(14,14,'product_category','en','Fashion',NULL,NULL,0,1490803938,1,1,1),(15,15,'product_category','en','Fashion List',NULL,NULL,0,1490803945,1,1,1),(16,16,'product_category','en','Jaket',NULL,NULL,0,1490803951,1,1,1),(17,17,'product_category','en','Luxury',NULL,NULL,0,1490803957,1,1,1),(18,18,'product_category','en','Pants',NULL,NULL,0,1490803963,1,1,1),(19,19,'product_category','en','Phone',NULL,NULL,0,1490803969,1,1,1),(20,20,'product_category','en','Watches',NULL,NULL,0,1490803975,1,1,1),(21,21,'product_category','en','Watches Wide',NULL,NULL,0,1490803981,1,1,1),(22,22,'tags','en','Commerce',NULL,NULL,0,1490804003,1,1,1),(23,23,'tags','en','Design',NULL,NULL,0,1490804009,1,1,1),(24,24,'tags','en','Events',NULL,NULL,0,1490804015,1,1,1),(25,25,'tags','en','Hi-Tech',NULL,NULL,0,1490804022,1,1,1),(26,26,'tags','en','Marketing',NULL,NULL,0,1490804028,1,1,1),(27,27,'tags','en','UX',NULL,NULL,0,1490804034,1,1,1),(28,28,'taxonomy_categories','en','Design',NULL,NULL,0,1490804056,1,1,1),(29,29,'taxonomy_categories','en','Fashion',NULL,NULL,0,1490804062,1,1,1),(30,30,'taxonomy_categories','en','Graphic',NULL,NULL,0,1490804069,1,1,1),(31,31,'taxonomy_categories','en','IT',NULL,NULL,0,1490804075,1,1,1),(32,32,'taxonomy_categories','en','Logo',NULL,NULL,0,1490804080,1,1,1),(33,33,'taxonomy_categories','en','Trends',NULL,NULL,0,1490804087,1,1,1),(34,34,'blog_category','en','Test blog term',NULL,NULL,0,1490878978,1,1,1),(35,35,'nd_clients','en','Client 1',NULL,NULL,0,1499011578,1,1,1),(36,36,'nd_clients','en','Client 2',NULL,NULL,0,1499011623,1,1,1),(37,37,'nd_clients','en','Client 3',NULL,NULL,0,1499011673,1,1,1),(38,38,'nd_clients','en','Client 4',NULL,NULL,0,1499011712,1,1,1),(39,39,'nd_clients','en','Client 5',NULL,NULL,0,1499011758,1,1,1),(40,40,'nd_clients','en','Client 6',NULL,NULL,0,1499011798,1,1,1),(41,41,'nd_clients','en','Client 7',NULL,NULL,0,1499011894,1,1,1),(42,42,'nd_clients','en','Client 8',NULL,NULL,0,1499011942,1,1,1),(43,43,'nd_clients','en','Client 9',NULL,NULL,0,1499011984,1,1,1);

--
-- Table structure for table `taxonomy_term_field_revision`
--

CREATE TABLE `taxonomy_term_field_revision` (
  `tid` int(10) unsigned NOT NULL,
  `revision_id` int(10) unsigned NOT NULL,
  `langcode` varchar(12) CHARACTER SET ascii NOT NULL,
  `name` varchar(255) DEFAULT NULL,
  `description__value` longtext,
  `description__format` varchar(255) CHARACTER SET ascii DEFAULT NULL,
  `changed` int(11) DEFAULT NULL,
  `default_langcode` tinyint(4) NOT NULL,
  `status` tinyint(4) NOT NULL,
  `revision_translation_affected` tinyint(4) DEFAULT NULL,
  PRIMARY KEY (`revision_id`,`langcode`),
  KEY `taxonomy_term__id__default_langcode__langcode` (`tid`,`default_langcode`,`langcode`),
  KEY `taxonomy_term_field__description__format` (`description__format`)
) ENGINE=InnoDB DEFAULT CHARSET=utf8mb4 COMMENT='The revision data table for taxonomy_term entities.';

--
-- Dumping data for table `taxonomy_term_field_revision`
--

INSERT INTO `taxonomy_term_field_revision` VALUES (6,6,'en','Client 1',NULL,NULL,1499026054,1,1,1),(7,7,'en','Client 2',NULL,NULL,1499026093,1,1,1),(8,8,'en','Client 3',NULL,NULL,1499026131,1,1,1),(9,9,'en','Client 4',NULL,NULL,1499026176,1,1,1),(10,10,'en','Client 5',NULL,NULL,1499026220,1,1,1),(11,11,'en','Accessories',NULL,NULL,1490803914,1,1,1),(12,12,'en','Cameras',NULL,NULL,1490803922,1,1,1),(13,13,'en','Clothes',NULL,NULL,1490803932,1,1,1),(14,14,'en','Fashion',NULL,NULL,1490803938,1,1,1),(15,15,'en','Fashion List',NULL,NULL,1490803945,1,1,1),(16,16,'en','Jaket',NULL,NULL,1490803951,1,1,1),(17,17,'en','Luxury',NULL,NULL,1490803957,1,1,1),(18,18,'en','Pants',NULL,NULL,1490803963,1,1,1),(19,19,'en','Phone',NULL,NULL,1490803969,1,1,1),(20,20,'en','Watches',NULL,NULL,1490803975,1,1,1),(21,21,'en','Watches Wide',NULL,NULL,1490803981,1,1,1),(22,22,'en','Commerce',NULL,NULL,1490804003,1,1,1),(23,23,'en','Design',NULL,NULL,1490804009,1,1,1),(24,24,'en','Events',NULL,NULL,1490804015,1,1,1),(25,25,'en','Hi-Tech',NULL,NULL,1490804022,1,1,1),(26,26,'en','Marketing',NULL,NULL,1490804028,1,1,1),(27,27,'en','UX',NULL,NULL,1490804034,1,1,1),(28,28,'en','Design',NULL,NULL,1490804056,1,1,1),(29,29,'en','Fashion',NULL,NULL,1490804062,1,1,1),(30,30,'en','Graphic',NULL,NULL,1490804069,1,1,1),(31,31,'en','IT',NULL,NULL,1490804075,1,1,1),(32,32,'en','Logo',NULL,NULL,1490804080,1,1,1),(33,33,'en','Trends',NULL,NULL,1490804087,1,1,1),(34,34,'en','Test blog term',NULL,NULL,1490878978,1,1,1),(35,35,'en','Client 1',NULL,NULL,1499011578,1,1,1),(36,36,'en','Client 2',NULL,NULL,1499011623,1,1,1),(37,37,'en','Client 3',NULL,NULL,1499011673,1,1,1),(38,38,'en','Client 4',NULL,NULL,1499011712,1,1,1),(39,39,'en','Client 5',NULL,NULL,1499011758,1,1,1),(40,40,'en','Client 6',NULL,NULL,1499011798,1,1,1),(41,41,'en','Client 7',NULL,NULL,1499011894,1,1,1),(42,42,'en','Client 8',NULL,NULL,1499011942,1,1,1),(43,43,'en','Client 9',NULL,NULL,1499011984,1,1,1);

--
-- Table structure for table `taxonomy_term_revision`
--

CREATE TABLE `taxonomy_term_revision` (
  `tid` int(10) unsigned NOT NULL,
  `revision_id` int(10) unsigned NOT NULL AUTO_INCREMENT,
  `langcode` varchar(12) CHARACTER SET ascii NOT NULL,
  `revision_default` tinyint(4) DEFAULT NULL,
  `revision_user` int(10) unsigned DEFAULT NULL COMMENT 'The ID of the target entity.',
  `revision_created` int(11) DEFAULT NULL,
  `revision_log_message` longtext,
  PRIMARY KEY (`revision_id`),
  KEY `taxonomy_term__tid` (`tid`),
  KEY `taxonomy_term_field__revision_user__target_id` (`revision_user`)
) ENGINE=InnoDB AUTO_INCREMENT=44 DEFAULT CHARSET=utf8mb4 COMMENT='The revision table for taxonomy_term entities.';

--
-- Dumping data for table `taxonomy_term_revision`
--

INSERT INTO `taxonomy_term_revision` VALUES (6,6,'en',1,NULL,NULL,NULL),(7,7,'en',1,NULL,NULL,NULL),(8,8,'en',1,NULL,NULL,NULL),(9,9,'en',1,NULL,NULL,NULL),(10,10,'en',1,NULL,NULL,NULL),(11,11,'en',1,NULL,NULL,NULL),(12,12,'en',1,NULL,NULL,NULL),(13,13,'en',1,NULL,NULL,NULL),(14,14,'en',1,NULL,NULL,NULL),(15,15,'en',1,NULL,NULL,NULL),(16,16,'en',1,NULL,NULL,NULL),(17,17,'en',1,NULL,NULL,NULL),(18,18,'en',1,NULL,NULL,NULL),(19,19,'en',1,NULL,NULL,NULL),(20,20,'en',1,NULL,NULL,NULL),(21,21,'en',1,NULL,NULL,NULL),(22,22,'en',1,NULL,NULL,NULL),(23,23,'en',1,NULL,NULL,NULL),(24,24,'en',1,NULL,NULL,NULL),(25,25,'en',1,NULL,NULL,NULL),(26,26,'en',1,NULL,NULL,NULL),(27,27,'en',1,NULL,NULL,NULL),(28,28,'en',1,NULL,NULL,NULL),(29,29,'en',1,NULL,NULL,NULL),(30,30,'en',1,NULL,NULL,NULL),(31,31,'en',1,NULL,NULL,NULL),(32,32,'en',1,NULL,NULL,NULL),(33,33,'en',1,NULL,NULL,NULL),(34,34,'en',1,NULL,NULL,NULL),(35,35,'en',1,NULL,NULL,NULL),(36,36,'en',1,NULL,NULL,NULL),(37,37,'en',1,NULL,NULL,NULL),(38,38,'en',1,NULL,NULL,NULL),(39,39,'en',1,NULL,NULL,NULL),(40,40,'en',1,NULL,NULL,NULL),(41,41,'en',1,NULL,NULL,NULL),(42,42,'en',1,NULL,NULL,NULL),(43,43,'en',1,NULL,NULL,NULL);

--
-- Table structure for table `taxonomy_term_revision__field_image_client_logo`
--

CREATE TABLE `taxonomy_term_revision__field_image_client_logo` (
  `bundle` varchar(128) CHARACTER SET ascii NOT NULL DEFAULT '' COMMENT 'The field instance bundle to which this row belongs, used when deleting a field instance',
  `deleted` tinyint(4) NOT NULL DEFAULT '0' COMMENT 'A boolean indicating whether this data item has been deleted',
  `entity_id` int(10) unsigned NOT NULL COMMENT 'The entity id this data is attached to',
  `revision_id` int(10) unsigned NOT NULL COMMENT 'The entity revision id this data is attached to',
  `langcode` varchar(32) CHARACTER SET ascii NOT NULL DEFAULT '' COMMENT 'The language code for this data item.',
  `delta` int(10) unsigned NOT NULL COMMENT 'The sequence number for this data item, used for multi-value fields',
  `field_image_client_logo_target_id` int(10) unsigned NOT NULL COMMENT 'The ID of the file entity.',
  `field_image_client_logo_alt` varchar(512) DEFAULT NULL COMMENT 'Alternative image text, for the image''s ''alt'' attribute.',
  `field_image_client_logo_title` varchar(1024) DEFAULT NULL COMMENT 'Image title text, for the image''s ''title'' attribute.',
  `field_image_client_logo_width` int(10) unsigned DEFAULT NULL COMMENT 'The width of the image in pixels.',
  `field_image_client_logo_height` int(10) unsigned DEFAULT NULL COMMENT 'The height of the image in pixels.',
  PRIMARY KEY (`entity_id`,`revision_id`,`deleted`,`delta`,`langcode`),
  KEY `bundle` (`bundle`),
  KEY `revision_id` (`revision_id`),
  KEY `field_image_client_logo_target_id` (`field_image_client_logo_target_id`)
) ENGINE=InnoDB DEFAULT CHARSET=utf8mb4 COMMENT='Revision archive storage for taxonomy_term field field…';

--
-- Dumping data for table `taxonomy_term_revision__field_image_client_logo`
--

INSERT INTO `taxonomy_term_revision__field_image_client_logo` VALUES ('happy_customers',0,6,6,'en',0,202,'','',400,150),('happy_customers',0,7,7,'en',0,203,'','',400,150),('happy_customers',0,8,8,'en',0,204,'','',400,150),('happy_customers',0,9,9,'en',0,205,'','',400,150),('happy_customers',0,10,10,'en',0,206,'','',400,150),('nd_clients',0,35,35,'en',0,180,'','',180,140),('nd_clients',0,36,36,'en',0,181,'','',180,140),('nd_clients',0,37,37,'en',0,182,'','',180,140),('nd_clients',0,38,38,'en',0,183,'','',180,140),('nd_clients',0,39,39,'en',0,184,'','',180,140),('nd_clients',0,40,40,'en',0,185,'','',180,140),('nd_clients',0,41,41,'en',0,187,'','',180,140),('nd_clients',0,42,42,'en',0,188,'','',180,140),('nd_clients',0,43,43,'en',0,189,'','',180,140);

--
-- Table structure for table `taxonomy_term_revision__field_link`
--

CREATE TABLE `taxonomy_term_revision__field_link` (
  `bundle` varchar(128) CHARACTER SET ascii NOT NULL DEFAULT '' COMMENT 'The field instance bundle to which this row belongs, used when deleting a field instance',
  `deleted` tinyint(4) NOT NULL DEFAULT '0' COMMENT 'A boolean indicating whether this data item has been deleted',
  `entity_id` int(10) unsigned NOT NULL COMMENT 'The entity id this data is attached to',
  `revision_id` int(10) unsigned NOT NULL COMMENT 'The entity revision id this data is attached to',
  `langcode` varchar(32) CHARACTER SET ascii NOT NULL DEFAULT '' COMMENT 'The language code for this data item.',
  `delta` int(10) unsigned NOT NULL COMMENT 'The sequence number for this data item, used for multi-value fields',
  `field_link_uri` varchar(2048) DEFAULT NULL COMMENT 'The URI of the link.',
  `field_link_title` varchar(255) DEFAULT NULL COMMENT 'The link text.',
  `field_link_options` longblob COMMENT 'Serialized array of options for the link.',
  PRIMARY KEY (`entity_id`,`revision_id`,`deleted`,`delta`,`langcode`),
  KEY `bundle` (`bundle`),
  KEY `revision_id` (`revision_id`),
  KEY `field_link_uri` (`field_link_uri`(30))
) ENGINE=InnoDB DEFAULT CHARSET=utf8mb4 COMMENT='Revision archive storage for taxonomy_term field field_link.';

--
-- Dumping data for table `taxonomy_term_revision__field_link`
--

INSERT INTO `taxonomy_term_revision__field_link` VALUES ('happy_customers',0,6,6,'en',0,'internal:#','',_binary 'a:0:{}'),('happy_customers',0,7,7,'en',0,'internal:#','',_binary 'a:0:{}'),('happy_customers',0,8,8,'en',0,'internal:#','',_binary 'a:0:{}'),('happy_customers',0,9,9,'en',0,'internal:#','',_binary 'a:0:{}'),('happy_customers',0,10,10,'en',0,'internal:#','',_binary 'a:0:{}'),('nd_clients',0,35,35,'en',0,'internal:/node/11','',_binary 'a:0:{}'),('nd_clients',0,36,36,'en',0,'internal:/#','',_binary 'a:0:{}'),('nd_clients',0,37,37,'en',0,'internal:#','',_binary 'a:0:{}'),('nd_clients',0,38,38,'en',0,'internal:#','',_binary 'a:0:{}'),('nd_clients',0,39,39,'en',0,'internal:#','',_binary 'a:0:{}'),('nd_clients',0,40,40,'en',0,'internal:#','',_binary 'a:0:{}'),('nd_clients',0,41,41,'en',0,'internal:#','',_binary 'a:0:{}'),('nd_clients',0,42,42,'en',0,'internal:#','',_binary 'a:0:{}'),('nd_clients',0,43,43,'en',0,'internal:#','',_binary 'a:0:{}');

--
-- Table structure for table `taxonomy_term_revision__parent`
--

CREATE TABLE `taxonomy_term_revision__parent` (
  `bundle` varchar(128) CHARACTER SET ascii NOT NULL DEFAULT '' COMMENT 'The field instance bundle to which this row belongs, used when deleting a field instance',
  `deleted` tinyint(4) NOT NULL DEFAULT '0' COMMENT 'A boolean indicating whether this data item has been deleted',
  `entity_id` int(10) unsigned NOT NULL COMMENT 'The entity id this data is attached to',
  `revision_id` int(10) unsigned NOT NULL COMMENT 'The entity revision id this data is attached to',
  `langcode` varchar(32) CHARACTER SET ascii NOT NULL DEFAULT '' COMMENT 'The language code for this data item.',
  `delta` int(10) unsigned NOT NULL COMMENT 'The sequence number for this data item, used for multi-value fields',
  `parent_target_id` int(10) unsigned NOT NULL COMMENT 'The ID of the target entity.',
  PRIMARY KEY (`entity_id`,`revision_id`,`deleted`,`delta`,`langcode`),
  KEY `bundle` (`bundle`),
  KEY `revision_id` (`revision_id`),
  KEY `parent_target_id` (`parent_target_id`)
) ENGINE=InnoDB DEFAULT CHARSET=utf8mb4 COMMENT='Revision archive storage for taxonomy_term field parent.';

--
-- Dumping data for table `taxonomy_term_revision__parent`
--

INSERT INTO `taxonomy_term_revision__parent` VALUES ('happy_customers',0,6,6,'en',0,0),('happy_customers',0,7,7,'en',0,0),('happy_customers',0,8,8,'en',0,0),('happy_customers',0,9,9,'en',0,0),('happy_customers',0,10,10,'en',0,0),('product_category',0,11,11,'en',0,0),('product_category',0,12,12,'en',0,0),('product_category',0,13,13,'en',0,0),('product_category',0,14,14,'en',0,0),('product_category',0,15,15,'en',0,0),('product_category',0,16,16,'en',0,0),('product_category',0,17,17,'en',0,0),('product_category',0,18,18,'en',0,0),('product_category',0,19,19,'en',0,0),('product_category',0,20,20,'en',0,0),('product_category',0,21,21,'en',0,0),('tags',0,22,22,'en',0,0),('tags',0,23,23,'en',0,0),('tags',0,24,24,'en',0,0),('tags',0,25,25,'en',0,0),('tags',0,26,26,'en',0,0),('tags',0,27,27,'en',0,0),('taxonomy_categories',0,28,28,'en',0,0),('taxonomy_categories',0,29,29,'en',0,0),('taxonomy_categories',0,30,30,'en',0,0),('taxonomy_categories',0,31,31,'en',0,0),('taxonomy_categories',0,32,32,'en',0,0),('taxonomy_categories',0,33,33,'en',0,0),('blog_category',0,34,34,'en',0,0),('nd_clients',0,35,35,'en',0,0),('nd_clients',0,36,36,'en',0,0),('nd_clients',0,37,37,'en',0,0),('nd_clients',0,38,38,'en',0,0),('nd_clients',0,39,39,'en',0,0),('nd_clients',0,40,40,'en',0,0),('nd_clients',0,41,41,'en',0,0),('nd_clients',0,42,42,'en',0,0),('nd_clients',0,43,43,'en',0,0);

--
-- Table structure for table `tb_megamenus`
--

CREATE TABLE `tb_megamenus` (
  `menu_name` varchar(150) NOT NULL,
  `theme` varchar(100) NOT NULL,
  `block_config` text,
  `menu_config` text,
  PRIMARY KEY (`menu_name`,`theme`)
) ENGINE=InnoDB DEFAULT CHARSET=utf8mb4;

--
-- Dumping data for table `tb_megamenus`
--

INSERT INTO `tb_megamenus` VALUES ('main','jango_sub','{\"animation\":\"none\",\"duration\":\"400\",\"delay\":\"200\",\"style\":\"\",\"auto-arrow\":\"1\",\"always-show-submenu\":\"1\",\"number-columns\":\"26\"}','{\"standard.front_page\":{\"rows_content\":[[{\"col_content\":[{\"plugin_id\":\"menu_link_content:23d14811-8d48-4ccb-9c03-48cfebad21c5\",\"type\":\"menu_item\",\"weight\":\"-1\"},{\"plugin_id\":\"menu_link_content:871578ec-e0e6-477e-a196-48252004d455\",\"type\":\"menu_item\",\"weight\":\"0\"},{\"plugin_id\":\"menu_link_content:fd3f339a-61f8-4290-a07d-df6b6a67e658\",\"type\":\"menu_item\",\"weight\":\"1\"},{\"plugin_id\":\"menu_link_content:8268f69a-c79d-4b17-8542-ef72a22c4104\",\"type\":\"menu_item\",\"weight\":\"10\"},{\"plugin_id\":\"menu_link_content:6f81c682-60cd-4385-8b7e-7985d2e25ca0\",\"type\":\"menu_item\",\"weight\":\"11\"},{\"plugin_id\":\"menu_link_content:95db5da2-2a7b-4e70-9f47-6af4aec6ce93\",\"type\":\"menu_item\",\"weight\":\"12\"}],\"col_config\":{\"width\":\"3\",\"class\":\"\",\"hidewcol\":\"0\",\"showblocktitle\":\"1\"}},{\"col_content\":[{\"plugin_id\":\"menu_link_content:4b61d7cc-f857-40ce-91b3-254f2c74388d\",\"type\":\"menu_item\",\"weight\":\"13\"},{\"plugin_id\":\"menu_link_content:5668f82c-1d20-45e1-a233-30862d6dd36e\",\"type\":\"menu_item\",\"weight\":\"14\"},{\"plugin_id\":\"menu_link_content:4f9c2a28-e02c-49dc-92a2-289646b2718b\",\"type\":\"menu_item\",\"weight\":\"15\"},{\"plugin_id\":\"menu_link_content:3df88062-0aed-4c63-b123-6dcdba48a943\",\"type\":\"menu_item\",\"weight\":\"16\"},{\"plugin_id\":\"menu_link_content:f319e188-0856-4600-91ff-6a195d49e171\",\"type\":\"menu_item\",\"weight\":\"17\"},{\"plugin_id\":\"menu_link_content:44445cdb-13d0-40c4-9382-d2f03be3dda3\",\"type\":\"menu_item\",\"weight\":\"18\"}],\"col_config\":{\"width\":\"3\",\"class\":\"\",\"hidewcol\":\"\",\"showblocktitle\":\"1\"}},{\"col_content\":[{\"plugin_id\":\"menu_link_content:a7b34ccb-37d3-4b95-9cb0-21222825974a\",\"type\":\"menu_item\",\"weight\":\"19\"},{\"plugin_id\":\"menu_link_content:6bc2d228-f273-41f0-a47a-a2ae7da8d58d\",\"type\":\"menu_item\",\"weight\":\"2\"},{\"plugin_id\":\"menu_link_content:4a9dad74-a4b0-48bf-a2e0-893d67753bfc\",\"type\":\"menu_item\",\"weight\":\"20\"},{\"plugin_id\":\"menu_link_content:380c280c-19ae-40c8-b524-85d2a142285a\",\"type\":\"menu_item\",\"weight\":\"21\"},{\"plugin_id\":\"menu_link_content:670cbf04-8072-4631-a0ee-33e53be9c920\",\"type\":\"menu_item\",\"weight\":\"22\"},{\"plugin_id\":\"menu_link_content:73515c87-a94d-4112-8aed-04f8688cdd90\",\"type\":\"menu_item\",\"weight\":\"3\"}],\"col_config\":{\"width\":\"3\",\"class\":\"\",\"hidewcol\":\"\",\"showblocktitle\":\"1\"}},{\"col_content\":[{\"plugin_id\":\"menu_link_content:4e1f77c6-83dd-48d2-802b-ee17775ee1e5\",\"type\":\"menu_item\",\"weight\":\"4\"},{\"plugin_id\":\"menu_link_content:096e865f-0ae5-46da-be7c-3cefdef5d5aa\",\"type\":\"menu_item\",\"weight\":\"5\"},{\"plugin_id\":\"menu_link_content:93ad613b-004f-4325-bff2-da128406bccd\",\"type\":\"menu_item\",\"weight\":\"6\"},{\"plugin_id\":\"menu_link_content:13f4445e-248a-4cac-b70f-d73b67b330cf\",\"type\":\"menu_item\",\"weight\":\"7\"},{\"plugin_id\":\"menu_link_content:ad473aee-e112-475d-b894-3c20dc1a1c50\",\"type\":\"menu_item\",\"weight\":\"8\"},{\"plugin_id\":\"menu_link_content:3f3852e1-45d2-49a6-a443-a00e56a9e059\",\"type\":\"menu_item\",\"weight\":\"9\"}],\"col_config\":{\"width\":\"3\",\"class\":\"\",\"hidewcol\":\"\",\"showblocktitle\":\"1\"}}]],\"submenu_config\":{\"width\":\"1000\",\"class\":\"\",\"group\":\"0\"},\"item_config\":{\"class\":\"\",\"xicon\":\"\",\"caption\":\"\",\"alignsub\":\"\",\"group\":\"0\",\"hidewcol\":\"0\",\"hidesub\":\"0\"}},\"menu_link_content:23d14811-8d48-4ccb-9c03-48cfebad21c5\":{\"submenu_config\":{\"width\":\"\",\"class\":\"\",\"group\":\"0\"},\"item_config\":{\"class\":\"\",\"xicon\":\"\",\"caption\":\"\",\"alignsub\":\"\",\"group\":\"0\",\"hidewcol\":\"0\",\"hidesub\":\"0\"},\"rows_content\":[]},\"menu_link_content:871578ec-e0e6-477e-a196-48252004d455\":{\"submenu_config\":{\"width\":\"\",\"class\":\"\",\"group\":\"0\"},\"item_config\":{\"class\":\"\",\"xicon\":\"\",\"caption\":\"\",\"alignsub\":\"\",\"group\":\"0\",\"hidewcol\":\"0\",\"hidesub\":\"0\"},\"rows_content\":[]},\"menu_link_content:fd3f339a-61f8-4290-a07d-df6b6a67e658\":{\"submenu_config\":{\"width\":\"\",\"class\":\"\",\"group\":\"0\"},\"item_config\":{\"class\":\"\",\"xicon\":\"\",\"caption\":\"\",\"alignsub\":\"\",\"group\":\"0\",\"hidewcol\":\"0\",\"hidesub\":\"0\"},\"rows_content\":[]},\"menu_link_content:8268f69a-c79d-4b17-8542-ef72a22c4104\":{\"submenu_config\":{\"width\":\"\",\"class\":\"\",\"group\":\"0\"},\"item_config\":{\"class\":\"\",\"xicon\":\"\",\"caption\":\"\",\"alignsub\":\"\",\"group\":\"0\",\"hidewcol\":\"0\",\"hidesub\":\"0\"},\"rows_content\":[]},\"menu_link_content:6f81c682-60cd-4385-8b7e-7985d2e25ca0\":{\"submenu_config\":{\"width\":\"\",\"class\":\"\",\"group\":\"0\"},\"item_config\":{\"class\":\"\",\"xicon\":\"\",\"caption\":\"\",\"alignsub\":\"\",\"group\":\"0\",\"hidewcol\":\"0\",\"hidesub\":\"0\"},\"rows_content\":[]},\"menu_link_content:95db5da2-2a7b-4e70-9f47-6af4aec6ce93\":{\"submenu_config\":{\"width\":\"\",\"class\":\"\",\"group\":\"0\"},\"item_config\":{\"class\":\"\",\"xicon\":\"\",\"caption\":\"\",\"alignsub\":\"\",\"group\":\"0\",\"hidewcol\":\"0\",\"hidesub\":\"0\"},\"rows_content\":[]},\"menu_link_content:4b61d7cc-f857-40ce-91b3-254f2c74388d\":{\"submenu_config\":{\"width\":\"\",\"class\":\"\",\"group\":\"0\"},\"item_config\":{\"class\":\"\",\"xicon\":\"\",\"caption\":\"\",\"alignsub\":\"\",\"group\":\"0\",\"hidewcol\":\"0\",\"hidesub\":\"0\"},\"rows_content\":[]},\"menu_link_content:5668f82c-1d20-45e1-a233-30862d6dd36e\":{\"submenu_config\":{\"width\":\"\",\"class\":\"\",\"group\":\"0\"},\"item_config\":{\"class\":\"\",\"xicon\":\"\",\"caption\":\"\",\"alignsub\":\"\",\"group\":\"0\",\"hidewcol\":\"0\",\"hidesub\":\"0\"},\"rows_content\":[]},\"menu_link_content:4f9c2a28-e02c-49dc-92a2-289646b2718b\":{\"submenu_config\":{\"width\":\"\",\"class\":\"\",\"group\":\"0\"},\"item_config\":{\"class\":\"\",\"xicon\":\"\",\"caption\":\"\",\"alignsub\":\"\",\"group\":\"0\",\"hidewcol\":\"0\",\"hidesub\":\"0\"},\"rows_content\":[]},\"menu_link_content:3df88062-0aed-4c63-b123-6dcdba48a943\":{\"submenu_config\":{\"width\":\"\",\"class\":\"\",\"group\":\"0\"},\"item_config\":{\"class\":\"\",\"xicon\":\"\",\"caption\":\"\",\"alignsub\":\"\",\"group\":\"0\",\"hidewcol\":\"0\",\"hidesub\":\"0\"},\"rows_content\":[]},\"menu_link_content:f319e188-0856-4600-91ff-6a195d49e171\":{\"submenu_config\":{\"width\":\"\",\"class\":\"\",\"group\":\"0\"},\"item_config\":{\"class\":\"\",\"xicon\":\"\",\"caption\":\"\",\"alignsub\":\"\",\"group\":\"0\",\"hidewcol\":\"0\",\"hidesub\":\"0\"},\"rows_content\":[]},\"menu_link_content:44445cdb-13d0-40c4-9382-d2f03be3dda3\":{\"submenu_config\":{\"width\":\"\",\"class\":\"\",\"group\":\"0\"},\"item_config\":{\"class\":\"\",\"xicon\":\"\",\"caption\":\"\",\"alignsub\":\"\",\"group\":\"0\",\"hidewcol\":\"0\",\"hidesub\":\"0\"},\"rows_content\":[]},\"menu_link_content:a7b34ccb-37d3-4b95-9cb0-21222825974a\":{\"submenu_config\":{\"width\":\"\",\"class\":\"\",\"group\":\"0\"},\"item_config\":{\"class\":\"\",\"xicon\":\"\",\"caption\":\"\",\"alignsub\":\"\",\"group\":\"0\",\"hidewcol\":\"0\",\"hidesub\":\"0\"},\"rows_content\":[]},\"menu_link_content:6bc2d228-f273-41f0-a47a-a2ae7da8d58d\":{\"submenu_config\":{\"width\":\"\",\"class\":\"\",\"group\":\"0\"},\"item_config\":{\"class\":\"\",\"xicon\":\"\",\"caption\":\"\",\"alignsub\":\"\",\"group\":\"0\",\"hidewcol\":\"0\",\"hidesub\":\"0\"},\"rows_content\":[]},\"menu_link_content:4a9dad74-a4b0-48bf-a2e0-893d67753bfc\":{\"submenu_config\":{\"width\":\"\",\"class\":\"\",\"group\":\"0\"},\"item_config\":{\"class\":\"\",\"xicon\":\"\",\"caption\":\"\",\"alignsub\":\"\",\"group\":\"0\",\"hidewcol\":\"0\",\"hidesub\":\"0\"},\"rows_content\":[]},\"menu_link_content:380c280c-19ae-40c8-b524-85d2a142285a\":{\"submenu_config\":{\"width\":\"\",\"class\":\"\",\"group\":\"0\"},\"item_config\":{\"class\":\"\",\"xicon\":\"\",\"caption\":\"\",\"alignsub\":\"\",\"group\":\"0\",\"hidewcol\":\"0\",\"hidesub\":\"0\"},\"rows_content\":[]},\"menu_link_content:670cbf04-8072-4631-a0ee-33e53be9c920\":{\"submenu_config\":{\"width\":\"\",\"class\":\"\",\"group\":\"0\"},\"item_config\":{\"class\":\"\",\"xicon\":\"\",\"caption\":\"\",\"alignsub\":\"\",\"group\":\"0\",\"hidewcol\":\"0\",\"hidesub\":\"0\"},\"rows_content\":[]},\"menu_link_content:73515c87-a94d-4112-8aed-04f8688cdd90\":{\"submenu_config\":{\"width\":\"\",\"class\":\"\",\"group\":\"0\"},\"item_config\":{\"class\":\"\",\"xicon\":\"\",\"caption\":\"\",\"alignsub\":\"\",\"group\":\"0\",\"hidewcol\":\"0\",\"hidesub\":\"0\"},\"rows_content\":[]},\"menu_link_content:4e1f77c6-83dd-48d2-802b-ee17775ee1e5\":{\"submenu_config\":{\"width\":\"\",\"class\":\"\",\"group\":\"0\"},\"item_config\":{\"class\":\"\",\"xicon\":\"\",\"caption\":\"\",\"alignsub\":\"\",\"group\":\"0\",\"hidewcol\":\"0\",\"hidesub\":\"0\"},\"rows_content\":[]},\"menu_link_content:096e865f-0ae5-46da-be7c-3cefdef5d5aa\":{\"submenu_config\":{\"width\":\"\",\"class\":\"\",\"group\":\"0\"},\"item_config\":{\"class\":\"\",\"xicon\":\"\",\"caption\":\"\",\"alignsub\":\"\",\"group\":\"0\",\"hidewcol\":\"0\",\"hidesub\":\"0\"},\"rows_content\":[]},\"menu_link_content:93ad613b-004f-4325-bff2-da128406bccd\":{\"submenu_config\":{\"width\":\"\",\"class\":\"\",\"group\":\"0\"},\"item_config\":{\"class\":\"\",\"xicon\":\"\",\"caption\":\"\",\"alignsub\":\"\",\"group\":\"0\",\"hidewcol\":\"0\",\"hidesub\":\"0\"},\"rows_content\":[]},\"menu_link_content:13f4445e-248a-4cac-b70f-d73b67b330cf\":{\"submenu_config\":{\"width\":\"\",\"class\":\"\",\"group\":\"0\"},\"item_config\":{\"class\":\"\",\"xicon\":\"\",\"caption\":\"\",\"alignsub\":\"\",\"group\":\"0\",\"hidewcol\":\"0\",\"hidesub\":\"0\"},\"rows_content\":[]},\"menu_link_content:ad473aee-e112-475d-b894-3c20dc1a1c50\":{\"submenu_config\":{\"width\":\"\",\"class\":\"\",\"group\":\"0\"},\"item_config\":{\"class\":\"\",\"xicon\":\"\",\"caption\":\"\",\"alignsub\":\"\",\"group\":\"0\",\"hidewcol\":\"0\",\"hidesub\":\"0\"},\"rows_content\":[]},\"menu_link_content:3f3852e1-45d2-49a6-a443-a00e56a9e059\":{\"submenu_config\":{\"width\":\"\",\"class\":\"\",\"group\":\"0\"},\"item_config\":{\"class\":\"\",\"xicon\":\"\",\"caption\":\"\",\"alignsub\":\"\",\"group\":\"0\",\"hidewcol\":\"0\",\"hidesub\":\"0\"},\"rows_content\":[]},\"menu_link_content:2a1eb103-9286-493e-bc32-61e56c156952\":{\"rows_content\":[[{\"col_content\":[{\"plugin_id\":\"menu_link_content:9bbce346-7fc3-4c06-a90a-81a31c53e8f7\",\"type\":\"menu_item\",\"weight\":\"0\"},{\"plugin_id\":\"menu_link_content:a68f03c6-696d-4943-ab9b-439808293182\",\"type\":\"menu_item\",\"weight\":\"1\"},{\"plugin_id\":\"menu_link_content:98f8e9c2-a566-4b6c-880a-dae7d50b4359\",\"type\":\"menu_item\",\"weight\":\"2\"},{\"plugin_id\":\"menu_link_content:2ff9a42f-0a09-4df2-9e91-56592c9d3857\",\"type\":\"menu_item\",\"weight\":\"3\"},{\"plugin_id\":\"menu_link_content:111695ff-3389-4a20-b36e-06a1c2b67fea\",\"type\":\"menu_item\",\"weight\":\"4\"},{\"plugin_id\":\"menu_link_content:5ed864f4-02ff-4267-99d6-a250f767b1e6\",\"type\":\"menu_item\",\"weight\":\"5\"}],\"col_config\":{\"width\":\"12\",\"class\":\"\",\"hidewcol\":\"0\",\"showblocktitle\":\"1\"}}]],\"submenu_config\":{\"width\":\"\",\"class\":\"\",\"group\":\"0\"},\"item_config\":{\"class\":\"\",\"xicon\":\"\",\"caption\":\"\",\"alignsub\":\"\",\"group\":\"0\",\"hidewcol\":\"0\",\"hidesub\":\"0\"}},\"menu_link_content:9bbce346-7fc3-4c06-a90a-81a31c53e8f7\":{\"rows_content\":[[{\"col_content\":[{\"plugin_id\":\"menu_link_content:4babf562-6ef5-4fcf-90f7-f855f720a79c\",\"type\":\"menu_item\",\"weight\":\"12\"},{\"plugin_id\":\"menu_link_content:640479ba-9a03-48a6-83cf-70b74b5aa173\",\"type\":\"menu_item\",\"weight\":\"13\"},{\"plugin_id\":\"menu_link_content:31bfa025-307f-474e-9a2e-04b77ba731b3\",\"type\":\"menu_item\",\"weight\":\"14\"},{\"plugin_id\":\"menu_link_content:ce7c5fe5-94d3-4b5e-9672-e09bb0c2e889\",\"type\":\"menu_item\",\"weight\":\"15\"},{\"plugin_id\":\"menu_link_content:bef3d05b-fd3c-4954-b88d-fdf26bf6b311\",\"type\":\"menu_item\",\"weight\":\"16\"},{\"plugin_id\":\"menu_link_content:f2a5e526-2c3b-4173-97d2-e62ab9997577\",\"type\":\"menu_item\",\"weight\":\"17\"},{\"plugin_id\":\"menu_link_content:3c271e1e-40dd-44aa-8603-2772988153bd\",\"type\":\"menu_item\",\"weight\":\"18\"},{\"plugin_id\":\"menu_link_content:de47f855-1525-4192-bced-ca0b987fd2aa\",\"type\":\"menu_item\",\"weight\":\"19\"},{\"plugin_id\":\"menu_link_content:a9b0939b-9bae-45d9-b43c-39db44d37fa1\",\"type\":\"menu_item\",\"weight\":\"20\"},{\"plugin_id\":\"menu_link_content:9af4a889-e337-4c56-8f4e-021740dc7819\",\"type\":\"menu_item\",\"weight\":\"21\"},{\"plugin_id\":\"menu_link_content:9ca0e4b8-75d3-44c6-8fad-7644f47e8479\",\"type\":\"menu_item\",\"weight\":\"22\"},{\"plugin_id\":\"menu_link_content:9bf451af-9133-418b-a020-f23a3b9353c8\",\"type\":\"menu_item\",\"weight\":\"23\"}],\"col_config\":{\"width\":\"12\",\"class\":\"\",\"hidewcol\":\"0\",\"showblocktitle\":\"1\"}}]],\"submenu_config\":{\"width\":\"\",\"class\":\"\",\"group\":\"0\"},\"item_config\":{\"class\":\"\",\"xicon\":\"\",\"caption\":\"\",\"alignsub\":\"\",\"group\":\"0\",\"hidewcol\":\"0\",\"hidesub\":\"0\"}},\"menu_link_content:4babf562-6ef5-4fcf-90f7-f855f720a79c\":{\"submenu_config\":{\"width\":\"\",\"class\":\"\",\"group\":\"0\"},\"item_config\":{\"class\":\"\",\"xicon\":\"\",\"caption\":\"\",\"alignsub\":\"\",\"group\":\"0\",\"hidewcol\":\"0\",\"hidesub\":\"0\"},\"rows_content\":[]},\"menu_link_content:640479ba-9a03-48a6-83cf-70b74b5aa173\":{\"submenu_config\":{\"width\":\"\",\"class\":\"\",\"group\":\"0\"},\"item_config\":{\"class\":\"\",\"xicon\":\"\",\"caption\":\"\",\"alignsub\":\"\",\"group\":\"0\",\"hidewcol\":\"0\",\"hidesub\":\"0\"},\"rows_content\":[]},\"menu_link_content:31bfa025-307f-474e-9a2e-04b77ba731b3\":{\"submenu_config\":{\"width\":\"\",\"class\":\"\",\"group\":\"0\"},\"item_config\":{\"class\":\"\",\"xicon\":\"\",\"caption\":\"\",\"alignsub\":\"\",\"group\":\"0\",\"hidewcol\":\"0\",\"hidesub\":\"0\"},\"rows_content\":[]},\"menu_link_content:ce7c5fe5-94d3-4b5e-9672-e09bb0c2e889\":{\"submenu_config\":{\"width\":\"\",\"class\":\"\",\"group\":\"0\"},\"item_config\":{\"class\":\"\",\"xicon\":\"\",\"caption\":\"\",\"alignsub\":\"\",\"group\":\"0\",\"hidewcol\":\"0\",\"hidesub\":\"0\"},\"rows_content\":[]},\"menu_link_content:bef3d05b-fd3c-4954-b88d-fdf26bf6b311\":{\"submenu_config\":{\"width\":\"\",\"class\":\"\",\"group\":\"0\"},\"item_config\":{\"class\":\"\",\"xicon\":\"\",\"caption\":\"\",\"alignsub\":\"\",\"group\":\"0\",\"hidewcol\":\"0\",\"hidesub\":\"0\"},\"rows_content\":[]},\"menu_link_content:f2a5e526-2c3b-4173-97d2-e62ab9997577\":{\"submenu_config\":{\"width\":\"\",\"class\":\"\",\"group\":\"0\"},\"item_config\":{\"class\":\"\",\"xicon\":\"\",\"caption\":\"\",\"alignsub\":\"\",\"group\":\"0\",\"hidewcol\":\"0\",\"hidesub\":\"0\"},\"rows_content\":[]},\"menu_link_content:3c271e1e-40dd-44aa-8603-2772988153bd\":{\"submenu_config\":{\"width\":\"\",\"class\":\"\",\"group\":\"0\"},\"item_config\":{\"class\":\"\",\"xicon\":\"\",\"caption\":\"\",\"alignsub\":\"\",\"group\":\"0\",\"hidewcol\":\"0\",\"hidesub\":\"0\"},\"rows_content\":[]},\"menu_link_content:de47f855-1525-4192-bced-ca0b987fd2aa\":{\"submenu_config\":{\"width\":\"\",\"class\":\"\",\"group\":\"0\"},\"item_config\":{\"class\":\"\",\"xicon\":\"\",\"caption\":\"\",\"alignsub\":\"\",\"group\":\"0\",\"hidewcol\":\"0\",\"hidesub\":\"0\"},\"rows_content\":[]},\"menu_link_content:a9b0939b-9bae-45d9-b43c-39db44d37fa1\":{\"submenu_config\":{\"width\":\"\",\"class\":\"\",\"group\":\"0\"},\"item_config\":{\"class\":\"\",\"xicon\":\"\",\"caption\":\"\",\"alignsub\":\"\",\"group\":\"0\",\"hidewcol\":\"0\",\"hidesub\":\"0\"},\"rows_content\":[]},\"menu_link_content:9af4a889-e337-4c56-8f4e-021740dc7819\":{\"submenu_config\":{\"width\":\"\",\"class\":\"\",\"group\":\"0\"},\"item_config\":{\"class\":\"\",\"xicon\":\"\",\"caption\":\"\",\"alignsub\":\"\",\"group\":\"0\",\"hidewcol\":\"0\",\"hidesub\":\"0\"},\"rows_content\":[]},\"menu_link_content:9ca0e4b8-75d3-44c6-8fad-7644f47e8479\":{\"submenu_config\":{\"width\":\"\",\"class\":\"\",\"group\":\"0\"},\"item_config\":{\"class\":\"\",\"xicon\":\"\",\"caption\":\"\",\"alignsub\":\"\",\"group\":\"0\",\"hidewcol\":\"0\",\"hidesub\":\"0\"},\"rows_content\":[]},\"menu_link_content:9bf451af-9133-418b-a020-f23a3b9353c8\":{\"submenu_config\":{\"width\":\"\",\"class\":\"\",\"group\":\"0\"},\"item_config\":{\"class\":\"\",\"xicon\":\"\",\"caption\":\"\",\"alignsub\":\"\",\"group\":\"0\",\"hidewcol\":\"0\",\"hidesub\":\"0\"},\"rows_content\":[]},\"menu_link_content:a68f03c6-696d-4943-ab9b-439808293182\":{\"rows_content\":[[{\"col_content\":[{\"plugin_id\":\"menu_link_content:3d5e8f28-1881-454e-81ed-4edd46028e2e\",\"type\":\"menu_item\",\"weight\":\"23\"},{\"plugin_id\":\"menu_link_content:30568bf1-1760-40c2-bc4d-b61b7304fc0b\",\"type\":\"menu_item\",\"weight\":\"24\"},{\"plugin_id\":\"menu_link_content:d65fa405-dae1-4f34-a351-11efe548f26c\",\"type\":\"menu_item\",\"weight\":\"25\"},{\"plugin_id\":\"menu_link_content:179928f5-f8dd-4996-9f7b-539744298689\",\"type\":\"menu_item\",\"weight\":\"26\"},{\"plugin_id\":\"menu_link_content:0be8bfd6-d5c3-4f68-87b3-9454b9f78aad\",\"type\":\"menu_item\",\"weight\":\"27\"},{\"plugin_id\":\"menu_link_content:25be9e8d-b66e-4c25-9062-e98389b4448c\",\"type\":\"menu_item\",\"weight\":\"28\"},{\"plugin_id\":\"menu_link_content:a06f97fb-18a0-421f-b642-169b90544252\",\"type\":\"menu_item\",\"weight\":\"29\"},{\"plugin_id\":\"menu_link_content:e1f7b1c5-694c-4043-9aaa-6c882fc4de74\",\"type\":\"menu_item\",\"weight\":\"30\"},{\"plugin_id\":\"menu_link_content:700569e7-4f58-4951-aea1-61a74057890a\",\"type\":\"menu_item\",\"weight\":\"31\"},{\"plugin_id\":\"menu_link_content:88ffb3fc-7a5a-4088-9a26-175230557b4c\",\"type\":\"menu_item\",\"weight\":\"32\"},{\"plugin_id\":\"menu_link_content:3c036537-d5a4-4180-822b-5958b1799efe\",\"type\":\"menu_item\",\"weight\":\"33\"},{\"plugin_id\":\"menu_link_content:b58789ec-8450-4272-883b-f27b120726d9\",\"type\":\"menu_item\",\"weight\":\"34\"},{\"plugin_id\":\"menu_link_content:355a512b-a0aa-4823-bcca-987be8c612f2\",\"type\":\"menu_item\",\"weight\":\"35\"}],\"col_config\":{\"width\":\"12\",\"class\":\"\",\"hidewcol\":\"0\",\"showblocktitle\":\"1\"}}]],\"submenu_config\":{\"width\":\"\",\"class\":\"\",\"group\":\"0\"},\"item_config\":{\"class\":\"\",\"xicon\":\"\",\"caption\":\"\",\"alignsub\":\"\",\"group\":\"0\",\"hidewcol\":\"0\",\"hidesub\":\"0\"}},\"menu_link_content:3d5e8f28-1881-454e-81ed-4edd46028e2e\":{\"submenu_config\":{\"width\":\"\",\"class\":\"\",\"group\":\"0\"},\"item_config\":{\"class\":\"\",\"xicon\":\"\",\"caption\":\"\",\"alignsub\":\"\",\"group\":\"0\",\"hidewcol\":\"0\",\"hidesub\":\"0\"},\"rows_content\":[]},\"menu_link_content:30568bf1-1760-40c2-bc4d-b61b7304fc0b\":{\"submenu_config\":{\"width\":\"\",\"class\":\"\",\"group\":\"0\"},\"item_config\":{\"class\":\"\",\"xicon\":\"\",\"caption\":\"\",\"alignsub\":\"\",\"group\":\"0\",\"hidewcol\":\"0\",\"hidesub\":\"0\"},\"rows_content\":[]},\"menu_link_content:d65fa405-dae1-4f34-a351-11efe548f26c\":{\"submenu_config\":{\"width\":\"\",\"class\":\"\",\"group\":\"0\"},\"item_config\":{\"class\":\"\",\"xicon\":\"\",\"caption\":\"\",\"alignsub\":\"\",\"group\":\"0\",\"hidewcol\":\"0\",\"hidesub\":\"0\"},\"rows_content\":[]},\"menu_link_content:179928f5-f8dd-4996-9f7b-539744298689\":{\"submenu_config\":{\"width\":\"\",\"class\":\"\",\"group\":\"0\"},\"item_config\":{\"class\":\"\",\"xicon\":\"\",\"caption\":\"\",\"alignsub\":\"\",\"group\":\"0\",\"hidewcol\":\"0\",\"hidesub\":\"0\"},\"rows_content\":[]},\"menu_link_content:0be8bfd6-d5c3-4f68-87b3-9454b9f78aad\":{\"submenu_config\":{\"width\":\"\",\"class\":\"\",\"group\":\"0\"},\"item_config\":{\"class\":\"\",\"xicon\":\"\",\"caption\":\"\",\"alignsub\":\"\",\"group\":\"0\",\"hidewcol\":\"0\",\"hidesub\":\"0\"},\"rows_content\":[]},\"menu_link_content:25be9e8d-b66e-4c25-9062-e98389b4448c\":{\"submenu_config\":{\"width\":\"\",\"class\":\"\",\"group\":\"0\"},\"item_config\":{\"class\":\"\",\"xicon\":\"\",\"caption\":\"\",\"alignsub\":\"\",\"group\":\"0\",\"hidewcol\":\"0\",\"hidesub\":\"0\"},\"rows_content\":[]},\"menu_link_content:a06f97fb-18a0-421f-b642-169b90544252\":{\"submenu_config\":{\"width\":\"\",\"class\":\"\",\"group\":\"0\"},\"item_config\":{\"class\":\"\",\"xicon\":\"\",\"caption\":\"\",\"alignsub\":\"\",\"group\":\"0\",\"hidewcol\":\"0\",\"hidesub\":\"0\"},\"rows_content\":[]},\"menu_link_content:e1f7b1c5-694c-4043-9aaa-6c882fc4de74\":{\"submenu_config\":{\"width\":\"\",\"class\":\"\",\"group\":\"0\"},\"item_config\":{\"class\":\"\",\"xicon\":\"\",\"caption\":\"\",\"alignsub\":\"\",\"group\":\"0\",\"hidewcol\":\"0\",\"hidesub\":\"0\"},\"rows_content\":[]},\"menu_link_content:700569e7-4f58-4951-aea1-61a74057890a\":{\"submenu_config\":{\"width\":\"\",\"class\":\"\",\"group\":\"0\"},\"item_config\":{\"class\":\"\",\"xicon\":\"\",\"caption\":\"\",\"alignsub\":\"\",\"group\":\"0\",\"hidewcol\":\"0\",\"hidesub\":\"0\"},\"rows_content\":[]},\"menu_link_content:88ffb3fc-7a5a-4088-9a26-175230557b4c\":{\"submenu_config\":{\"width\":\"\",\"class\":\"\",\"group\":\"0\"},\"item_config\":{\"class\":\"\",\"xicon\":\"\",\"caption\":\"\",\"alignsub\":\"\",\"group\":\"0\",\"hidewcol\":\"0\",\"hidesub\":\"0\"},\"rows_content\":[]},\"menu_link_content:3c036537-d5a4-4180-822b-5958b1799efe\":{\"submenu_config\":{\"width\":\"\",\"class\":\"\",\"group\":\"0\"},\"item_config\":{\"class\":\"\",\"xicon\":\"\",\"caption\":\"\",\"alignsub\":\"\",\"group\":\"0\",\"hidewcol\":\"0\",\"hidesub\":\"0\"},\"rows_content\":[]},\"menu_link_content:b58789ec-8450-4272-883b-f27b120726d9\":{\"submenu_config\":{\"width\":\"\",\"class\":\"\",\"group\":\"0\"},\"item_config\":{\"class\":\"\",\"xicon\":\"\",\"caption\":\"\",\"alignsub\":\"\",\"group\":\"0\",\"hidewcol\":\"0\",\"hidesub\":\"0\"},\"rows_content\":[]},\"menu_link_content:355a512b-a0aa-4823-bcca-987be8c612f2\":{\"submenu_config\":{\"width\":\"\",\"class\":\"\",\"group\":\"0\"},\"item_config\":{\"class\":\"\",\"xicon\":\"\",\"caption\":\"\",\"alignsub\":\"\",\"group\":\"0\",\"hidewcol\":\"0\",\"hidesub\":\"0\"},\"rows_content\":[]},\"menu_link_content:98f8e9c2-a566-4b6c-880a-dae7d50b4359\":{\"rows_content\":[[{\"col_content\":[{\"plugin_id\":\"menu_link_content:e8f93222-e1c7-42ed-822e-38e1dbe7fc6c\",\"type\":\"menu_item\",\"weight\":\"0\"},{\"plugin_id\":\"menu_link_content:94fa0b9a-7399-40e5-8bee-c4ce9a0227b9\",\"type\":\"menu_item\",\"weight\":\"1\"},{\"plugin_id\":\"menu_link_content:af1a7825-eb53-4873-a90c-5a090441db0f\",\"type\":\"menu_item\",\"weight\":\"2\"},{\"plugin_id\":\"menu_link_content:dd6f90a2-192b-41af-9e2b-9d4389a5db35\",\"type\":\"menu_item\",\"weight\":\"3\"},{\"plugin_id\":\"menu_link_content:5a671c5a-373f-488d-a567-4a44201de8f7\",\"type\":\"menu_item\",\"weight\":\"4\"},{\"plugin_id\":\"menu_link_content:329904d2-a87f-429f-aa8b-f83755496a9f\",\"type\":\"menu_item\",\"weight\":\"5\"},{\"plugin_id\":\"menu_link_content:610a0605-58f1-4b3a-8143-1ba96d9a59d3\",\"type\":\"menu_item\",\"weight\":\"6\"}],\"col_config\":{\"width\":\"12\",\"class\":\"\",\"hidewcol\":\"0\",\"showblocktitle\":\"1\"}}]],\"submenu_config\":{\"width\":\"\",\"class\":\"\",\"group\":\"0\"},\"item_config\":{\"class\":\"\",\"xicon\":\"\",\"caption\":\"\",\"alignsub\":\"\",\"group\":\"0\",\"hidewcol\":\"0\",\"hidesub\":\"0\"}},\"menu_link_content:e8f93222-e1c7-42ed-822e-38e1dbe7fc6c\":{\"submenu_config\":{\"width\":\"\",\"class\":\"\",\"group\":\"0\"},\"item_config\":{\"class\":\"\",\"xicon\":\"\",\"caption\":\"\",\"alignsub\":\"\",\"group\":\"0\",\"hidewcol\":\"0\",\"hidesub\":\"0\"},\"rows_content\":[]},\"menu_link_content:94fa0b9a-7399-40e5-8bee-c4ce9a0227b9\":{\"submenu_config\":{\"width\":\"\",\"class\":\"\",\"group\":\"0\"},\"item_config\":{\"class\":\"\",\"xicon\":\"\",\"caption\":\"\",\"alignsub\":\"\",\"group\":\"0\",\"hidewcol\":\"0\",\"hidesub\":\"0\"},\"rows_content\":[]},\"menu_link_content:af1a7825-eb53-4873-a90c-5a090441db0f\":{\"submenu_config\":{\"width\":\"\",\"class\":\"\",\"group\":\"0\"},\"item_config\":{\"class\":\"\",\"xicon\":\"\",\"caption\":\"\",\"alignsub\":\"\",\"group\":\"0\",\"hidewcol\":\"0\",\"hidesub\":\"0\"},\"rows_content\":[]},\"menu_link_content:dd6f90a2-192b-41af-9e2b-9d4389a5db35\":{\"submenu_config\":{\"width\":\"\",\"class\":\"\",\"group\":\"0\"},\"item_config\":{\"class\":\"\",\"xicon\":\"\",\"caption\":\"\",\"alignsub\":\"\",\"group\":\"0\",\"hidewcol\":\"0\",\"hidesub\":\"0\"},\"rows_content\":[]},\"menu_link_content:5a671c5a-373f-488d-a567-4a44201de8f7\":{\"submenu_config\":{\"width\":\"\",\"class\":\"\",\"group\":\"0\"},\"item_config\":{\"class\":\"\",\"xicon\":\"\",\"caption\":\"\",\"alignsub\":\"\",\"group\":\"0\",\"hidewcol\":\"0\",\"hidesub\":\"0\"},\"rows_content\":[]},\"menu_link_content:329904d2-a87f-429f-aa8b-f83755496a9f\":{\"submenu_config\":{\"width\":\"\",\"class\":\"\",\"group\":\"0\"},\"item_config\":{\"class\":\"\",\"xicon\":\"\",\"caption\":\"\",\"alignsub\":\"\",\"group\":\"0\",\"hidewcol\":\"0\",\"hidesub\":\"0\"},\"rows_content\":[]},\"menu_link_content:610a0605-58f1-4b3a-8143-1ba96d9a59d3\":{\"submenu_config\":{\"width\":\"\",\"class\":\"\",\"group\":\"0\"},\"item_config\":{\"class\":\"\",\"xicon\":\"\",\"caption\":\"\",\"alignsub\":\"\",\"group\":\"0\",\"hidewcol\":\"0\",\"hidesub\":\"0\"},\"rows_content\":[]},\"menu_link_content:2ff9a42f-0a09-4df2-9e91-56592c9d3857\":{\"rows_content\":[[{\"col_content\":[{\"plugin_id\":\"menu_link_content:30ce93bc-bf80-475c-a160-2b4aac1bd9d3\",\"type\":\"menu_item\",\"weight\":\"10\"},{\"plugin_id\":\"menu_link_content:ead20d0f-0c72-49d4-9c9b-a3023b866c10\",\"type\":\"menu_item\",\"weight\":\"11\"},{\"plugin_id\":\"menu_link_content:3f21068f-186e-498c-9f50-529262d1afbf\",\"type\":\"menu_item\",\"weight\":\"3\"},{\"plugin_id\":\"menu_link_content:3b700d87-5d68-4556-82f1-782b8aac0fbf\",\"type\":\"menu_item\",\"weight\":\"4\"},{\"plugin_id\":\"menu_link_content:90ee04d8-920c-4ee5-ba6c-e2c13b0c3dc7\",\"type\":\"menu_item\",\"weight\":\"5\"},{\"plugin_id\":\"menu_link_content:9f1b70bc-c18a-4ac6-8b3a-af87e684396d\",\"type\":\"menu_item\",\"weight\":\"6\"},{\"plugin_id\":\"menu_link_content:6a97c24d-11f1-44c7-9ab4-1cb3a0a965d3\",\"type\":\"menu_item\",\"weight\":\"7\"},{\"plugin_id\":\"menu_link_content:ff330201-008f-40e9-94dc-c5ecfea24e0c\",\"type\":\"menu_item\",\"weight\":\"8\"},{\"plugin_id\":\"menu_link_content:f9862821-5257-411e-ac1f-49ba79848b46\",\"type\":\"menu_item\",\"weight\":\"9\"}],\"col_config\":{\"width\":\"12\",\"class\":\"\",\"hidewcol\":\"0\",\"showblocktitle\":\"1\"}}]],\"submenu_config\":{\"width\":\"\",\"class\":\"\",\"group\":\"0\"},\"item_config\":{\"class\":\"\",\"xicon\":\"\",\"caption\":\"\",\"alignsub\":\"\",\"group\":\"0\",\"hidewcol\":\"0\",\"hidesub\":\"0\"}},\"menu_link_content:30ce93bc-bf80-475c-a160-2b4aac1bd9d3\":{\"submenu_config\":{\"width\":\"\",\"class\":\"\",\"group\":\"0\"},\"item_config\":{\"class\":\"\",\"xicon\":\"\",\"caption\":\"\",\"alignsub\":\"\",\"group\":\"0\",\"hidewcol\":\"0\",\"hidesub\":\"0\"},\"rows_content\":[]},\"menu_link_content:ead20d0f-0c72-49d4-9c9b-a3023b866c10\":{\"submenu_config\":{\"width\":\"\",\"class\":\"\",\"group\":\"0\"},\"item_config\":{\"class\":\"\",\"xicon\":\"\",\"caption\":\"\",\"alignsub\":\"\",\"group\":\"0\",\"hidewcol\":\"0\",\"hidesub\":\"0\"},\"rows_content\":[]},\"menu_link_content:3f21068f-186e-498c-9f50-529262d1afbf\":{\"submenu_config\":{\"width\":\"\",\"class\":\"\",\"group\":\"0\"},\"item_config\":{\"class\":\"\",\"xicon\":\"\",\"caption\":\"\",\"alignsub\":\"\",\"group\":\"0\",\"hidewcol\":\"0\",\"hidesub\":\"0\"},\"rows_content\":[]},\"menu_link_content:3b700d87-5d68-4556-82f1-782b8aac0fbf\":{\"submenu_config\":{\"width\":\"\",\"class\":\"\",\"group\":\"0\"},\"item_config\":{\"class\":\"\",\"xicon\":\"\",\"caption\":\"\",\"alignsub\":\"\",\"group\":\"0\",\"hidewcol\":\"0\",\"hidesub\":\"0\"},\"rows_content\":[]},\"menu_link_content:90ee04d8-920c-4ee5-ba6c-e2c13b0c3dc7\":{\"submenu_config\":{\"width\":\"\",\"class\":\"\",\"group\":\"0\"},\"item_config\":{\"class\":\"\",\"xicon\":\"\",\"caption\":\"\",\"alignsub\":\"\",\"group\":\"0\",\"hidewcol\":\"0\",\"hidesub\":\"0\"},\"rows_content\":[]},\"menu_link_content:9f1b70bc-c18a-4ac6-8b3a-af87e684396d\":{\"submenu_config\":{\"width\":\"\",\"class\":\"\",\"group\":\"0\"},\"item_config\":{\"class\":\"\",\"xicon\":\"\",\"caption\":\"\",\"alignsub\":\"\",\"group\":\"0\",\"hidewcol\":\"0\",\"hidesub\":\"0\"},\"rows_content\":[]},\"menu_link_content:6a97c24d-11f1-44c7-9ab4-1cb3a0a965d3\":{\"submenu_config\":{\"width\":\"\",\"class\":\"\",\"group\":\"0\"},\"item_config\":{\"class\":\"\",\"xicon\":\"\",\"caption\":\"\",\"alignsub\":\"\",\"group\":\"0\",\"hidewcol\":\"0\",\"hidesub\":\"0\"},\"rows_content\":[]},\"menu_link_content:ff330201-008f-40e9-94dc-c5ecfea24e0c\":{\"submenu_config\":{\"width\":\"\",\"class\":\"\",\"group\":\"0\"},\"item_config\":{\"class\":\"\",\"xicon\":\"\",\"caption\":\"\",\"alignsub\":\"\",\"group\":\"0\",\"hidewcol\":\"0\",\"hidesub\":\"0\"},\"rows_content\":[]},\"menu_link_content:f9862821-5257-411e-ac1f-49ba79848b46\":{\"submenu_config\":{\"width\":\"\",\"class\":\"\",\"group\":\"0\"},\"item_config\":{\"class\":\"\",\"xicon\":\"\",\"caption\":\"\",\"alignsub\":\"\",\"group\":\"0\",\"hidewcol\":\"0\",\"hidesub\":\"0\"},\"rows_content\":[]},\"menu_link_content:111695ff-3389-4a20-b36e-06a1c2b67fea\":{\"rows_content\":[[{\"col_content\":[{\"plugin_id\":\"menu_link_content:cfe897a5-3982-4875-9436-3d54ce8cd6f8\",\"type\":\"menu_item\",\"weight\":\"0\"},{\"plugin_id\":\"menu_link_content:9ff93d5c-66ff-483b-81cd-5966fe37cc95\",\"type\":\"menu_item\",\"weight\":\"0\"}],\"col_config\":{\"width\":\"12\",\"class\":\"\",\"hidewcol\":\"0\",\"showblocktitle\":\"1\"}}]],\"submenu_config\":{\"width\":\"\",\"class\":\"\",\"group\":\"0\"},\"item_config\":{\"class\":\"\",\"xicon\":\"\",\"caption\":\"\",\"alignsub\":\"\",\"group\":\"0\",\"hidewcol\":\"0\",\"hidesub\":\"0\"}},\"menu_link_content:cfe897a5-3982-4875-9436-3d54ce8cd6f8\":{\"submenu_config\":{\"width\":\"\",\"class\":\"\",\"group\":\"0\"},\"item_config\":{\"class\":\"\",\"xicon\":\"\",\"caption\":\"\",\"alignsub\":\"\",\"group\":\"0\",\"hidewcol\":\"0\",\"hidesub\":\"0\"},\"rows_content\":[]},\"menu_link_content:9ff93d5c-66ff-483b-81cd-5966fe37cc95\":{\"submenu_config\":{\"width\":\"\",\"class\":\"\",\"group\":\"0\"},\"item_config\":{\"class\":\"\",\"xicon\":\"\",\"caption\":\"\",\"alignsub\":\"\",\"group\":\"0\",\"hidewcol\":\"0\",\"hidesub\":\"0\"},\"rows_content\":[]},\"menu_link_content:5ed864f4-02ff-4267-99d6-a250f767b1e6\":{\"rows_content\":[[{\"col_content\":[{\"plugin_id\":\"menu_link_content:f3ff8803-999d-4383-ba7c-ed8fa90270c9\",\"type\":\"menu_item\",\"weight\":\"0\"},{\"plugin_id\":\"menu_link_content:4717f144-1b80-4173-9de8-dceca7d3c419\",\"type\":\"menu_item\",\"weight\":\"0\"},{\"plugin_id\":\"menu_link_content:63433cdd-5e60-4ddf-9da4-df540642e40f\",\"type\":\"menu_item\",\"weight\":\"0\"}],\"col_config\":{\"width\":\"12\",\"class\":\"\",\"hidewcol\":\"0\",\"showblocktitle\":\"1\"}}]],\"submenu_config\":{\"width\":\"\",\"class\":\"\",\"group\":\"0\"},\"item_config\":{\"class\":\"\",\"xicon\":\"\",\"caption\":\"\",\"alignsub\":\"\",\"group\":\"0\",\"hidewcol\":\"0\",\"hidesub\":\"0\"}},\"menu_link_content:f3ff8803-999d-4383-ba7c-ed8fa90270c9\":{\"submenu_config\":{\"width\":\"\",\"class\":\"\",\"group\":\"0\"},\"item_config\":{\"class\":\"\",\"xicon\":\"\",\"caption\":\"\",\"alignsub\":\"\",\"group\":\"0\",\"hidewcol\":\"0\",\"hidesub\":\"0\"},\"rows_content\":[]},\"menu_link_content:4717f144-1b80-4173-9de8-dceca7d3c419\":{\"submenu_config\":{\"width\":\"\",\"class\":\"\",\"group\":\"0\"},\"item_config\":{\"class\":\"\",\"xicon\":\"\",\"caption\":\"\",\"alignsub\":\"\",\"group\":\"0\",\"hidewcol\":\"0\",\"hidesub\":\"0\"},\"rows_content\":[]},\"menu_link_content:63433cdd-5e60-4ddf-9da4-df540642e40f\":{\"rows_content\":[[{\"col_content\":[{\"plugin_id\":\"menu_link_content:35e52a3e-021b-451d-9e0b-cf13ccc4c522\",\"type\":\"menu_item\",\"weight\":\"0\"},{\"plugin_id\":\"menu_link_content:50741dd7-d4cb-4dfc-abe3-0b0e9140f5da\",\"type\":\"menu_item\",\"weight\":\"0\"}],\"col_config\":{\"width\":\"12\",\"class\":\"\",\"hidewcol\":\"0\",\"showblocktitle\":\"1\"}}]],\"submenu_config\":{\"width\":\"\",\"class\":\"\",\"group\":\"0\"},\"item_config\":{\"class\":\"\",\"xicon\":\"\",\"caption\":\"\",\"alignsub\":\"\",\"group\":\"0\",\"hidewcol\":\"0\",\"hidesub\":\"0\"}},\"menu_link_content:35e52a3e-021b-451d-9e0b-cf13ccc4c522\":{\"submenu_config\":{\"width\":\"\",\"class\":\"\",\"group\":\"0\"},\"item_config\":{\"class\":\"\",\"xicon\":\"\",\"caption\":\"\",\"alignsub\":\"\",\"group\":\"0\",\"hidewcol\":\"0\",\"hidesub\":\"0\"},\"rows_content\":[]},\"menu_link_content:50741dd7-d4cb-4dfc-abe3-0b0e9140f5da\":{\"submenu_config\":{\"width\":\"\",\"class\":\"\",\"group\":\"0\"},\"item_config\":{\"class\":\"\",\"xicon\":\"\",\"caption\":\"\",\"alignsub\":\"\",\"group\":\"0\",\"hidewcol\":\"0\",\"hidesub\":\"0\"},\"rows_content\":[]},\"menu_link_content:5b11b361-4ed0-4d31-8927-bd7603233d0f\":{\"rows_content\":[[{\"col_content\":[{\"plugin_id\":\"menu_link_content:86035474-a86e-41e5-b961-3995850313b2\",\"type\":\"menu_item\",\"weight\":\"0\"},{\"plugin_id\":\"menu_link_content:fc072499-9efc-45c6-8f81-00e1119ec5f5\",\"type\":\"menu_item\",\"weight\":\"1\"},{\"plugin_id\":\"menu_link_content:7aebcffb-2436-4f40-b348-12478f30db8f\",\"type\":\"menu_item\",\"weight\":\"10\"},{\"plugin_id\":\"views_view:views.project.page_lightbox_gallery\",\"type\":\"menu_item\",\"weight\":\"11\"},{\"plugin_id\":\"views_view:views.project.full_width_gallery\",\"type\":\"menu_item\",\"weight\":\"12\"},{\"plugin_id\":\"views_view:views.project.masonry_gallery\",\"type\":\"menu_item\",\"weight\":\"13\"},{\"plugin_id\":\"views_view:views.project.page_index_gallery\",\"type\":\"menu_item\",\"weight\":\"14\"},{\"plugin_id\":\"views_view:views.project.classic_porfolio_page\",\"type\":\"menu_item\",\"weight\":\"15\"}],\"col_config\":{\"width\":\"4\",\"class\":\"\",\"hidewcol\":\"0\",\"showblocktitle\":\"1\"}},{\"col_content\":[{\"plugin_id\":\"views_view:views.project.page_2col_portfolio\",\"type\":\"menu_item\",\"weight\":\"16\"},{\"plugin_id\":\"views_view:views.project.page_masonry_portfolio\",\"type\":\"menu_item\",\"weight\":\"17\"},{\"plugin_id\":\"menu_link_content:7ef0fb3b-d8f5-47fb-b4a0-f2f33a8b289e\",\"type\":\"menu_item\",\"weight\":\"18\"},{\"plugin_id\":\"menu_link_content:5dd536bd-1406-4976-bd85-8c136232dedd\",\"type\":\"menu_item\",\"weight\":\"19\"},{\"plugin_id\":\"menu_link_content:26833f2a-5e05-4ef7-b48e-3b9af34d60d6\",\"type\":\"menu_item\",\"weight\":\"2\"},{\"plugin_id\":\"menu_link_content:d4de43c8-39ee-4b50-99c9-e1cb4d5121b4\",\"type\":\"menu_item\",\"weight\":\"20\"},{\"plugin_id\":\"menu_link_content:031763af-9850-46ff-a174-c4a25b0d7aa5\",\"type\":\"menu_item\",\"weight\":\"21\"},{\"plugin_id\":\"menu_link_content:001b0c63-7748-4868-af4d-060f524033fa\",\"type\":\"menu_item\",\"weight\":\"3\"}],\"col_config\":{\"width\":\"4\",\"class\":\"\",\"hidewcol\":\"\",\"showblocktitle\":\"1\"}},{\"col_content\":[{\"plugin_id\":\"menu_link_content:315755c4-1236-476a-b87d-539f751cee82\",\"type\":\"menu_item\",\"weight\":\"4\"},{\"plugin_id\":\"menu_link_content:fa3c0241-fe63-4c32-9b5c-10b55432136b\",\"type\":\"menu_item\",\"weight\":\"5\"},{\"plugin_id\":\"menu_link_content:b7409f3e-cbd2-4fc5-be8c-1f29b1ce3053\",\"type\":\"menu_item\",\"weight\":\"6\"},{\"plugin_id\":\"menu_link_content:323d7ba9-dcb1-46ca-9988-bd13ff12ffa7\",\"type\":\"menu_item\",\"weight\":\"7\"},{\"plugin_id\":\"menu_link_content:c6440eda-3503-44de-92d2-8a61d4e12005\",\"type\":\"menu_item\",\"weight\":\"8\"},{\"plugin_id\":\"menu_link_content:b826dc9e-df96-4c9e-b3f2-4c2ea89e08a0\",\"type\":\"menu_item\",\"weight\":\"9\"}],\"col_config\":{\"width\":\"4\",\"class\":\"\",\"hidewcol\":\"\",\"showblocktitle\":\"1\"}}]],\"submenu_config\":{\"width\":\"800\",\"class\":\"\",\"group\":\"0\"},\"item_config\":{\"class\":\"\",\"xicon\":\"\",\"caption\":\"\",\"alignsub\":\"justify\",\"group\":\"0\",\"hidewcol\":\"0\",\"hidesub\":\"0\"}},\"menu_link_content:86035474-a86e-41e5-b961-3995850313b2\":{\"submenu_config\":{\"width\":\"\",\"class\":\"\",\"group\":\"0\"},\"item_config\":{\"class\":\"\",\"xicon\":\"\",\"caption\":\"\",\"alignsub\":\"\",\"group\":\"0\",\"hidewcol\":\"0\",\"hidesub\":\"0\"},\"rows_content\":[]},\"menu_link_content:fc072499-9efc-45c6-8f81-00e1119ec5f5\":{\"submenu_config\":{\"width\":\"\",\"class\":\"\",\"group\":\"0\"},\"item_config\":{\"class\":\"\",\"xicon\":\"\",\"caption\":\"\",\"alignsub\":\"\",\"group\":\"0\",\"hidewcol\":\"0\",\"hidesub\":\"0\"},\"rows_content\":[]},\"menu_link_content:7aebcffb-2436-4f40-b348-12478f30db8f\":{\"submenu_config\":{\"width\":\"\",\"class\":\"\",\"group\":\"0\"},\"item_config\":{\"class\":\"\",\"xicon\":\"\",\"caption\":\"\",\"alignsub\":\"\",\"group\":\"0\",\"hidewcol\":\"0\",\"hidesub\":\"0\"},\"rows_content\":[]},\"views_view:views.project.page_lightbox_gallery\":{\"submenu_config\":{\"width\":\"\",\"class\":\"\",\"group\":\"0\"},\"item_config\":{\"class\":\"\",\"xicon\":\"\",\"caption\":\"\",\"alignsub\":\"\",\"group\":\"0\",\"hidewcol\":\"0\",\"hidesub\":\"0\"},\"rows_content\":[]},\"views_view:views.project.full_width_gallery\":{\"submenu_config\":{\"width\":\"\",\"class\":\"\",\"group\":\"0\"},\"item_config\":{\"class\":\"\",\"xicon\":\"\",\"caption\":\"\",\"alignsub\":\"\",\"group\":\"0\",\"hidewcol\":\"0\",\"hidesub\":\"0\"},\"rows_content\":[]},\"views_view:views.project.masonry_gallery\":{\"submenu_config\":{\"width\":\"\",\"class\":\"\",\"group\":\"0\"},\"item_config\":{\"class\":\"\",\"xicon\":\"\",\"caption\":\"\",\"alignsub\":\"\",\"group\":\"0\",\"hidewcol\":\"0\",\"hidesub\":\"0\"},\"rows_content\":[]},\"views_view:views.project.page_index_gallery\":{\"submenu_config\":{\"width\":\"\",\"class\":\"\",\"group\":\"0\"},\"item_config\":{\"class\":\"\",\"xicon\":\"\",\"caption\":\"\",\"alignsub\":\"\",\"group\":\"0\",\"hidewcol\":\"0\",\"hidesub\":\"0\"},\"rows_content\":[]},\"views_view:views.project.classic_porfolio_page\":{\"submenu_config\":{\"width\":\"\",\"class\":\"\",\"group\":\"0\"},\"item_config\":{\"class\":\"\",\"xicon\":\"\",\"caption\":\"\",\"alignsub\":\"\",\"group\":\"0\",\"hidewcol\":\"0\",\"hidesub\":\"0\"},\"rows_content\":[]},\"views_view:views.project.page_2col_portfolio\":{\"submenu_config\":{\"width\":\"\",\"class\":\"\",\"group\":\"0\"},\"item_config\":{\"class\":\"\",\"xicon\":\"\",\"caption\":\"\",\"alignsub\":\"\",\"group\":\"0\",\"hidewcol\":\"0\",\"hidesub\":\"0\"},\"rows_content\":[]},\"views_view:views.project.page_masonry_portfolio\":{\"submenu_config\":{\"width\":\"\",\"class\":\"\",\"group\":\"0\"},\"item_config\":{\"class\":\"\",\"xicon\":\"\",\"caption\":\"\",\"alignsub\":\"\",\"group\":\"0\",\"hidewcol\":\"0\",\"hidesub\":\"0\"},\"rows_content\":[]},\"menu_link_content:7ef0fb3b-d8f5-47fb-b4a0-f2f33a8b289e\":{\"submenu_config\":{\"width\":\"\",\"class\":\"\",\"group\":\"0\"},\"item_config\":{\"class\":\"\",\"xicon\":\"\",\"caption\":\"\",\"alignsub\":\"\",\"group\":\"0\",\"hidewcol\":\"0\",\"hidesub\":\"0\"},\"rows_content\":[]},\"menu_link_content:5dd536bd-1406-4976-bd85-8c136232dedd\":{\"submenu_config\":{\"width\":\"\",\"class\":\"\",\"group\":\"0\"},\"item_config\":{\"class\":\"\",\"xicon\":\"\",\"caption\":\"\",\"alignsub\":\"\",\"group\":\"0\",\"hidewcol\":\"0\",\"hidesub\":\"0\"},\"rows_content\":[]},\"menu_link_content:26833f2a-5e05-4ef7-b48e-3b9af34d60d6\":{\"submenu_config\":{\"width\":\"\",\"class\":\"\",\"group\":\"0\"},\"item_config\":{\"class\":\"\",\"xicon\":\"\",\"caption\":\"\",\"alignsub\":\"\",\"group\":\"0\",\"hidewcol\":\"0\",\"hidesub\":\"0\"},\"rows_content\":[]},\"menu_link_content:d4de43c8-39ee-4b50-99c9-e1cb4d5121b4\":{\"submenu_config\":{\"width\":\"\",\"class\":\"\",\"group\":\"0\"},\"item_config\":{\"class\":\"\",\"xicon\":\"\",\"caption\":\"\",\"alignsub\":\"\",\"group\":\"0\",\"hidewcol\":\"0\",\"hidesub\":\"0\"},\"rows_content\":[]},\"menu_link_content:031763af-9850-46ff-a174-c4a25b0d7aa5\":{\"submenu_config\":{\"width\":\"\",\"class\":\"\",\"group\":\"0\"},\"item_config\":{\"class\":\"\",\"xicon\":\"\",\"caption\":\"\",\"alignsub\":\"\",\"group\":\"0\",\"hidewcol\":\"0\",\"hidesub\":\"0\"},\"rows_content\":[]},\"menu_link_content:001b0c63-7748-4868-af4d-060f524033fa\":{\"submenu_config\":{\"width\":\"\",\"class\":\"\",\"group\":\"0\"},\"item_config\":{\"class\":\"\",\"xicon\":\"\",\"caption\":\"\",\"alignsub\":\"\",\"group\":\"0\",\"hidewcol\":\"0\",\"hidesub\":\"0\"},\"rows_content\":[]},\"menu_link_content:315755c4-1236-476a-b87d-539f751cee82\":{\"submenu_config\":{\"width\":\"\",\"class\":\"\",\"group\":\"0\"},\"item_config\":{\"class\":\"\",\"xicon\":\"\",\"caption\":\"\",\"alignsub\":\"\",\"group\":\"0\",\"hidewcol\":\"0\",\"hidesub\":\"0\"},\"rows_content\":[]},\"menu_link_content:fa3c0241-fe63-4c32-9b5c-10b55432136b\":{\"submenu_config\":{\"width\":\"\",\"class\":\"\",\"group\":\"0\"},\"item_config\":{\"class\":\"\",\"xicon\":\"\",\"caption\":\"\",\"alignsub\":\"\",\"group\":\"0\",\"hidewcol\":\"0\",\"hidesub\":\"0\"},\"rows_content\":[]},\"menu_link_content:b7409f3e-cbd2-4fc5-be8c-1f29b1ce3053\":{\"submenu_config\":{\"width\":\"\",\"class\":\"\",\"group\":\"0\"},\"item_config\":{\"class\":\"\",\"xicon\":\"\",\"caption\":\"\",\"alignsub\":\"\",\"group\":\"0\",\"hidewcol\":\"0\",\"hidesub\":\"0\"},\"rows_content\":[]},\"menu_link_content:323d7ba9-dcb1-46ca-9988-bd13ff12ffa7\":{\"submenu_config\":{\"width\":\"\",\"class\":\"\",\"group\":\"0\"},\"item_config\":{\"class\":\"\",\"xicon\":\"\",\"caption\":\"\",\"alignsub\":\"\",\"group\":\"0\",\"hidewcol\":\"0\",\"hidesub\":\"0\"},\"rows_content\":[]},\"menu_link_content:c6440eda-3503-44de-92d2-8a61d4e12005\":{\"submenu_config\":{\"width\":\"\",\"class\":\"\",\"group\":\"0\"},\"item_config\":{\"class\":\"\",\"xicon\":\"\",\"caption\":\"\",\"alignsub\":\"\",\"group\":\"0\",\"hidewcol\":\"0\",\"hidesub\":\"0\"},\"rows_content\":[]},\"menu_link_content:b826dc9e-df96-4c9e-b3f2-4c2ea89e08a0\":{\"submenu_config\":{\"width\":\"\",\"class\":\"\",\"group\":\"0\"},\"item_config\":{\"class\":\"\",\"xicon\":\"\",\"caption\":\"\",\"alignsub\":\"\",\"group\":\"0\",\"hidewcol\":\"0\",\"hidesub\":\"0\"},\"rows_content\":[]},\"menu_link_content:7fa821a4-dcc3-49ce-bc91-7c85042ed1d4\":{\"rows_content\":[[{\"col_content\":[{\"plugin_id\":\"menu_link_content:ebfb3ccb-a553-4d97-a3de-276332d4713c\",\"type\":\"menu_item\",\"weight\":\"0\"},{\"plugin_id\":\"menu_link_content:1bd3aff5-a145-44b6-b4c6-4c0ed396fb53\",\"type\":\"menu_item\",\"weight\":\"1\"},{\"plugin_id\":\"views_view:views.products_grid.page_1\",\"type\":\"menu_item\",\"weight\":\"10\"},{\"plugin_id\":\"views_view:views.products_list.page_2\",\"type\":\"menu_item\",\"weight\":\"11\"},{\"plugin_id\":\"menu_link_content:75b8ff6b-89d7-48ed-95c6-6a1fb4b0aa81\",\"type\":\"menu_item\",\"weight\":\"12\"},{\"plugin_id\":\"menu_link_content:bc1b98e8-a78d-47f1-9ec9-b6c559841842\",\"type\":\"menu_item\",\"weight\":\"13\"},{\"plugin_id\":\"menu_link_content:5261dbaa-493f-4b85-abf9-fa6968eb2554\",\"type\":\"menu_item\",\"weight\":\"14\"}],\"col_config\":{\"width\":\"3\",\"class\":\"\",\"hidewcol\":\"0\",\"showblocktitle\":\"1\"}},{\"col_content\":[{\"plugin_id\":\"menu_link_content:b89a232f-55e1-4987-b42a-0498ca367c39\",\"type\":\"menu_item\",\"weight\":\"15\"},{\"plugin_id\":\"menu_link_content:8561b6a9-3202-4797-b0a7-4513dbcdb72f\",\"type\":\"menu_item\",\"weight\":\"16\"},{\"plugin_id\":\"menu_link_content:603f0677-483d-48f6-9397-d0878dec1a9d\",\"type\":\"menu_item\",\"weight\":\"17\"},{\"plugin_id\":\"views_view:views.compare.page\",\"type\":\"menu_item\",\"weight\":\"18\"},{\"plugin_id\":\"views_view:views.wishlist.page\",\"type\":\"menu_item\",\"weight\":\"19\"},{\"plugin_id\":\"menu_link_content:48c6bf66-c191-4741-8c0c-6c24cd877873\",\"type\":\"menu_item\",\"weight\":\"2\"},{\"plugin_id\":\"menu_link_content:dbbe2ad0-d06c-4421-939e-b1d773708610\",\"type\":\"menu_item\",\"weight\":\"20\"}],\"col_config\":{\"width\":\"3\",\"class\":\"\",\"hidewcol\":\"\",\"showblocktitle\":\"1\"}},{\"col_content\":[{\"plugin_id\":\"menu_link_content:d762dae7-7df3-4257-8315-cc0cd224b320\",\"type\":\"menu_item\",\"weight\":\"21\"},{\"plugin_id\":\"menu_link_content:7ca71f1d-ec1a-4fb9-b784-a1aa80c86c04\",\"type\":\"menu_item\",\"weight\":\"22\"},{\"plugin_id\":\"menu_link_content:34476f44-d71e-4001-96cb-cf2e2c85d77a\",\"type\":\"menu_item\",\"weight\":\"23\"},{\"plugin_id\":\"menu_link_content:fbad70cd-1ee1-4744-bfe3-bc0126af013f\",\"type\":\"menu_item\",\"weight\":\"24\"},{\"plugin_id\":\"menu_link_content:ca33f02d-592b-417e-9f94-c1d150e4bc35\",\"type\":\"menu_item\",\"weight\":\"25\"},{\"plugin_id\":\"menu_link_content:3fd3d45c-0534-4669-b193-e24368d00c17\",\"type\":\"menu_item\",\"weight\":\"3\"},{\"plugin_id\":\"menu_link_content:65e2d2d9-cf30-4e1c-a1ef-653628d98192\",\"type\":\"menu_item\",\"weight\":\"4\"}],\"col_config\":{\"width\":\"3\",\"class\":\"\",\"hidewcol\":\"\",\"showblocktitle\":\"1\"}},{\"col_content\":[{\"plugin_id\":\"menu_link_content:836383d2-9de2-46d1-aa8f-6cfdc67805ed\",\"type\":\"menu_item\",\"weight\":\"5\"},{\"plugin_id\":\"menu_link_content:8ed7e50b-ea84-4f81-84b8-f6375731ca4d\",\"type\":\"menu_item\",\"weight\":\"6\"},{\"plugin_id\":\"menu_link_content:3032bd01-e8a4-4664-9913-73d4a54d22b6\",\"type\":\"menu_item\",\"weight\":\"7\"},{\"plugin_id\":\"views_view:views.products_split.page\",\"type\":\"menu_item\",\"weight\":\"8\"},{\"plugin_id\":\"views_view:views.products_list.page_1\",\"type\":\"menu_item\",\"weight\":\"9\"}],\"col_config\":{\"width\":\"3\",\"class\":\"\",\"hidewcol\":\"\",\"showblocktitle\":\"1\"}}]],\"submenu_config\":{\"width\":\"1000\",\"class\":\"\",\"group\":\"0\"},\"item_config\":{\"class\":\"\",\"xicon\":\"\",\"caption\":\"\",\"alignsub\":\"justify\",\"group\":\"0\",\"hidewcol\":\"0\",\"hidesub\":\"0\"}},\"menu_link_content:ebfb3ccb-a553-4d97-a3de-276332d4713c\":{\"submenu_config\":{\"width\":\"\",\"class\":\"\",\"group\":\"0\"},\"item_config\":{\"class\":\"\",\"xicon\":\"\",\"caption\":\"\",\"alignsub\":\"\",\"group\":\"0\",\"hidewcol\":\"0\",\"hidesub\":\"0\"},\"rows_content\":[]},\"menu_link_content:1bd3aff5-a145-44b6-b4c6-4c0ed396fb53\":{\"submenu_config\":{\"width\":\"\",\"class\":\"\",\"group\":\"0\"},\"item_config\":{\"class\":\"\",\"xicon\":\"\",\"caption\":\"\",\"alignsub\":\"\",\"group\":\"0\",\"hidewcol\":\"0\",\"hidesub\":\"0\"},\"rows_content\":[]},\"views_view:views.products_grid.page_1\":{\"submenu_config\":{\"width\":\"\",\"class\":\"\",\"group\":\"0\"},\"item_config\":{\"class\":\"\",\"xicon\":\"\",\"caption\":\"\",\"alignsub\":\"\",\"group\":\"0\",\"hidewcol\":\"0\",\"hidesub\":\"0\"},\"rows_content\":[]},\"views_view:views.products_list.page_2\":{\"submenu_config\":{\"width\":\"\",\"class\":\"\",\"group\":\"0\"},\"item_config\":{\"class\":\"\",\"xicon\":\"\",\"caption\":\"\",\"alignsub\":\"\",\"group\":\"0\",\"hidewcol\":\"0\",\"hidesub\":\"0\"},\"rows_content\":[]},\"menu_link_content:75b8ff6b-89d7-48ed-95c6-6a1fb4b0aa81\":{\"submenu_config\":{\"width\":\"\",\"class\":\"\",\"group\":\"0\"},\"item_config\":{\"class\":\"\",\"xicon\":\"\",\"caption\":\"\",\"alignsub\":\"\",\"group\":\"0\",\"hidewcol\":\"0\",\"hidesub\":\"0\"},\"rows_content\":[]},\"menu_link_content:bc1b98e8-a78d-47f1-9ec9-b6c559841842\":{\"submenu_config\":{\"width\":\"\",\"class\":\"\",\"group\":\"0\"},\"item_config\":{\"class\":\"\",\"xicon\":\"\",\"caption\":\"\",\"alignsub\":\"\",\"group\":\"0\",\"hidewcol\":\"0\",\"hidesub\":\"0\"},\"rows_content\":[]},\"menu_link_content:5261dbaa-493f-4b85-abf9-fa6968eb2554\":{\"submenu_config\":{\"width\":\"\",\"class\":\"\",\"group\":\"0\"},\"item_config\":{\"class\":\"\",\"xicon\":\"\",\"caption\":\"\",\"alignsub\":\"\",\"group\":\"0\",\"hidewcol\":\"0\",\"hidesub\":\"0\"},\"rows_content\":[]},\"menu_link_content:b89a232f-55e1-4987-b42a-0498ca367c39\":{\"submenu_config\":{\"width\":\"\",\"class\":\"\",\"group\":\"0\"},\"item_config\":{\"class\":\"\",\"xicon\":\"\",\"caption\":\"\",\"alignsub\":\"\",\"group\":\"0\",\"hidewcol\":\"0\",\"hidesub\":\"0\"},\"rows_content\":[]},\"menu_link_content:8561b6a9-3202-4797-b0a7-4513dbcdb72f\":{\"submenu_config\":{\"width\":\"\",\"class\":\"\",\"group\":\"0\"},\"item_config\":{\"class\":\"\",\"xicon\":\"\",\"caption\":\"\",\"alignsub\":\"\",\"group\":\"0\",\"hidewcol\":\"0\",\"hidesub\":\"0\"},\"rows_content\":[]},\"menu_link_content:603f0677-483d-48f6-9397-d0878dec1a9d\":{\"submenu_config\":{\"width\":\"\",\"class\":\"\",\"group\":\"0\"},\"item_config\":{\"class\":\"\",\"xicon\":\"\",\"caption\":\"\",\"alignsub\":\"\",\"group\":\"0\",\"hidewcol\":\"0\",\"hidesub\":\"0\"},\"rows_content\":[]},\"views_view:views.compare.page\":{\"submenu_config\":{\"width\":\"\",\"class\":\"\",\"group\":\"0\"},\"item_config\":{\"class\":\"\",\"xicon\":\"\",\"caption\":\"\",\"alignsub\":\"\",\"group\":\"0\",\"hidewcol\":\"0\",\"hidesub\":\"0\"},\"rows_content\":[]},\"views_view:views.wishlist.page\":{\"submenu_config\":{\"width\":\"\",\"class\":\"\",\"group\":\"0\"},\"item_config\":{\"class\":\"\",\"xicon\":\"\",\"caption\":\"\",\"alignsub\":\"\",\"group\":\"0\",\"hidewcol\":\"0\",\"hidesub\":\"0\"},\"rows_content\":[]},\"menu_link_content:48c6bf66-c191-4741-8c0c-6c24cd877873\":{\"submenu_config\":{\"width\":\"\",\"class\":\"\",\"group\":\"0\"},\"item_config\":{\"class\":\"\",\"xicon\":\"\",\"caption\":\"\",\"alignsub\":\"\",\"group\":\"0\",\"hidewcol\":\"0\",\"hidesub\":\"0\"},\"rows_content\":[]},\"menu_link_content:dbbe2ad0-d06c-4421-939e-b1d773708610\":{\"submenu_config\":{\"width\":\"\",\"class\":\"\",\"group\":\"0\"},\"item_config\":{\"class\":\"\",\"xicon\":\"\",\"caption\":\"\",\"alignsub\":\"\",\"group\":\"0\",\"hidewcol\":\"0\",\"hidesub\":\"0\"},\"rows_content\":[]},\"menu_link_content:d762dae7-7df3-4257-8315-cc0cd224b320\":{\"submenu_config\":{\"width\":\"\",\"class\":\"\",\"group\":\"0\"},\"item_config\":{\"class\":\"\",\"xicon\":\"\",\"caption\":\"\",\"alignsub\":\"\",\"group\":\"0\",\"hidewcol\":\"0\",\"hidesub\":\"0\"},\"rows_content\":[]},\"menu_link_content:7ca71f1d-ec1a-4fb9-b784-a1aa80c86c04\":{\"submenu_config\":{\"width\":\"\",\"class\":\"\",\"group\":\"0\"},\"item_config\":{\"class\":\"\",\"xicon\":\"\",\"caption\":\"\",\"alignsub\":\"\",\"group\":\"0\",\"hidewcol\":\"0\",\"hidesub\":\"0\"},\"rows_content\":[]},\"menu_link_content:34476f44-d71e-4001-96cb-cf2e2c85d77a\":{\"submenu_config\":{\"width\":\"\",\"class\":\"\",\"group\":\"0\"},\"item_config\":{\"class\":\"\",\"xicon\":\"\",\"caption\":\"\",\"alignsub\":\"\",\"group\":\"0\",\"hidewcol\":\"0\",\"hidesub\":\"0\"},\"rows_content\":[]},\"menu_link_content:fbad70cd-1ee1-4744-bfe3-bc0126af013f\":{\"submenu_config\":{\"width\":\"\",\"class\":\"\",\"group\":\"0\"},\"item_config\":{\"class\":\"\",\"xicon\":\"\",\"caption\":\"\",\"alignsub\":\"\",\"group\":\"0\",\"hidewcol\":\"0\",\"hidesub\":\"0\"},\"rows_content\":[]},\"menu_link_content:ca33f02d-592b-417e-9f94-c1d150e4bc35\":{\"submenu_config\":{\"width\":\"\",\"class\":\"\",\"group\":\"0\"},\"item_config\":{\"class\":\"\",\"xicon\":\"\",\"caption\":\"\",\"alignsub\":\"\",\"group\":\"0\",\"hidewcol\":\"0\",\"hidesub\":\"0\"},\"rows_content\":[]},\"menu_link_content:3fd3d45c-0534-4669-b193-e24368d00c17\":{\"submenu_config\":{\"width\":\"\",\"class\":\"\",\"group\":\"0\"},\"item_config\":{\"class\":\"\",\"xicon\":\"\",\"caption\":\"\",\"alignsub\":\"\",\"group\":\"0\",\"hidewcol\":\"0\",\"hidesub\":\"0\"},\"rows_content\":[]},\"menu_link_content:65e2d2d9-cf30-4e1c-a1ef-653628d98192\":{\"submenu_config\":{\"width\":\"\",\"class\":\"\",\"group\":\"0\"},\"item_config\":{\"class\":\"\",\"xicon\":\"\",\"caption\":\"\",\"alignsub\":\"\",\"group\":\"0\",\"hidewcol\":\"0\",\"hidesub\":\"0\"},\"rows_content\":[]},\"menu_link_content:836383d2-9de2-46d1-aa8f-6cfdc67805ed\":{\"submenu_config\":{\"width\":\"\",\"class\":\"\",\"group\":\"0\"},\"item_config\":{\"class\":\"\",\"xicon\":\"\",\"caption\":\"\",\"alignsub\":\"\",\"group\":\"0\",\"hidewcol\":\"0\",\"hidesub\":\"0\"},\"rows_content\":[]},\"menu_link_content:8ed7e50b-ea84-4f81-84b8-f6375731ca4d\":{\"submenu_config\":{\"width\":\"\",\"class\":\"\",\"group\":\"0\"},\"item_config\":{\"class\":\"\",\"xicon\":\"\",\"caption\":\"\",\"alignsub\":\"\",\"group\":\"0\",\"hidewcol\":\"0\",\"hidesub\":\"0\"},\"rows_content\":[]},\"menu_link_content:3032bd01-e8a4-4664-9913-73d4a54d22b6\":{\"submenu_config\":{\"width\":\"\",\"class\":\"\",\"group\":\"0\"},\"item_config\":{\"class\":\"\",\"xicon\":\"\",\"caption\":\"\",\"alignsub\":\"\",\"group\":\"0\",\"hidewcol\":\"0\",\"hidesub\":\"0\"},\"rows_content\":[]},\"views_view:views.products_split.page\":{\"submenu_config\":{\"width\":\"\",\"class\":\"\",\"group\":\"0\"},\"item_config\":{\"class\":\"\",\"xicon\":\"\",\"caption\":\"\",\"alignsub\":\"\",\"group\":\"0\",\"hidewcol\":\"0\",\"hidesub\":\"0\"},\"rows_content\":[]},\"views_view:views.products_list.page_1\":{\"submenu_config\":{\"width\":\"\",\"class\":\"\",\"group\":\"0\"},\"item_config\":{\"class\":\"\",\"xicon\":\"\",\"caption\":\"\",\"alignsub\":\"\",\"group\":\"0\",\"hidewcol\":\"0\",\"hidesub\":\"0\"},\"rows_content\":[]},\"menu_link_content:5bae46f8-c248-41d5-bc1d-6d72e4bbb9f5\":{\"rows_content\":[[{\"col_content\":[{\"plugin_id\":\"menu_link_content:26b3c66e-9089-4ca9-9134-54517707168a\",\"type\":\"menu_item\",\"weight\":\"0\"},{\"plugin_id\":\"menu_link_content:e8666415-fa89-4385-95e9-7f9ed82e0daa\",\"type\":\"menu_item\",\"weight\":\"1\"},{\"plugin_id\":\"menu_link_content:ec1954f8-90f8-402c-956a-06f4f91b3b2f\",\"type\":\"menu_item\",\"weight\":\"10\"},{\"plugin_id\":\"menu_link_content:fdddddeb-e191-4b14-9eb1-f936d594bbed\",\"type\":\"menu_item\",\"weight\":\"11\"},{\"plugin_id\":\"menu_link_content:6b66e97f-b9ea-41ef-bac6-18b8786de3b3\",\"type\":\"menu_item\",\"weight\":\"12\"},{\"plugin_id\":\"menu_link_content:7d778e87-92c8-4f2c-8ff2-6e0833b6af4d\",\"type\":\"menu_item\",\"weight\":\"13\"},{\"plugin_id\":\"menu_link_content:d36965ea-1435-4749-b94a-18b68955f8c4\",\"type\":\"menu_item\",\"weight\":\"14\"}],\"col_config\":{\"width\":\"4\",\"class\":\"\",\"hidewcol\":\"0\",\"showblocktitle\":\"1\"}},{\"col_content\":[{\"plugin_id\":\"menu_link_content:4ae0fcdc-2332-43c8-87f9-78d272bad9a7\",\"type\":\"menu_item\",\"weight\":\"15\"},{\"plugin_id\":\"menu_link_content:be049ed9-99c6-43ff-87d2-2bc38e5a5590\",\"type\":\"menu_item\",\"weight\":\"16\"},{\"plugin_id\":\"menu_link_content:3ba3898b-1b26-4f75-aca2-d485e74e6868\",\"type\":\"menu_item\",\"weight\":\"17\"},{\"plugin_id\":\"menu_link_content:b25dcdd0-06c5-450f-8406-7687c35f6a84\",\"type\":\"menu_item\",\"weight\":\"18\"},{\"plugin_id\":\"menu_link_content:c31e16c3-efc7-4db3-8d9a-81947641c45f\",\"type\":\"menu_item\",\"weight\":\"19\"},{\"plugin_id\":\"menu_link_content:f454fd23-3cf9-47e8-8359-5d9587b74d2f\",\"type\":\"menu_item\",\"weight\":\"2\"},{\"plugin_id\":\"menu_link_content:7937ca0a-5b9b-4b6a-a0c0-13a18894b8a0\",\"type\":\"menu_item\",\"weight\":\"3\"}],\"col_config\":{\"width\":\"4\",\"class\":\"\",\"hidewcol\":\"\",\"showblocktitle\":\"1\"}},{\"col_content\":[{\"plugin_id\":\"menu_link_content:5da8d052-f2cf-45b7-aaa9-ebd5a02af8f8\",\"type\":\"menu_item\",\"weight\":\"4\"},{\"plugin_id\":\"menu_link_content:aa185939-d557-4987-97c1-3e1d200d6fcf\",\"type\":\"menu_item\",\"weight\":\"5\"},{\"plugin_id\":\"menu_link_content:cff28403-8286-4b7b-a551-d5126b13faa4\",\"type\":\"menu_item\",\"weight\":\"6\"},{\"plugin_id\":\"menu_link_content:2513da86-dfc9-4ba9-88cc-daaf193bfac3\",\"type\":\"menu_item\",\"weight\":\"7\"},{\"plugin_id\":\"menu_link_content:ece96e6b-3195-4448-96fd-371b75b68cfb\",\"type\":\"menu_item\",\"weight\":\"8\"},{\"plugin_id\":\"menu_link_content:82fc923e-4731-4544-9a4b-027c57b260f5\",\"type\":\"menu_item\",\"weight\":\"9\"}],\"col_config\":{\"width\":\"4\",\"class\":\"\",\"hidewcol\":\"\",\"showblocktitle\":\"1\"}}]],\"submenu_config\":{\"width\":\"800\",\"class\":\"\",\"group\":\"0\"},\"item_config\":{\"class\":\"\",\"xicon\":\"\",\"caption\":\"\",\"alignsub\":\"right\",\"group\":\"0\",\"hidewcol\":\"0\",\"hidesub\":\"0\"}},\"menu_link_content:26b3c66e-9089-4ca9-9134-54517707168a\":{\"submenu_config\":{\"width\":\"\",\"class\":\"\",\"group\":\"0\"},\"item_config\":{\"class\":\"\",\"xicon\":\"\",\"caption\":\"\",\"alignsub\":\"\",\"group\":\"0\",\"hidewcol\":\"0\",\"hidesub\":\"0\"},\"rows_content\":[]},\"menu_link_content:e8666415-fa89-4385-95e9-7f9ed82e0daa\":{\"submenu_config\":{\"width\":\"\",\"class\":\"\",\"group\":\"0\"},\"item_config\":{\"class\":\"\",\"xicon\":\"\",\"caption\":\"\",\"alignsub\":\"\",\"group\":\"0\",\"hidewcol\":\"0\",\"hidesub\":\"0\"},\"rows_content\":[]},\"menu_link_content:ec1954f8-90f8-402c-956a-06f4f91b3b2f\":{\"submenu_config\":{\"width\":\"\",\"class\":\"\",\"group\":\"0\"},\"item_config\":{\"class\":\"\",\"xicon\":\"\",\"caption\":\"\",\"alignsub\":\"\",\"group\":\"0\",\"hidewcol\":\"0\",\"hidesub\":\"0\"},\"rows_content\":[]},\"menu_link_content:fdddddeb-e191-4b14-9eb1-f936d594bbed\":{\"submenu_config\":{\"width\":\"\",\"class\":\"\",\"group\":\"0\"},\"item_config\":{\"class\":\"\",\"xicon\":\"\",\"caption\":\"\",\"alignsub\":\"\",\"group\":\"0\",\"hidewcol\":\"0\",\"hidesub\":\"0\"},\"rows_content\":[]},\"menu_link_content:6b66e97f-b9ea-41ef-bac6-18b8786de3b3\":{\"submenu_config\":{\"width\":\"\",\"class\":\"\",\"group\":\"0\"},\"item_config\":{\"class\":\"\",\"xicon\":\"\",\"caption\":\"\",\"alignsub\":\"\",\"group\":\"0\",\"hidewcol\":\"0\",\"hidesub\":\"0\"},\"rows_content\":[]},\"menu_link_content:7d778e87-92c8-4f2c-8ff2-6e0833b6af4d\":{\"submenu_config\":{\"width\":\"\",\"class\":\"\",\"group\":\"0\"},\"item_config\":{\"class\":\"\",\"xicon\":\"\",\"caption\":\"\",\"alignsub\":\"\",\"group\":\"0\",\"hidewcol\":\"0\",\"hidesub\":\"0\"},\"rows_content\":[]},\"menu_link_content:d36965ea-1435-4749-b94a-18b68955f8c4\":{\"submenu_config\":{\"width\":\"\",\"class\":\"\",\"group\":\"0\"},\"item_config\":{\"class\":\"\",\"xicon\":\"\",\"caption\":\"\",\"alignsub\":\"\",\"group\":\"0\",\"hidewcol\":\"0\",\"hidesub\":\"0\"},\"rows_content\":[]},\"menu_link_content:4ae0fcdc-2332-43c8-87f9-78d272bad9a7\":{\"submenu_config\":{\"width\":\"\",\"class\":\"\",\"group\":\"0\"},\"item_config\":{\"class\":\"\",\"xicon\":\"\",\"caption\":\"\",\"alignsub\":\"\",\"group\":\"0\",\"hidewcol\":\"0\",\"hidesub\":\"0\"},\"rows_content\":[]},\"menu_link_content:be049ed9-99c6-43ff-87d2-2bc38e5a5590\":{\"submenu_config\":{\"width\":\"\",\"class\":\"\",\"group\":\"0\"},\"item_config\":{\"class\":\"\",\"xicon\":\"\",\"caption\":\"\",\"alignsub\":\"\",\"group\":\"0\",\"hidewcol\":\"0\",\"hidesub\":\"0\"},\"rows_content\":[]},\"menu_link_content:3ba3898b-1b26-4f75-aca2-d485e74e6868\":{\"submenu_config\":{\"width\":\"\",\"class\":\"\",\"group\":\"0\"},\"item_config\":{\"class\":\"\",\"xicon\":\"\",\"caption\":\"\",\"alignsub\":\"\",\"group\":\"0\",\"hidewcol\":\"0\",\"hidesub\":\"0\"},\"rows_content\":[]},\"menu_link_content:b25dcdd0-06c5-450f-8406-7687c35f6a84\":{\"submenu_config\":{\"width\":\"\",\"class\":\"\",\"group\":\"0\"},\"item_config\":{\"class\":\"\",\"xicon\":\"\",\"caption\":\"\",\"alignsub\":\"\",\"group\":\"0\",\"hidewcol\":\"0\",\"hidesub\":\"0\"},\"rows_content\":[]},\"menu_link_content:c31e16c3-efc7-4db3-8d9a-81947641c45f\":{\"submenu_config\":{\"width\":\"\",\"class\":\"\",\"group\":\"0\"},\"item_config\":{\"class\":\"\",\"xicon\":\"\",\"caption\":\"\",\"alignsub\":\"\",\"group\":\"0\",\"hidewcol\":\"0\",\"hidesub\":\"0\"},\"rows_content\":[]},\"menu_link_content:f454fd23-3cf9-47e8-8359-5d9587b74d2f\":{\"submenu_config\":{\"width\":\"\",\"class\":\"\",\"group\":\"0\"},\"item_config\":{\"class\":\"\",\"xicon\":\"\",\"caption\":\"\",\"alignsub\":\"\",\"group\":\"0\",\"hidewcol\":\"0\",\"hidesub\":\"0\"},\"rows_content\":[]},\"menu_link_content:7937ca0a-5b9b-4b6a-a0c0-13a18894b8a0\":{\"submenu_config\":{\"width\":\"\",\"class\":\"\",\"group\":\"0\"},\"item_config\":{\"class\":\"\",\"xicon\":\"\",\"caption\":\"\",\"alignsub\":\"\",\"group\":\"0\",\"hidewcol\":\"0\",\"hidesub\":\"0\"},\"rows_content\":[]},\"menu_link_content:5da8d052-f2cf-45b7-aaa9-ebd5a02af8f8\":{\"submenu_config\":{\"width\":\"\",\"class\":\"\",\"group\":\"0\"},\"item_config\":{\"class\":\"\",\"xicon\":\"\",\"caption\":\"\",\"alignsub\":\"\",\"group\":\"0\",\"hidewcol\":\"0\",\"hidesub\":\"0\"},\"rows_content\":[]},\"menu_link_content:aa185939-d557-4987-97c1-3e1d200d6fcf\":{\"submenu_config\":{\"width\":\"\",\"class\":\"\",\"group\":\"0\"},\"item_config\":{\"class\":\"\",\"xicon\":\"\",\"caption\":\"\",\"alignsub\":\"\",\"group\":\"0\",\"hidewcol\":\"0\",\"hidesub\":\"0\"},\"rows_content\":[]},\"menu_link_content:cff28403-8286-4b7b-a551-d5126b13faa4\":{\"submenu_config\":{\"width\":\"\",\"class\":\"\",\"group\":\"0\"},\"item_config\":{\"class\":\"\",\"xicon\":\"\",\"caption\":\"\",\"alignsub\":\"\",\"group\":\"0\",\"hidewcol\":\"0\",\"hidesub\":\"0\"},\"rows_content\":[]},\"menu_link_content:2513da86-dfc9-4ba9-88cc-daaf193bfac3\":{\"submenu_config\":{\"width\":\"\",\"class\":\"\",\"group\":\"0\"},\"item_config\":{\"class\":\"\",\"xicon\":\"\",\"caption\":\"\",\"alignsub\":\"\",\"group\":\"0\",\"hidewcol\":\"0\",\"hidesub\":\"0\"},\"rows_content\":[]},\"menu_link_content:ece96e6b-3195-4448-96fd-371b75b68cfb\":{\"submenu_config\":{\"width\":\"\",\"class\":\"\",\"group\":\"0\"},\"item_config\":{\"class\":\"\",\"xicon\":\"\",\"caption\":\"\",\"alignsub\":\"\",\"group\":\"0\",\"hidewcol\":\"0\",\"hidesub\":\"0\"},\"rows_content\":[]},\"menu_link_content:82fc923e-4731-4544-9a4b-027c57b260f5\":{\"submenu_config\":{\"width\":\"\",\"class\":\"\",\"group\":\"0\"},\"item_config\":{\"class\":\"\",\"xicon\":\"\",\"caption\":\"\",\"alignsub\":\"\",\"group\":\"0\",\"hidewcol\":\"0\",\"hidesub\":\"0\"},\"rows_content\":[]},\"menu_link_content:73e07b18-7ed6-4383-bb02-d10cd8face90\":{\"rows_content\":[[{\"col_content\":[{\"plugin_id\":\"menu_link_content:a4613430-0a14-4af7-b069-2bf0f87c9e8f\",\"type\":\"menu_item\",\"weight\":\"71\"},{\"plugin_id\":\"menu_link_content:db1bff4c-b35f-442e-bc1a-9505ad9232b7\",\"type\":\"menu_item\",\"weight\":\"72\"},{\"plugin_id\":\"menu_link_content:43b6f880-9f77-4441-9bac-b8bc8aca5040\",\"type\":\"menu_item\",\"weight\":\"73\"},{\"plugin_id\":\"menu_link_content:82448961-e8a6-4ab8-80bd-bdf7d36499bf\",\"type\":\"menu_item\",\"weight\":\"74\"},{\"plugin_id\":\"menu_link_content:0bf98799-8038-4cb6-a816-ef94ab8815f2\",\"type\":\"menu_item\",\"weight\":\"75\"},{\"plugin_id\":\"menu_link_content:29a94b70-35ee-48a1-9716-4c9675634bb6\",\"type\":\"menu_item\",\"weight\":\"76\"},{\"plugin_id\":\"menu_link_content:85189064-2d29-4093-a10c-807760e6e088\",\"type\":\"menu_item\",\"weight\":\"77\"}],\"col_config\":{\"width\":\"3\",\"class\":\"\",\"hidewcol\":\"0\",\"showblocktitle\":\"1\"}},{\"col_content\":[{\"plugin_id\":\"menu_link_content:dee8fe77-7e36-4fa8-9925-9e48135ec4b3\",\"type\":\"menu_item\",\"weight\":\"78\"},{\"plugin_id\":\"menu_link_content:45b2aa0c-cc0b-4646-bcd3-60f5324dac17\",\"type\":\"menu_item\",\"weight\":\"79\"},{\"plugin_id\":\"menu_link_content:6c21ada4-ca61-486b-a821-b82be65d5de7\",\"type\":\"menu_item\",\"weight\":\"80\"},{\"plugin_id\":\"menu_link_content:d76bc9d1-c123-4e60-b91f-aa99293cba36\",\"type\":\"menu_item\",\"weight\":\"81\"},{\"plugin_id\":\"menu_link_content:8dd80108-24b8-4c1a-a570-ccfa291e867f\",\"type\":\"menu_item\",\"weight\":\"82\"},{\"plugin_id\":\"menu_link_content:bba781bb-d3e5-46cc-8ff9-4893693cb47e\",\"type\":\"menu_item\",\"weight\":\"83\"},{\"plugin_id\":\"menu_link_content:1fd3a0c5-69f7-48bd-a3a4-887a4ed16029\",\"type\":\"menu_item\",\"weight\":\"84\"}],\"col_config\":{\"width\":\"3\",\"class\":\"\",\"hidewcol\":\"\",\"showblocktitle\":\"1\"}},{\"col_content\":[{\"plugin_id\":\"menu_link_content:343796b0-ed02-4f9f-ac03-01583d5a9c01\",\"type\":\"menu_item\",\"weight\":\"85\"},{\"plugin_id\":\"menu_link_content:a9c28115-12a9-40b0-a3e9-5ddd5550c94c\",\"type\":\"menu_item\",\"weight\":\"86\"},{\"plugin_id\":\"menu_link_content:5099e136-a46d-4895-9309-69d8404d01ac\",\"type\":\"menu_item\",\"weight\":\"87\"},{\"plugin_id\":\"menu_link_content:ccece096-1d89-4065-8332-d5ff144a4d72\",\"type\":\"menu_item\",\"weight\":\"88\"},{\"plugin_id\":\"menu_link_content:9b7c479a-3ad8-417a-8901-dcc7b7fbd238\",\"type\":\"menu_item\",\"weight\":\"89\"},{\"plugin_id\":\"menu_link_content:fbf66ddc-253d-4cdd-9376-cf4e430a9423\",\"type\":\"menu_item\",\"weight\":\"90\"},{\"plugin_id\":\"menu_link_content:542c41e7-4ecb-4d0f-82a6-fb5fd85ea721\",\"type\":\"menu_item\",\"weight\":\"91\"}],\"col_config\":{\"width\":\"3\",\"class\":\"\",\"hidewcol\":\"\",\"showblocktitle\":\"1\"}},{\"col_content\":[{\"plugin_id\":\"menu_link_content:c749829f-4b92-40bf-878c-34d4feda202b\",\"type\":\"menu_item\",\"weight\":\"92\"},{\"plugin_id\":\"menu_link_content:93923192-33dd-4cff-b8ac-73cbe74c3205\",\"type\":\"menu_item\",\"weight\":\"93\"},{\"plugin_id\":\"menu_link_content:e3401764-46fd-4382-a16b-b4df6a4acbe8\",\"type\":\"menu_item\",\"weight\":\"94\"},{\"plugin_id\":\"menu_link_content:3122dc5c-9bdf-4ab7-a48f-cef6963f3a28\",\"type\":\"menu_item\",\"weight\":\"95\"},{\"plugin_id\":\"menu_link_content:d27ca641-e1a6-4136-b8a3-73af5c18012d\",\"type\":\"menu_item\",\"weight\":\"96\"},{\"plugin_id\":\"menu_link_content:c333cf5e-f5f1-4fc3-b004-88b7b231d5b8\",\"type\":\"menu_item\",\"weight\":\"97\"}],\"col_config\":{\"width\":\"3\",\"class\":\"\",\"hidewcol\":\"\",\"showblocktitle\":\"1\"}}]],\"submenu_config\":{\"width\":\"800\",\"class\":\"\",\"group\":\"0\"},\"item_config\":{\"class\":\"\",\"xicon\":\"\",\"caption\":\"\",\"alignsub\":\"justify\",\"group\":\"0\",\"hidewcol\":\"0\",\"hidesub\":\"0\"}},\"menu_link_content:a4613430-0a14-4af7-b069-2bf0f87c9e8f\":{\"submenu_config\":{\"width\":\"\",\"class\":\"\",\"group\":\"0\"},\"item_config\":{\"class\":\"\",\"xicon\":\"\",\"caption\":\"\",\"alignsub\":\"\",\"group\":\"0\",\"hidewcol\":\"0\",\"hidesub\":\"0\"},\"rows_content\":[]},\"menu_link_content:db1bff4c-b35f-442e-bc1a-9505ad9232b7\":{\"submenu_config\":{\"width\":\"\",\"class\":\"\",\"group\":\"0\"},\"item_config\":{\"class\":\"\",\"xicon\":\"\",\"caption\":\"\",\"alignsub\":\"\",\"group\":\"0\",\"hidewcol\":\"0\",\"hidesub\":\"0\"},\"rows_content\":[]},\"menu_link_content:43b6f880-9f77-4441-9bac-b8bc8aca5040\":{\"submenu_config\":{\"width\":\"\",\"class\":\"\",\"group\":\"0\"},\"item_config\":{\"class\":\"\",\"xicon\":\"\",\"caption\":\"\",\"alignsub\":\"\",\"group\":\"0\",\"hidewcol\":\"0\",\"hidesub\":\"0\"},\"rows_content\":[]},\"menu_link_content:82448961-e8a6-4ab8-80bd-bdf7d36499bf\":{\"submenu_config\":{\"width\":\"\",\"class\":\"\",\"group\":\"0\"},\"item_config\":{\"class\":\"\",\"xicon\":\"\",\"caption\":\"\",\"alignsub\":\"\",\"group\":\"0\",\"hidewcol\":\"0\",\"hidesub\":\"0\"},\"rows_content\":[]},\"menu_link_content:0bf98799-8038-4cb6-a816-ef94ab8815f2\":{\"submenu_config\":{\"width\":\"\",\"class\":\"\",\"group\":\"0\"},\"item_config\":{\"class\":\"\",\"xicon\":\"\",\"caption\":\"\",\"alignsub\":\"\",\"group\":\"0\",\"hidewcol\":\"0\",\"hidesub\":\"0\"},\"rows_content\":[]},\"menu_link_content:29a94b70-35ee-48a1-9716-4c9675634bb6\":{\"submenu_config\":{\"width\":\"\",\"class\":\"\",\"group\":\"0\"},\"item_config\":{\"class\":\"\",\"xicon\":\"\",\"caption\":\"\",\"alignsub\":\"\",\"group\":\"0\",\"hidewcol\":\"0\",\"hidesub\":\"0\"},\"rows_content\":[]},\"menu_link_content:85189064-2d29-4093-a10c-807760e6e088\":{\"submenu_config\":{\"width\":\"\",\"class\":\"\",\"group\":\"0\"},\"item_config\":{\"class\":\"\",\"xicon\":\"\",\"caption\":\"\",\"alignsub\":\"\",\"group\":\"0\",\"hidewcol\":\"0\",\"hidesub\":\"0\"},\"rows_content\":[]},\"menu_link_content:dee8fe77-7e36-4fa8-9925-9e48135ec4b3\":{\"submenu_config\":{\"width\":\"\",\"class\":\"\",\"group\":\"0\"},\"item_config\":{\"class\":\"\",\"xicon\":\"\",\"caption\":\"\",\"alignsub\":\"\",\"group\":\"0\",\"hidewcol\":\"0\",\"hidesub\":\"0\"},\"rows_content\":[]},\"menu_link_content:45b2aa0c-cc0b-4646-bcd3-60f5324dac17\":{\"submenu_config\":{\"width\":\"\",\"class\":\"\",\"group\":\"0\"},\"item_config\":{\"class\":\"\",\"xicon\":\"\",\"caption\":\"\",\"alignsub\":\"\",\"group\":\"0\",\"hidewcol\":\"0\",\"hidesub\":\"0\"},\"rows_content\":[]},\"menu_link_content:6c21ada4-ca61-486b-a821-b82be65d5de7\":{\"submenu_config\":{\"width\":\"\",\"class\":\"\",\"group\":\"0\"},\"item_config\":{\"class\":\"\",\"xicon\":\"\",\"caption\":\"\",\"alignsub\":\"\",\"group\":\"0\",\"hidewcol\":\"0\",\"hidesub\":\"0\"},\"rows_content\":[]},\"menu_link_content:d76bc9d1-c123-4e60-b91f-aa99293cba36\":{\"submenu_config\":{\"width\":\"\",\"class\":\"\",\"group\":\"0\"},\"item_config\":{\"class\":\"\",\"xicon\":\"\",\"caption\":\"\",\"alignsub\":\"\",\"group\":\"0\",\"hidewcol\":\"0\",\"hidesub\":\"0\"},\"rows_content\":[]},\"menu_link_content:8dd80108-24b8-4c1a-a570-ccfa291e867f\":{\"submenu_config\":{\"width\":\"\",\"class\":\"\",\"group\":\"0\"},\"item_config\":{\"class\":\"\",\"xicon\":\"\",\"caption\":\"\",\"alignsub\":\"\",\"group\":\"0\",\"hidewcol\":\"0\",\"hidesub\":\"0\"},\"rows_content\":[]},\"menu_link_content:bba781bb-d3e5-46cc-8ff9-4893693cb47e\":{\"submenu_config\":{\"width\":\"\",\"class\":\"\",\"group\":\"0\"},\"item_config\":{\"class\":\"\",\"xicon\":\"\",\"caption\":\"\",\"alignsub\":\"\",\"group\":\"0\",\"hidewcol\":\"0\",\"hidesub\":\"0\"},\"rows_content\":[]},\"menu_link_content:1fd3a0c5-69f7-48bd-a3a4-887a4ed16029\":{\"submenu_config\":{\"width\":\"\",\"class\":\"\",\"group\":\"0\"},\"item_config\":{\"class\":\"\",\"xicon\":\"\",\"caption\":\"\",\"alignsub\":\"\",\"group\":\"0\",\"hidewcol\":\"0\",\"hidesub\":\"0\"},\"rows_content\":[]},\"menu_link_content:343796b0-ed02-4f9f-ac03-01583d5a9c01\":{\"submenu_config\":{\"width\":\"\",\"class\":\"\",\"group\":\"0\"},\"item_config\":{\"class\":\"\",\"xicon\":\"\",\"caption\":\"\",\"alignsub\":\"\",\"group\":\"0\",\"hidewcol\":\"0\",\"hidesub\":\"0\"},\"rows_content\":[]},\"menu_link_content:a9c28115-12a9-40b0-a3e9-5ddd5550c94c\":{\"submenu_config\":{\"width\":\"\",\"class\":\"\",\"group\":\"0\"},\"item_config\":{\"class\":\"\",\"xicon\":\"\",\"caption\":\"\",\"alignsub\":\"\",\"group\":\"0\",\"hidewcol\":\"0\",\"hidesub\":\"0\"},\"rows_content\":[]},\"menu_link_content:5099e136-a46d-4895-9309-69d8404d01ac\":{\"submenu_config\":{\"width\":\"\",\"class\":\"\",\"group\":\"0\"},\"item_config\":{\"class\":\"\",\"xicon\":\"\",\"caption\":\"\",\"alignsub\":\"\",\"group\":\"0\",\"hidewcol\":\"0\",\"hidesub\":\"0\"},\"rows_content\":[]},\"menu_link_content:ccece096-1d89-4065-8332-d5ff144a4d72\":{\"submenu_config\":{\"width\":\"\",\"class\":\"\",\"group\":\"0\"},\"item_config\":{\"class\":\"\",\"xicon\":\"\",\"caption\":\"\",\"alignsub\":\"\",\"group\":\"0\",\"hidewcol\":\"0\",\"hidesub\":\"0\"},\"rows_content\":[]},\"menu_link_content:9b7c479a-3ad8-417a-8901-dcc7b7fbd238\":{\"submenu_config\":{\"width\":\"\",\"class\":\"\",\"group\":\"0\"},\"item_config\":{\"class\":\"\",\"xicon\":\"\",\"caption\":\"\",\"alignsub\":\"\",\"group\":\"0\",\"hidewcol\":\"0\",\"hidesub\":\"0\"},\"rows_content\":[]},\"menu_link_content:fbf66ddc-253d-4cdd-9376-cf4e430a9423\":{\"submenu_config\":{\"width\":\"\",\"class\":\"\",\"group\":\"0\"},\"item_config\":{\"class\":\"\",\"xicon\":\"\",\"caption\":\"\",\"alignsub\":\"\",\"group\":\"0\",\"hidewcol\":\"0\",\"hidesub\":\"0\"},\"rows_content\":[]},\"menu_link_content:542c41e7-4ecb-4d0f-82a6-fb5fd85ea721\":{\"submenu_config\":{\"width\":\"\",\"class\":\"\",\"group\":\"0\"},\"item_config\":{\"class\":\"\",\"xicon\":\"\",\"caption\":\"\",\"alignsub\":\"\",\"group\":\"0\",\"hidewcol\":\"0\",\"hidesub\":\"0\"},\"rows_content\":[]},\"menu_link_content:c749829f-4b92-40bf-878c-34d4feda202b\":{\"submenu_config\":{\"width\":\"\",\"class\":\"\",\"group\":\"0\"},\"item_config\":{\"class\":\"\",\"xicon\":\"\",\"caption\":\"\",\"alignsub\":\"\",\"group\":\"0\",\"hidewcol\":\"0\",\"hidesub\":\"0\"},\"rows_content\":[]},\"menu_link_content:93923192-33dd-4cff-b8ac-73cbe74c3205\":{\"submenu_config\":{\"width\":\"\",\"class\":\"\",\"group\":\"0\"},\"item_config\":{\"class\":\"\",\"xicon\":\"\",\"caption\":\"\",\"alignsub\":\"\",\"group\":\"0\",\"hidewcol\":\"0\",\"hidesub\":\"0\"},\"rows_content\":[]},\"menu_link_content:e3401764-46fd-4382-a16b-b4df6a4acbe8\":{\"submenu_config\":{\"width\":\"\",\"class\":\"\",\"group\":\"0\"},\"item_config\":{\"class\":\"\",\"xicon\":\"\",\"caption\":\"\",\"alignsub\":\"\",\"group\":\"0\",\"hidewcol\":\"0\",\"hidesub\":\"0\"},\"rows_content\":[]},\"menu_link_content:3122dc5c-9bdf-4ab7-a48f-cef6963f3a28\":{\"submenu_config\":{\"width\":\"\",\"class\":\"\",\"group\":\"0\"},\"item_config\":{\"class\":\"\",\"xicon\":\"\",\"caption\":\"\",\"alignsub\":\"\",\"group\":\"0\",\"hidewcol\":\"0\",\"hidesub\":\"0\"},\"rows_content\":[]},\"menu_link_content:d27ca641-e1a6-4136-b8a3-73af5c18012d\":{\"submenu_config\":{\"width\":\"\",\"class\":\"\",\"group\":\"0\"},\"item_config\":{\"class\":\"\",\"xicon\":\"\",\"caption\":\"\",\"alignsub\":\"\",\"group\":\"0\",\"hidewcol\":\"0\",\"hidesub\":\"0\"},\"rows_content\":[]},\"menu_link_content:c333cf5e-f5f1-4fc3-b004-88b7b231d5b8\":{\"submenu_config\":{\"width\":\"\",\"class\":\"\",\"group\":\"0\"},\"item_config\":{\"class\":\"\",\"xicon\":\"\",\"caption\":\"\",\"alignsub\":\"\",\"group\":\"0\",\"hidewcol\":\"0\",\"hidesub\":\"0\"},\"rows_content\":[]}}');

--
-- Table structure for table `user__commerce_remote_id`
--

CREATE TABLE `user__commerce_remote_id` (
  `bundle` varchar(128) CHARACTER SET ascii NOT NULL DEFAULT '' COMMENT 'The field instance bundle to which this row belongs, used when deleting a field instance',
  `deleted` tinyint(4) NOT NULL DEFAULT '0' COMMENT 'A boolean indicating whether this data item has been deleted',
  `entity_id` int(10) unsigned NOT NULL COMMENT 'The entity id this data is attached to',
  `revision_id` int(10) unsigned NOT NULL COMMENT 'The entity revision id this data is attached to, which for an unversioned entity type is the same as the entity id',
  `langcode` varchar(32) CHARACTER SET ascii NOT NULL DEFAULT '' COMMENT 'The language code for this data item.',
  `delta` int(10) unsigned NOT NULL COMMENT 'The sequence number for this data item, used for multi-value fields',
  `commerce_remote_id_provider` varchar(255) CHARACTER SET ascii DEFAULT NULL COMMENT 'The provider.',
  `commerce_remote_id_remote_id` varchar(255) CHARACTER SET ascii DEFAULT NULL COMMENT 'The remote ID.',
  PRIMARY KEY (`entity_id`,`deleted`,`delta`,`langcode`),
  KEY `bundle` (`bundle`),
  KEY `revision_id` (`revision_id`)
) ENGINE=InnoDB DEFAULT CHARSET=utf8mb4 COMMENT='Data storage for user field commerce_remote_id.';

--
-- Dumping data for table `user__commerce_remote_id`
--


--
-- Table structure for table `user__field_description`
--

CREATE TABLE `user__field_description` (
  `bundle` varchar(128) CHARACTER SET ascii NOT NULL DEFAULT '' COMMENT 'The field instance bundle to which this row belongs, used when deleting a field instance',
  `deleted` tinyint(4) NOT NULL DEFAULT '0' COMMENT 'A boolean indicating whether this data item has been deleted',
  `entity_id` int(10) unsigned NOT NULL COMMENT 'The entity id this data is attached to',
  `revision_id` int(10) unsigned NOT NULL COMMENT 'The entity revision id this data is attached to, which for an unversioned entity type is the same as the entity id',
  `langcode` varchar(32) CHARACTER SET ascii NOT NULL DEFAULT '' COMMENT 'The language code for this data item.',
  `delta` int(10) unsigned NOT NULL COMMENT 'The sequence number for this data item, used for multi-value fields',
  `field_description_value` longtext NOT NULL,
  `field_description_format` varchar(255) CHARACTER SET ascii DEFAULT NULL,
  PRIMARY KEY (`entity_id`,`deleted`,`delta`,`langcode`),
  KEY `bundle` (`bundle`),
  KEY `revision_id` (`revision_id`),
  KEY `field_description_format` (`field_description_format`)
) ENGINE=InnoDB DEFAULT CHARSET=utf8mb4 COMMENT='Data storage for user field field_description.';

--
-- Dumping data for table `user__field_description`
--

INSERT INTO `user__field_description` VALUES ('user',0,1,1,'en',0,'<ul class=\"list-unstyled\">\r\n	<li>25, Lorem Lis Street, Orange C, California, US</li>\r\n	<li>Phone: 800 123 3456</li>\r\n	<li>Fax: 800 123 3456</li>\r\n	<li>Email: <a class=\"c-theme-link\" href=\"mailto:jango@themehats.com\">jango@themehats.com</a></li>\r\n</ul>\r\n','ckeditor');

--
-- Table structure for table `user__roles`
--

CREATE TABLE `user__roles` (
  `bundle` varchar(128) CHARACTER SET ascii NOT NULL DEFAULT '' COMMENT 'The field instance bundle to which this row belongs, used when deleting a field instance',
  `deleted` tinyint(4) NOT NULL DEFAULT '0' COMMENT 'A boolean indicating whether this data item has been deleted',
  `entity_id` int(10) unsigned NOT NULL COMMENT 'The entity id this data is attached to',
  `revision_id` int(10) unsigned NOT NULL COMMENT 'The entity revision id this data is attached to, which for an unversioned entity type is the same as the entity id',
  `langcode` varchar(32) CHARACTER SET ascii NOT NULL DEFAULT '' COMMENT 'The language code for this data item.',
  `delta` int(10) unsigned NOT NULL COMMENT 'The sequence number for this data item, used for multi-value fields',
  `roles_target_id` varchar(255) CHARACTER SET ascii NOT NULL COMMENT 'The ID of the target entity.',
  PRIMARY KEY (`entity_id`,`deleted`,`delta`,`langcode`),
  KEY `bundle` (`bundle`),
  KEY `revision_id` (`revision_id`),
  KEY `roles_target_id` (`roles_target_id`)
) ENGINE=InnoDB DEFAULT CHARSET=utf8mb4 COMMENT='Data storage for user field roles.';

--
-- Dumping data for table `user__roles`
--

INSERT INTO `user__roles` VALUES ('user',0,1,1,'en',0,'administrator');

--
-- Table structure for table `user__user_picture`
--

CREATE TABLE `user__user_picture` (
  `bundle` varchar(128) CHARACTER SET ascii NOT NULL DEFAULT '' COMMENT 'The field instance bundle to which this row belongs, used when deleting a field instance',
  `deleted` tinyint(4) NOT NULL DEFAULT '0' COMMENT 'A boolean indicating whether this data item has been deleted',
  `entity_id` int(10) unsigned NOT NULL COMMENT 'The entity id this data is attached to',
  `revision_id` int(10) unsigned NOT NULL COMMENT 'The entity revision id this data is attached to, which for an unversioned entity type is the same as the entity id',
  `langcode` varchar(32) CHARACTER SET ascii NOT NULL DEFAULT '' COMMENT 'The language code for this data item.',
  `delta` int(10) unsigned NOT NULL COMMENT 'The sequence number for this data item, used for multi-value fields',
  `user_picture_target_id` int(10) unsigned NOT NULL COMMENT 'The ID of the file entity.',
  `user_picture_alt` varchar(512) DEFAULT NULL COMMENT 'Alternative image text, for the image''s ''alt'' attribute.',
  `user_picture_title` varchar(1024) DEFAULT NULL COMMENT 'Image title text, for the image''s ''title'' attribute.',
  `user_picture_width` int(10) unsigned DEFAULT NULL COMMENT 'The width of the image in pixels.',
  `user_picture_height` int(10) unsigned DEFAULT NULL COMMENT 'The height of the image in pixels.',
  PRIMARY KEY (`entity_id`,`deleted`,`delta`,`langcode`),
  KEY `bundle` (`bundle`),
  KEY `revision_id` (`revision_id`),
  KEY `user_picture_target_id` (`user_picture_target_id`)
) ENGINE=InnoDB DEFAULT CHARSET=utf8mb4 COMMENT='Data storage for user field user_picture.';

--
-- Dumping data for table `user__user_picture`
--


--
-- Table structure for table `users`
--

CREATE TABLE `users` (
  `uid` int(11) NOT NULL AUTO_INCREMENT,
  `uuid` varchar(128) CHARACTER SET ascii NOT NULL,
  `langcode` varchar(12) CHARACTER SET ascii NOT NULL,
  PRIMARY KEY (`uid`),
  UNIQUE KEY `user_field__uuid__value` (`uuid`)
) ENGINE=InnoDB AUTO_INCREMENT=2 DEFAULT CHARSET=utf8mb4 COMMENT='The base table for user entities.';

--
-- Dumping data for table `users`
--

INSERT INTO `users` VALUES (0,'2d40fc08-6ef2-4fb7-8692-3a32d56f7606','en'),(1,'9d0dccb4-3245-492c-97eb-e495a4d0ea15','en');

--
-- Table structure for table `users_data`
--

CREATE TABLE `users_data` (
  `uid` int(10) unsigned NOT NULL DEFAULT '0' COMMENT 'Primary key: users.uid for user.',
  `module` varchar(50) CHARACTER SET ascii NOT NULL DEFAULT '' COMMENT 'The name of the module declaring the variable.',
  `name` varchar(128) CHARACTER SET ascii NOT NULL DEFAULT '' COMMENT 'The identifier of the data.',
  `value` longblob COMMENT 'The value.',
  `serialized` tinyint(3) unsigned DEFAULT '0' COMMENT 'Whether value is serialized.',
  PRIMARY KEY (`uid`,`module`,`name`),
  KEY `module` (`module`),
  KEY `name` (`name`)
) ENGINE=InnoDB DEFAULT CHARSET=utf8mb4 COMMENT='Stores module data as key/value pairs per user.';

--
-- Dumping data for table `users_data`
--


--
-- Table structure for table `users_field_data`
--

CREATE TABLE `users_field_data` (
  `uid` int(10) unsigned NOT NULL,
  `langcode` varchar(12) CHARACTER SET ascii NOT NULL,
  `preferred_langcode` varchar(12) CHARACTER SET ascii DEFAULT NULL,
  `preferred_admin_langcode` varchar(12) CHARACTER SET ascii DEFAULT NULL,
  `name` varchar(60) NOT NULL,
  `pass` varchar(255) DEFAULT NULL,
  `mail` varchar(254) DEFAULT NULL,
  `timezone` varchar(32) DEFAULT NULL,
  `status` tinyint(4) DEFAULT NULL,
  `created` int(11) NOT NULL,
  `changed` int(11) DEFAULT NULL,
  `access` int(11) NOT NULL,
  `login` int(11) DEFAULT NULL,
  `init` varchar(254) DEFAULT NULL,
  `default_langcode` tinyint(4) NOT NULL,
  PRIMARY KEY (`uid`,`langcode`),
  UNIQUE KEY `user__name` (`name`,`langcode`),
  KEY `user__id__default_langcode__langcode` (`uid`,`default_langcode`,`langcode`),
  KEY `user_field__mail` (`mail`(191)),
  KEY `user_field__created` (`created`),
  KEY `user_field__access` (`access`)
) ENGINE=InnoDB DEFAULT CHARSET=utf8mb4 COMMENT='The data table for user entities.';

--
-- Dumping data for table `users_field_data`
--

INSERT INTO `users_field_data` VALUES (0,'en','en',NULL,'',NULL,NULL,'',0,1490734193,1490734193,0,0,NULL,1),(1,'en','en',NULL,'Admin','$S$EK6Qqcs8A69geE.JSbbYJX7VhIyJnd/7Kn42RzT5RrkxHFZfiRYQ','admin@example.com','Europe/Helsinki',1,1490734193,1571848318,1640034227,1640021282,'admin@example.com',1);

--
-- Table structure for table `watchdog`
--

CREATE TABLE `watchdog` (
  `wid` int(11) NOT NULL AUTO_INCREMENT COMMENT 'Primary Key: Unique watchdog event ID.',
  `uid` int(10) unsigned NOT NULL DEFAULT '0' COMMENT 'The users.uid of the user who triggered the event.',
  `type` varchar(64) CHARACTER SET ascii NOT NULL DEFAULT '' COMMENT 'Type of log message, for example "user" or "page not found."',
  `message` longtext NOT NULL COMMENT 'Text of log message to be passed into the t() function.',
  `variables` longblob NOT NULL COMMENT 'Serialized array of variables that match the message string and that is passed into the t() function.',
  `severity` tinyint(3) unsigned NOT NULL DEFAULT '0' COMMENT 'The severity level of the event. ranges from 0 (Emergency) to 7 (Debug)',
  `link` text COMMENT 'Link to view the result of the event.',
  `location` text NOT NULL COMMENT 'URL of the origin of the event.',
  `referer` text COMMENT 'URL of referring page.',
  `hostname` varchar(128) CHARACTER SET ascii NOT NULL DEFAULT '' COMMENT 'Hostname of the user who triggered the event.',
  `timestamp` int(11) NOT NULL DEFAULT '0' COMMENT 'Unix timestamp of when event occurred.',
  PRIMARY KEY (`wid`),
  KEY `type` (`type`),
  KEY `uid` (`uid`),
  KEY `severity` (`severity`)
) ENGINE=InnoDB AUTO_INCREMENT=56 DEFAULT CHARSET=utf8mb4 COMMENT='Table that contains logs of all system events.';

--
-- Dumping data for table `watchdog`
--

INSERT INTO `watchdog` VALUES (1,0,'cron','Attempting to re-run cron while it is already running.',_binary 'a:0:{}',4,'','https://localhost:53595/','','172.19.0.1',1640020697),(2,0,'cron','Attempting to re-run cron while it is already running.',_binary 'a:0:{}',4,'','http://localhost:53594/','','172.19.0.1',1640020697),(3,0,'cron','Starting execution of @module_cron().',_binary 'a:1:{s:7:\"@module\";s:7:\"comment\";}',5,'','http://jango9.lndo.site:8888/','','172.27.0.3',1640020697),(4,0,'cron','Attempting to re-run cron while it is already running.',_binary 'a:0:{}',4,'','https://jango9.lndo.site/','','172.27.0.3',1640020697),(5,0,'cron','Starting execution of @module_cron(), execution of @module_previous_cron() took @time.',_binary 'a:3:{s:7:\"@module\";s:13:\"commerce_cart\";s:16:\"@module_previous\";s:7:\"comment\";s:5:\"@time\";s:6:\"7.07ms\";}',5,'','http://jango9.lndo.site:8888/','','172.27.0.3',1640020697),(6,0,'cron','Starting execution of @module_cron(), execution of @module_previous_cron() took @time.',_binary 'a:3:{s:7:\"@module\";s:5:\"dblog\";s:16:\"@module_previous\";s:13:\"commerce_cart\";s:5:\"@time\";s:6:\"33.5ms\";}',5,'','http://jango9.lndo.site:8888/','','172.27.0.3',1640020697),(7,0,'cron','Starting execution of @module_cron(), execution of @module_previous_cron() took @time.',_binary 'a:3:{s:7:\"@module\";s:5:\"field\";s:16:\"@module_previous\";s:5:\"dblog\";s:5:\"@time\";s:6:\"10.5ms\";}',5,'','http://jango9.lndo.site:8888/','','172.27.0.3',1640020697),(8,0,'cron','Starting execution of @module_cron(), execution of @module_previous_cron() took @time.',_binary 'a:3:{s:7:\"@module\";s:4:\"file\";s:16:\"@module_previous\";s:5:\"field\";s:5:\"@time\";s:6:\"9.33ms\";}',5,'','http://jango9.lndo.site:8888/','','172.27.0.3',1640020697),(9,0,'cron','Starting execution of @module_cron(), execution of @module_previous_cron() took @time.',_binary 'a:3:{s:7:\"@module\";s:4:\"node\";s:16:\"@module_previous\";s:4:\"file\";s:5:\"@time\";s:8:\"1080.7ms\";}',5,'','http://jango9.lndo.site:8888/','','172.27.0.3',1640020698),(10,0,'cron','Starting execution of @module_cron(), execution of @module_previous_cron() took @time.',_binary 'a:3:{s:7:\"@module\";s:6:\"search\";s:16:\"@module_previous\";s:4:\"node\";s:5:\"@time\";s:7:\"12.23ms\";}',5,'','http://jango9.lndo.site:8888/','','172.27.0.3',1640020698),(11,0,'cron','Starting execution of @module_cron(), execution of @module_previous_cron() took @time.',_binary 'a:3:{s:7:\"@module\";s:6:\"system\";s:16:\"@module_previous\";s:6:\"search\";s:5:\"@time\";s:9:\"1055.38ms\";}',5,'','http://jango9.lndo.site:8888/','','172.27.0.3',1640020699),(12,0,'cron','Starting execution of @module_cron(), execution of @module_previous_cron() took @time.',_binary 'a:3:{s:7:\"@module\";s:6:\"update\";s:16:\"@module_previous\";s:6:\"system\";s:5:\"@time\";s:7:\"28.82ms\";}',5,'','http://jango9.lndo.site:8888/','','172.27.0.3',1640020699),(13,0,'php','%type: @message in %function (line %line of %file) @backtrace_string.',_binary 'a:6:{s:5:\"%type\";s:7:\"Warning\";s:8:\"@message\";O:25:\"Drupal\\Core\\Render\\Markup\":1:{s:9:\"\0*\0string\";s:100:\"SimpleXMLElement::__construct(): Entity: line 2: parser error : Start tag expected, \'&lt;\' not found\";}s:9:\"%function\";s:41:\"Drupal\\update\\UpdateProcessor->parseXml()\";s:5:\"%file\";s:52:\"/app/web/core/modules/update/src/UpdateProcessor.php\";s:5:\"%line\";i:215;s:17:\"@backtrace_string\";s:2581:\"#0 /app/web/core/includes/bootstrap.inc(305): _drupal_error_handler_real(2, \'SimpleXMLElemen...\', \'/app/web/core/m...\', 215)\n#1 [internal function]: _drupal_error_handler(2, \'SimpleXMLElemen...\', \'/app/web/core/m...\', 215, Array)\n#2 /app/web/core/modules/update/src/UpdateProcessor.php(215): SimpleXMLElement->__construct(\'<?xml version=\"...\')\n#3 /app/web/core/modules/update/src/UpdateProcessor.php(168): Drupal\\update\\UpdateProcessor->parseXml(\'<?xml version=\"...\')\n#4 /app/web/core/modules/update/src/UpdateProcessor.php(136): Drupal\\update\\UpdateProcessor->processFetchTask(Array)\n#5 /app/web/core/modules/update/update.module(359): Drupal\\update\\UpdateProcessor->fetchData()\n#6 /app/web/core/modules/update/update.module(185): update_fetch_data()\n#7 [internal function]: update_cron()\n#8 /app/web/core/lib/Drupal/Core/Extension/ModuleHandler.php(392): call_user_func_array(\'update_cron\', Array)\n#9 /app/web/core/lib/Drupal/Core/Cron.php(250): Drupal\\Core\\Extension\\ModuleHandler->invoke(\'update\', \'cron\')\n#10 /app/web/core/lib/Drupal/Core/Cron.php(136): Drupal\\Core\\Cron->invokeCronHandlers()\n#11 /app/web/core/lib/Drupal/Core/ProxyClass/Cron.php(75): Drupal\\Core\\Cron->run()\n#12 /app/web/core/modules/automated_cron/src/EventSubscriber/AutomatedCron.php(65): Drupal\\Core\\ProxyClass\\Cron->run()\n#13 [internal function]: Drupal\\automated_cron\\EventSubscriber\\AutomatedCron->onTerminate(Object(Symfony\\Component\\HttpKernel\\Event\\TerminateEvent), \'kernel.terminat...\', Object(Drupal\\Component\\EventDispatcher\\ContainerAwareEventDispatcher))\n#14 /app/web/core/lib/Drupal/Component/EventDispatcher/ContainerAwareEventDispatcher.php(142): call_user_func(Array, Object(Symfony\\Component\\HttpKernel\\Event\\TerminateEvent), \'kernel.terminat...\', Object(Drupal\\Component\\EventDispatcher\\ContainerAwareEventDispatcher))\n#15 /app/vendor/symfony/http-kernel/HttpKernel.php(100): Drupal\\Component\\EventDispatcher\\ContainerAwareEventDispatcher->dispatch(Object(Symfony\\Component\\HttpKernel\\Event\\TerminateEvent), \'kernel.terminat...\')\n#16 /app/vendor/stack/builder/src/Stack/StackedHttpKernel.php(32): Symfony\\Component\\HttpKernel\\HttpKernel->terminate(Object(Symfony\\Component\\HttpFoundation\\Request), Object(Drupal\\Core\\Render\\HtmlResponse))\n#17 /app/web/core/lib/Drupal/Core/DrupalKernel.php(684): Stack\\StackedHttpKernel->terminate(Object(Symfony\\Component\\HttpFoundation\\Request), Object(Drupal\\Core\\Render\\HtmlResponse))\n#18 /app/web/index.php(22): Drupal\\Core\\DrupalKernel->terminate(Object(Symfony\\Component\\HttpFoundation\\Request), Object(Drupal\\Core\\Render\\HtmlResponse))\n#19 {main}\";}',4,'','http://jango9.lndo.site:8888/','','172.27.0.3',1640020702),(14,0,'php','%type: @message in %function (line %line of %file) @backtrace_string.',_binary 'a:6:{s:5:\"%type\";s:7:\"Warning\";s:8:\"@message\";O:25:\"Drupal\\Core\\Render\\Markup\":1:{s:9:\"\0*\0string\";s:33:\"SimpleXMLElement::__construct(): \";}s:9:\"%function\";s:41:\"Drupal\\update\\UpdateProcessor->parseXml()\";s:5:\"%file\";s:52:\"/app/web/core/modules/update/src/UpdateProcessor.php\";s:5:\"%line\";i:215;s:17:\"@backtrace_string\";s:2581:\"#0 /app/web/core/includes/bootstrap.inc(305): _drupal_error_handler_real(2, \'SimpleXMLElemen...\', \'/app/web/core/m...\', 215)\n#1 [internal function]: _drupal_error_handler(2, \'SimpleXMLElemen...\', \'/app/web/core/m...\', 215, Array)\n#2 /app/web/core/modules/update/src/UpdateProcessor.php(215): SimpleXMLElement->__construct(\'<?xml version=\"...\')\n#3 /app/web/core/modules/update/src/UpdateProcessor.php(168): Drupal\\update\\UpdateProcessor->parseXml(\'<?xml version=\"...\')\n#4 /app/web/core/modules/update/src/UpdateProcessor.php(136): Drupal\\update\\UpdateProcessor->processFetchTask(Array)\n#5 /app/web/core/modules/update/update.module(359): Drupal\\update\\UpdateProcessor->fetchData()\n#6 /app/web/core/modules/update/update.module(185): update_fetch_data()\n#7 [internal function]: update_cron()\n#8 /app/web/core/lib/Drupal/Core/Extension/ModuleHandler.php(392): call_user_func_array(\'update_cron\', Array)\n#9 /app/web/core/lib/Drupal/Core/Cron.php(250): Drupal\\Core\\Extension\\ModuleHandler->invoke(\'update\', \'cron\')\n#10 /app/web/core/lib/Drupal/Core/Cron.php(136): Drupal\\Core\\Cron->invokeCronHandlers()\n#11 /app/web/core/lib/Drupal/Core/ProxyClass/Cron.php(75): Drupal\\Core\\Cron->run()\n#12 /app/web/core/modules/automated_cron/src/EventSubscriber/AutomatedCron.php(65): Drupal\\Core\\ProxyClass\\Cron->run()\n#13 [internal function]: Drupal\\automated_cron\\EventSubscriber\\AutomatedCron->onTerminate(Object(Symfony\\Component\\HttpKernel\\Event\\TerminateEvent), \'kernel.terminat...\', Object(Drupal\\Component\\EventDispatcher\\ContainerAwareEventDispatcher))\n#14 /app/web/core/lib/Drupal/Component/EventDispatcher/ContainerAwareEventDispatcher.php(142): call_user_func(Array, Object(Symfony\\Component\\HttpKernel\\Event\\TerminateEvent), \'kernel.terminat...\', Object(Drupal\\Component\\EventDispatcher\\ContainerAwareEventDispatcher))\n#15 /app/vendor/symfony/http-kernel/HttpKernel.php(100): Drupal\\Component\\EventDispatcher\\ContainerAwareEventDispatcher->dispatch(Object(Symfony\\Component\\HttpKernel\\Event\\TerminateEvent), \'kernel.terminat...\')\n#16 /app/vendor/stack/builder/src/Stack/StackedHttpKernel.php(32): Symfony\\Component\\HttpKernel\\HttpKernel->terminate(Object(Symfony\\Component\\HttpFoundation\\Request), Object(Drupal\\Core\\Render\\HtmlResponse))\n#17 /app/web/core/lib/Drupal/Core/DrupalKernel.php(684): Stack\\StackedHttpKernel->terminate(Object(Symfony\\Component\\HttpFoundation\\Request), Object(Drupal\\Core\\Render\\HtmlResponse))\n#18 /app/web/index.php(22): Drupal\\Core\\DrupalKernel->terminate(Object(Symfony\\Component\\HttpFoundation\\Request), Object(Drupal\\Core\\Render\\HtmlResponse))\n#19 {main}\";}',4,'','http://jango9.lndo.site:8888/','','172.27.0.3',1640020702),(15,0,'php','%type: @message in %function (line %line of %file) @backtrace_string.',_binary 'a:6:{s:5:\"%type\";s:7:\"Warning\";s:8:\"@message\";O:25:\"Drupal\\Core\\Render\\Markup\":1:{s:9:\"\0*\0string\";s:34:\"SimpleXMLElement::__construct(): ^\";}s:9:\"%function\";s:41:\"Drupal\\update\\UpdateProcessor->parseXml()\";s:5:\"%file\";s:52:\"/app/web/core/modules/update/src/UpdateProcessor.php\";s:5:\"%line\";i:215;s:17:\"@backtrace_string\";s:2581:\"#0 /app/web/core/includes/bootstrap.inc(305): _drupal_error_handler_real(2, \'SimpleXMLElemen...\', \'/app/web/core/m...\', 215)\n#1 [internal function]: _drupal_error_handler(2, \'SimpleXMLElemen...\', \'/app/web/core/m...\', 215, Array)\n#2 /app/web/core/modules/update/src/UpdateProcessor.php(215): SimpleXMLElement->__construct(\'<?xml version=\"...\')\n#3 /app/web/core/modules/update/src/UpdateProcessor.php(168): Drupal\\update\\UpdateProcessor->parseXml(\'<?xml version=\"...\')\n#4 /app/web/core/modules/update/src/UpdateProcessor.php(136): Drupal\\update\\UpdateProcessor->processFetchTask(Array)\n#5 /app/web/core/modules/update/update.module(359): Drupal\\update\\UpdateProcessor->fetchData()\n#6 /app/web/core/modules/update/update.module(185): update_fetch_data()\n#7 [internal function]: update_cron()\n#8 /app/web/core/lib/Drupal/Core/Extension/ModuleHandler.php(392): call_user_func_array(\'update_cron\', Array)\n#9 /app/web/core/lib/Drupal/Core/Cron.php(250): Drupal\\Core\\Extension\\ModuleHandler->invoke(\'update\', \'cron\')\n#10 /app/web/core/lib/Drupal/Core/Cron.php(136): Drupal\\Core\\Cron->invokeCronHandlers()\n#11 /app/web/core/lib/Drupal/Core/ProxyClass/Cron.php(75): Drupal\\Core\\Cron->run()\n#12 /app/web/core/modules/automated_cron/src/EventSubscriber/AutomatedCron.php(65): Drupal\\Core\\ProxyClass\\Cron->run()\n#13 [internal function]: Drupal\\automated_cron\\EventSubscriber\\AutomatedCron->onTerminate(Object(Symfony\\Component\\HttpKernel\\Event\\TerminateEvent), \'kernel.terminat...\', Object(Drupal\\Component\\EventDispatcher\\ContainerAwareEventDispatcher))\n#14 /app/web/core/lib/Drupal/Component/EventDispatcher/ContainerAwareEventDispatcher.php(142): call_user_func(Array, Object(Symfony\\Component\\HttpKernel\\Event\\TerminateEvent), \'kernel.terminat...\', Object(Drupal\\Component\\EventDispatcher\\ContainerAwareEventDispatcher))\n#15 /app/vendor/symfony/http-kernel/HttpKernel.php(100): Drupal\\Component\\EventDispatcher\\ContainerAwareEventDispatcher->dispatch(Object(Symfony\\Component\\HttpKernel\\Event\\TerminateEvent), \'kernel.terminat...\')\n#16 /app/vendor/stack/builder/src/Stack/StackedHttpKernel.php(32): Symfony\\Component\\HttpKernel\\HttpKernel->terminate(Object(Symfony\\Component\\HttpFoundation\\Request), Object(Drupal\\Core\\Render\\HtmlResponse))\n#17 /app/web/core/lib/Drupal/Core/DrupalKernel.php(684): Stack\\StackedHttpKernel->terminate(Object(Symfony\\Component\\HttpFoundation\\Request), Object(Drupal\\Core\\Render\\HtmlResponse))\n#18 /app/web/index.php(22): Drupal\\Core\\DrupalKernel->terminate(Object(Symfony\\Component\\HttpFoundation\\Request), Object(Drupal\\Core\\Render\\HtmlResponse))\n#19 {main}\";}',4,'','http://jango9.lndo.site:8888/','','172.27.0.3',1640020702),(16,0,'cron','Starting execution of @module_cron(), execution of @module_previous_cron() took @time.',_binary 'a:3:{s:7:\"@module\";s:7:\"webform\";s:16:\"@module_previous\";s:6:\"update\";s:5:\"@time\";s:8:\"2971.6ms\";}',5,'','http://jango9.lndo.site:8888/','','172.27.0.3',1640020702),(17,0,'cron','Execution of @module_previous_cron() took @time.',_binary 'a:2:{s:16:\"@module_previous\";s:7:\"webform\";s:5:\"@time\";s:6:\"0.18ms\";}',5,'','http://jango9.lndo.site:8888/','','172.27.0.3',1640020702),(18,0,'cron','Cron run completed.',_binary 'a:0:{}',5,'','http://jango9.lndo.site:8888/','','172.27.0.3',1640020702),(19,1,'user','Session opened for %name.',_binary 'a:1:{s:5:\"%name\";s:5:\"Admin\";}',5,'','https://jango9.lndo.site/user/reset/1/1640021266/w1oHsq4welZC_KXiO9tK_OcZ0eI_T6xSIuEHB_i1zmY/login','','172.27.0.3',1640021282),(20,1,'user','User %name used one-time login link at time %timestamp.',_binary 'a:2:{s:5:\"%name\";s:5:\"Admin\";s:10:\"%timestamp\";s:10:\"1640021266\";}',5,'','https://jango9.lndo.site/user/reset/1/1640021266/w1oHsq4welZC_KXiO9tK_OcZ0eI_T6xSIuEHB_i1zmY/login','','172.27.0.3',1640021282),(21,1,'php','%type: @message in %function (line %line of %file) @backtrace_string.',_binary 'a:6:{s:5:\"%type\";s:6:\"Notice\";s:8:\"@message\";O:25:\"Drupal\\Core\\Render\\Markup\":1:{s:9:\"\0*\0string\";s:50:\"Trying to access array offset on value of type int\";}s:9:\"%function\";s:52:\"Drupal\\shortcode\\Plugin\\ShortcodeBase->__construct()\";s:5:\"%file\";s:63:\"/app/web/modules/contrib/shortcode/src/Plugin/ShortcodeBase.php\";s:5:\"%line\";i:57;s:17:\"@backtrace_string\";s:3577:\"#0 /app/web/core/includes/bootstrap.inc(305): _drupal_error_handler_real(8, \'Trying to acces...\', \'/app/web/module...\', 57)\n#1 /app/web/modules/contrib/shortcode/src/Plugin/ShortcodeBase.php(57): _drupal_error_handler(8, \'Trying to acces...\', \'/app/web/module...\', 57, Array)\n#2 /app/web/modules/custom/nd_visualshortcodes/nd_visualshortcodes.module(154): Drupal\\shortcode\\Plugin\\ShortcodeBase->__construct(Array, 0, 0)\n#3 /app/web/modules/custom/nd_visualshortcodes/nd_visualshortcodes.module(351): _nd_visualshortcodes_backend_description(Array, \'\')\n#4 [internal function]: nd_visualshortcodes_backend_nochilds(Array, \'\', \'nd_node\')\n#5 /app/web/modules/custom/nd_visualshortcodes/src/Controller/nd_visualshortcodesController.php(142): call_user_func(\'nd_visualshortc...\', Array, \'\', \'nd_node\')\n#6 [internal function]: Drupal\\nd_visualshortcodes\\Controller\\nd_visualshortcodesController->nd_visualshortcodes_ajax_shortcodes_list_add()\n#7 /app/web/core/lib/Drupal/Core/EventSubscriber/EarlyRenderingControllerWrapperSubscriber.php(123): call_user_func_array(Array, Array)\n#8 /app/web/core/lib/Drupal/Core/Render/Renderer.php(573): Drupal\\Core\\EventSubscriber\\EarlyRenderingControllerWrapperSubscriber->Drupal\\Core\\EventSubscriber\\{closure}()\n#9 /app/web/core/lib/Drupal/Core/EventSubscriber/EarlyRenderingControllerWrapperSubscriber.php(124): Drupal\\Core\\Render\\Renderer->executeInRenderContext(Object(Drupal\\Core\\Render\\RenderContext), Object(Closure))\n#10 /app/web/core/lib/Drupal/Core/EventSubscriber/EarlyRenderingControllerWrapperSubscriber.php(97): Drupal\\Core\\EventSubscriber\\EarlyRenderingControllerWrapperSubscriber->wrapControllerExecutionInRenderContext(Array, Array)\n#11 /app/vendor/symfony/http-kernel/HttpKernel.php(158): Drupal\\Core\\EventSubscriber\\EarlyRenderingControllerWrapperSubscriber->Drupal\\Core\\EventSubscriber\\{closure}()\n#12 /app/vendor/symfony/http-kernel/HttpKernel.php(80): Symfony\\Component\\HttpKernel\\HttpKernel->handleRaw(Object(Symfony\\Component\\HttpFoundation\\Request), 1)\n#13 /app/web/core/lib/Drupal/Core/StackMiddleware/Session.php(57): Symfony\\Component\\HttpKernel\\HttpKernel->handle(Object(Symfony\\Component\\HttpFoundation\\Request), 1, true)\n#14 /app/web/core/lib/Drupal/Core/StackMiddleware/KernelPreHandle.php(47): Drupal\\Core\\StackMiddleware\\Session->handle(Object(Symfony\\Component\\HttpFoundation\\Request), 1, true)\n#15 /app/web/core/modules/page_cache/src/StackMiddleware/PageCache.php(106): Drupal\\Core\\StackMiddleware\\KernelPreHandle->handle(Object(Symfony\\Component\\HttpFoundation\\Request), 1, true)\n#16 /app/web/core/modules/page_cache/src/StackMiddleware/PageCache.php(85): Drupal\\page_cache\\StackMiddleware\\PageCache->pass(Object(Symfony\\Component\\HttpFoundation\\Request), 1, true)\n#17 /app/web/core/lib/Drupal/Core/StackMiddleware/ReverseProxyMiddleware.php(47): Drupal\\page_cache\\StackMiddleware\\PageCache->handle(Object(Symfony\\Component\\HttpFoundation\\Request), 1, true)\n#18 /app/web/core/lib/Drupal/Core/StackMiddleware/NegotiationMiddleware.php(52): Drupal\\Core\\StackMiddleware\\ReverseProxyMiddleware->handle(Object(Symfony\\Component\\HttpFoundation\\Request), 1, true)\n#19 /app/vendor/stack/builder/src/Stack/StackedHttpKernel.php(23): Drupal\\Core\\StackMiddleware\\NegotiationMiddleware->handle(Object(Symfony\\Component\\HttpFoundation\\Request), 1, true)\n#20 /app/web/core/lib/Drupal/Core/DrupalKernel.php(706): Stack\\StackedHttpKernel->handle(Object(Symfony\\Component\\HttpFoundation\\Request), 1, true)\n#21 /app/web/index.php(19): Drupal\\Core\\DrupalKernel->handle(Object(Symfony\\Component\\HttpFoundation\\Request))\n#22 {main}\";}',5,'','https://jango9.lndo.site/ajax/nd_visualshortcodes/shortcodes_list_add','https://jango9.lndo.site/node/add/page','172.27.0.3',1640022275),(22,1,'php','%type: @message in %function (line %line of %file) @backtrace_string.',_binary 'a:6:{s:5:\"%type\";s:6:\"Notice\";s:8:\"@message\";O:25:\"Drupal\\Core\\Render\\Markup\":1:{s:9:\"\0*\0string\";s:26:\"Undefined index: admin_url\";}s:9:\"%function\";s:69:\"Drupal\\jango_shortcodes\\Plugin\\Shortcode\\NodeShortcode->description()\";s:5:\"%file\";s:79:\"/app/web/modules/custom/jango_shortcodes/src/Plugin/Shortcode/NodeShortcode.php\";s:5:\"%line\";i:60;s:17:\"@backtrace_string\";s:3608:\"#0 /app/web/core/includes/bootstrap.inc(305): _drupal_error_handler_real(8, \'Undefined index...\', \'/app/web/module...\', 60)\n#1 /app/web/modules/custom/jango_shortcodes/src/Plugin/Shortcode/NodeShortcode.php(60): _drupal_error_handler(8, \'Undefined index...\', \'/app/web/module...\', 60, Array)\n#2 /app/web/modules/custom/nd_visualshortcodes/nd_visualshortcodes.module(155): Drupal\\jango_shortcodes\\Plugin\\Shortcode\\NodeShortcode->description(Array, \'\')\n#3 /app/web/modules/custom/nd_visualshortcodes/nd_visualshortcodes.module(351): _nd_visualshortcodes_backend_description(Array, \'\')\n#4 [internal function]: nd_visualshortcodes_backend_nochilds(Array, \'\', \'nd_node\')\n#5 /app/web/modules/custom/nd_visualshortcodes/src/Controller/nd_visualshortcodesController.php(142): call_user_func(\'nd_visualshortc...\', Array, \'\', \'nd_node\')\n#6 [internal function]: Drupal\\nd_visualshortcodes\\Controller\\nd_visualshortcodesController->nd_visualshortcodes_ajax_shortcodes_list_add()\n#7 /app/web/core/lib/Drupal/Core/EventSubscriber/EarlyRenderingControllerWrapperSubscriber.php(123): call_user_func_array(Array, Array)\n#8 /app/web/core/lib/Drupal/Core/Render/Renderer.php(573): Drupal\\Core\\EventSubscriber\\EarlyRenderingControllerWrapperSubscriber->Drupal\\Core\\EventSubscriber\\{closure}()\n#9 /app/web/core/lib/Drupal/Core/EventSubscriber/EarlyRenderingControllerWrapperSubscriber.php(124): Drupal\\Core\\Render\\Renderer->executeInRenderContext(Object(Drupal\\Core\\Render\\RenderContext), Object(Closure))\n#10 /app/web/core/lib/Drupal/Core/EventSubscriber/EarlyRenderingControllerWrapperSubscriber.php(97): Drupal\\Core\\EventSubscriber\\EarlyRenderingControllerWrapperSubscriber->wrapControllerExecutionInRenderContext(Array, Array)\n#11 /app/vendor/symfony/http-kernel/HttpKernel.php(158): Drupal\\Core\\EventSubscriber\\EarlyRenderingControllerWrapperSubscriber->Drupal\\Core\\EventSubscriber\\{closure}()\n#12 /app/vendor/symfony/http-kernel/HttpKernel.php(80): Symfony\\Component\\HttpKernel\\HttpKernel->handleRaw(Object(Symfony\\Component\\HttpFoundation\\Request), 1)\n#13 /app/web/core/lib/Drupal/Core/StackMiddleware/Session.php(57): Symfony\\Component\\HttpKernel\\HttpKernel->handle(Object(Symfony\\Component\\HttpFoundation\\Request), 1, true)\n#14 /app/web/core/lib/Drupal/Core/StackMiddleware/KernelPreHandle.php(47): Drupal\\Core\\StackMiddleware\\Session->handle(Object(Symfony\\Component\\HttpFoundation\\Request), 1, true)\n#15 /app/web/core/modules/page_cache/src/StackMiddleware/PageCache.php(106): Drupal\\Core\\StackMiddleware\\KernelPreHandle->handle(Object(Symfony\\Component\\HttpFoundation\\Request), 1, true)\n#16 /app/web/core/modules/page_cache/src/StackMiddleware/PageCache.php(85): Drupal\\page_cache\\StackMiddleware\\PageCache->pass(Object(Symfony\\Component\\HttpFoundation\\Request), 1, true)\n#17 /app/web/core/lib/Drupal/Core/StackMiddleware/ReverseProxyMiddleware.php(47): Drupal\\page_cache\\StackMiddleware\\PageCache->handle(Object(Symfony\\Component\\HttpFoundation\\Request), 1, true)\n#18 /app/web/core/lib/Drupal/Core/StackMiddleware/NegotiationMiddleware.php(52): Drupal\\Core\\StackMiddleware\\ReverseProxyMiddleware->handle(Object(Symfony\\Component\\HttpFoundation\\Request), 1, true)\n#19 /app/vendor/stack/builder/src/Stack/StackedHttpKernel.php(23): Drupal\\Core\\StackMiddleware\\NegotiationMiddleware->handle(Object(Symfony\\Component\\HttpFoundation\\Request), 1, true)\n#20 /app/web/core/lib/Drupal/Core/DrupalKernel.php(706): Stack\\StackedHttpKernel->handle(Object(Symfony\\Component\\HttpFoundation\\Request), 1, true)\n#21 /app/web/index.php(19): Drupal\\Core\\DrupalKernel->handle(Object(Symfony\\Component\\HttpFoundation\\Request))\n#22 {main}\";}',5,'','https://jango9.lndo.site/ajax/nd_visualshortcodes/shortcodes_list_add','https://jango9.lndo.site/node/add/page','172.27.0.3',1640022275),(23,1,'php','%type: @message in %function (line %line of %file) @backtrace_string.',_binary 'a:6:{s:5:\"%type\";s:6:\"Notice\";s:8:\"@message\";O:25:\"Drupal\\Core\\Render\\Markup\":1:{s:9:\"\0*\0string\";s:50:\"Trying to access array offset on value of type int\";}s:9:\"%function\";s:52:\"Drupal\\shortcode\\Plugin\\ShortcodeBase->__construct()\";s:5:\"%file\";s:63:\"/app/web/modules/contrib/shortcode/src/Plugin/ShortcodeBase.php\";s:5:\"%line\";i:57;s:17:\"@backtrace_string\";s:3938:\"#0 /app/web/core/includes/bootstrap.inc(305): _drupal_error_handler_real(8, \'Trying to acces...\', \'/app/web/module...\', 57)\n#1 /app/web/modules/contrib/shortcode/src/Plugin/ShortcodeBase.php(57): _drupal_error_handler(8, \'Trying to acces...\', \'/app/web/module...\', 57, Array)\n#2 /app/web/modules/custom/nd_visualshortcodes/src/Form/AjaxDackendShortcodeForm.php(33): Drupal\\shortcode\\Plugin\\ShortcodeBase->__construct(Array, 0, 0)\n#3 [internal function]: Drupal\\nd_visualshortcodes\\Form\\AjaxDackendShortcodeForm->buildForm(Array, Object(Drupal\\Core\\Form\\FormState), Array)\n#4 /app/web/core/lib/Drupal/Core/Form/FormBuilder.php(532): call_user_func_array(Array, Array)\n#5 /app/web/core/lib/Drupal/Core/Form/FormBuilder.php(278): Drupal\\Core\\Form\\FormBuilder->retrieveForm(\'ajax_dackend_sh...\', Object(Drupal\\Core\\Form\\FormState))\n#6 /app/web/core/lib/Drupal/Core/Form/FormBuilder.php(219): Drupal\\Core\\Form\\FormBuilder->buildForm(\'Drupal\\\\nd_visua...\', Object(Drupal\\Core\\Form\\FormState))\n#7 /app/web/modules/custom/nd_visualshortcodes/src/Controller/nd_visualshortcodesController.php(188): Drupal\\Core\\Form\\FormBuilder->getForm(\'Drupal\\\\nd_visua...\', Array)\n#8 [internal function]: Drupal\\nd_visualshortcodes\\Controller\\nd_visualshortcodesController->nd_visualshortcodes_ajax_backend_shortcode()\n#9 /app/web/core/lib/Drupal/Core/EventSubscriber/EarlyRenderingControllerWrapperSubscriber.php(123): call_user_func_array(Array, Array)\n#10 /app/web/core/lib/Drupal/Core/Render/Renderer.php(573): Drupal\\Core\\EventSubscriber\\EarlyRenderingControllerWrapperSubscriber->Drupal\\Core\\EventSubscriber\\{closure}()\n#11 /app/web/core/lib/Drupal/Core/EventSubscriber/EarlyRenderingControllerWrapperSubscriber.php(124): Drupal\\Core\\Render\\Renderer->executeInRenderContext(Object(Drupal\\Core\\Render\\RenderContext), Object(Closure))\n#12 /app/web/core/lib/Drupal/Core/EventSubscriber/EarlyRenderingControllerWrapperSubscriber.php(97): Drupal\\Core\\EventSubscriber\\EarlyRenderingControllerWrapperSubscriber->wrapControllerExecutionInRenderContext(Array, Array)\n#13 /app/vendor/symfony/http-kernel/HttpKernel.php(158): Drupal\\Core\\EventSubscriber\\EarlyRenderingControllerWrapperSubscriber->Drupal\\Core\\EventSubscriber\\{closure}()\n#14 /app/vendor/symfony/http-kernel/HttpKernel.php(80): Symfony\\Component\\HttpKernel\\HttpKernel->handleRaw(Object(Symfony\\Component\\HttpFoundation\\Request), 1)\n#15 /app/web/core/lib/Drupal/Core/StackMiddleware/Session.php(57): Symfony\\Component\\HttpKernel\\HttpKernel->handle(Object(Symfony\\Component\\HttpFoundation\\Request), 1, true)\n#16 /app/web/core/lib/Drupal/Core/StackMiddleware/KernelPreHandle.php(47): Drupal\\Core\\StackMiddleware\\Session->handle(Object(Symfony\\Component\\HttpFoundation\\Request), 1, true)\n#17 /app/web/core/modules/page_cache/src/StackMiddleware/PageCache.php(106): Drupal\\Core\\StackMiddleware\\KernelPreHandle->handle(Object(Symfony\\Component\\HttpFoundation\\Request), 1, true)\n#18 /app/web/core/modules/page_cache/src/StackMiddleware/PageCache.php(85): Drupal\\page_cache\\StackMiddleware\\PageCache->pass(Object(Symfony\\Component\\HttpFoundation\\Request), 1, true)\n#19 /app/web/core/lib/Drupal/Core/StackMiddleware/ReverseProxyMiddleware.php(47): Drupal\\page_cache\\StackMiddleware\\PageCache->handle(Object(Symfony\\Component\\HttpFoundation\\Request), 1, true)\n#20 /app/web/core/lib/Drupal/Core/StackMiddleware/NegotiationMiddleware.php(52): Drupal\\Core\\StackMiddleware\\ReverseProxyMiddleware->handle(Object(Symfony\\Component\\HttpFoundation\\Request), 1, true)\n#21 /app/vendor/stack/builder/src/Stack/StackedHttpKernel.php(23): Drupal\\Core\\StackMiddleware\\NegotiationMiddleware->handle(Object(Symfony\\Component\\HttpFoundation\\Request), 1, true)\n#22 /app/web/core/lib/Drupal/Core/DrupalKernel.php(706): Stack\\StackedHttpKernel->handle(Object(Symfony\\Component\\HttpFoundation\\Request), 1, true)\n#23 /app/web/index.php(19): Drupal\\Core\\DrupalKernel->handle(Object(Symfony\\Component\\HttpFoundation\\Request))\n#24 {main}\";}',5,'','https://jango9.lndo.site/admin_ajax/nd_visualshortcodes/ajax_backend_shortcode?_wrapper_format=drupal_ajax','https://jango9.lndo.site/node/add/page','172.27.0.3',1640022275),(24,1,'content','@type: added %title.',_binary 'a:2:{s:5:\"@type\";s:4:\"page\";s:6:\"%title\";s:9:\"Test Page\";}',5,'<a href=\"/test-page-0\" hreflang=\"und\">View</a>','https://jango9.lndo.site/node/add/page','https://jango9.lndo.site/node/add/page','172.27.0.3',1640022289),(25,1,'php','%type: @message in %function (line %line of %file) @backtrace_string.',_binary 'a:6:{s:5:\"%type\";s:6:\"Notice\";s:8:\"@message\";O:25:\"Drupal\\Core\\Render\\Markup\":1:{s:9:\"\0*\0string\";s:50:\"Trying to access array offset on value of type int\";}s:9:\"%function\";s:52:\"Drupal\\shortcode\\Plugin\\ShortcodeBase->__construct()\";s:5:\"%file\";s:63:\"/app/web/modules/contrib/shortcode/src/Plugin/ShortcodeBase.php\";s:5:\"%line\";i:57;s:17:\"@backtrace_string\";s:4109:\"#0 /app/web/core/includes/bootstrap.inc(305): _drupal_error_handler_real(8, \'Trying to acces...\', \'/app/web/module...\', 57)\n#1 /app/web/modules/contrib/shortcode/src/Plugin/ShortcodeBase.php(57): _drupal_error_handler(8, \'Trying to acces...\', \'/app/web/module...\', 57, Array)\n#2 /app/web/modules/custom/nd_visualshortcodes/nd_visualshortcodes.module(154): Drupal\\shortcode\\Plugin\\ShortcodeBase->__construct(Array, 0, 0)\n#3 /app/web/modules/custom/nd_visualshortcodes/nd_visualshortcodes.module(351): _nd_visualshortcodes_backend_description(Array, \'\')\n#4 [internal function]: nd_visualshortcodes_backend_nochilds(Array, \'\', \'nd_view\')\n#5 /app/web/modules/custom/nd_visualshortcodes/src/Controller/nd_visualshortcodesController.php(369): call_user_func(\'nd_visualshortc...\', Array, \'\\n\', \'nd_view\')\n#6 /app/web/modules/custom/nd_visualshortcodes/src/Controller/nd_visualshortcodesController.php(228): Drupal\\nd_visualshortcodes\\Controller\\nd_visualshortcodesController->_nd_visualshortcodes_backend_process(\'[nd_view admin_...\', Object(Drupal\\shortcode\\Plugin\\Filter\\Shortcode))\n#7 /app/web/modules/custom/nd_visualshortcodes/src/Controller/nd_visualshortcodesController.php(82): Drupal\\nd_visualshortcodes\\Controller\\nd_visualshortcodesController->nd_visualshortcodes_process_shortcodes(\'[nd_view admin_...\', \'shortcode_dynam...\')\n#8 [internal function]: Drupal\\nd_visualshortcodes\\Controller\\nd_visualshortcodesController->nd_visualshortcodes_ajax_backend_layout()\n#9 /app/web/core/lib/Drupal/Core/EventSubscriber/EarlyRenderingControllerWrapperSubscriber.php(123): call_user_func_array(Array, Array)\n#10 /app/web/core/lib/Drupal/Core/Render/Renderer.php(573): Drupal\\Core\\EventSubscriber\\EarlyRenderingControllerWrapperSubscriber->Drupal\\Core\\EventSubscriber\\{closure}()\n#11 /app/web/core/lib/Drupal/Core/EventSubscriber/EarlyRenderingControllerWrapperSubscriber.php(124): Drupal\\Core\\Render\\Renderer->executeInRenderContext(Object(Drupal\\Core\\Render\\RenderContext), Object(Closure))\n#12 /app/web/core/lib/Drupal/Core/EventSubscriber/EarlyRenderingControllerWrapperSubscriber.php(97): Drupal\\Core\\EventSubscriber\\EarlyRenderingControllerWrapperSubscriber->wrapControllerExecutionInRenderContext(Array, Array)\n#13 /app/vendor/symfony/http-kernel/HttpKernel.php(158): Drupal\\Core\\EventSubscriber\\EarlyRenderingControllerWrapperSubscriber->Drupal\\Core\\EventSubscriber\\{closure}()\n#14 /app/vendor/symfony/http-kernel/HttpKernel.php(80): Symfony\\Component\\HttpKernel\\HttpKernel->handleRaw(Object(Symfony\\Component\\HttpFoundation\\Request), 1)\n#15 /app/web/core/lib/Drupal/Core/StackMiddleware/Session.php(57): Symfony\\Component\\HttpKernel\\HttpKernel->handle(Object(Symfony\\Component\\HttpFoundation\\Request), 1, true)\n#16 /app/web/core/lib/Drupal/Core/StackMiddleware/KernelPreHandle.php(47): Drupal\\Core\\StackMiddleware\\Session->handle(Object(Symfony\\Component\\HttpFoundation\\Request), 1, true)\n#17 /app/web/core/modules/page_cache/src/StackMiddleware/PageCache.php(106): Drupal\\Core\\StackMiddleware\\KernelPreHandle->handle(Object(Symfony\\Component\\HttpFoundation\\Request), 1, true)\n#18 /app/web/core/modules/page_cache/src/StackMiddleware/PageCache.php(85): Drupal\\page_cache\\StackMiddleware\\PageCache->pass(Object(Symfony\\Component\\HttpFoundation\\Request), 1, true)\n#19 /app/web/core/lib/Drupal/Core/StackMiddleware/ReverseProxyMiddleware.php(47): Drupal\\page_cache\\StackMiddleware\\PageCache->handle(Object(Symfony\\Component\\HttpFoundation\\Request), 1, true)\n#20 /app/web/core/lib/Drupal/Core/StackMiddleware/NegotiationMiddleware.php(52): Drupal\\Core\\StackMiddleware\\ReverseProxyMiddleware->handle(Object(Symfony\\Component\\HttpFoundation\\Request), 1, true)\n#21 /app/vendor/stack/builder/src/Stack/StackedHttpKernel.php(23): Drupal\\Core\\StackMiddleware\\NegotiationMiddleware->handle(Object(Symfony\\Component\\HttpFoundation\\Request), 1, true)\n#22 /app/web/core/lib/Drupal/Core/DrupalKernel.php(706): Stack\\StackedHttpKernel->handle(Object(Symfony\\Component\\HttpFoundation\\Request), 1, true)\n#23 /app/web/index.php(19): Drupal\\Core\\DrupalKernel->handle(Object(Symfony\\Component\\HttpFoundation\\Request))\n#24 {main}\";}',5,'','https://jango9.lndo.site/ajax/nd_visualshortcodes/ajax_backend_layout','https://jango9.lndo.site/node/100/edit','172.27.0.3',1640022309),(26,1,'php','%type: @message in %function (line %line of %file) @backtrace_string.',_binary 'a:6:{s:5:\"%type\";s:6:\"Notice\";s:8:\"@message\";O:25:\"Drupal\\Core\\Render\\Markup\":1:{s:9:\"\0*\0string\";s:50:\"Trying to access array offset on value of type int\";}s:9:\"%function\";s:52:\"Drupal\\shortcode\\Plugin\\ShortcodeBase->__construct()\";s:5:\"%file\";s:63:\"/app/web/modules/contrib/shortcode/src/Plugin/ShortcodeBase.php\";s:5:\"%line\";i:57;s:17:\"@backtrace_string\";s:3938:\"#0 /app/web/core/includes/bootstrap.inc(305): _drupal_error_handler_real(8, \'Trying to acces...\', \'/app/web/module...\', 57)\n#1 /app/web/modules/contrib/shortcode/src/Plugin/ShortcodeBase.php(57): _drupal_error_handler(8, \'Trying to acces...\', \'/app/web/module...\', 57, Array)\n#2 /app/web/modules/custom/nd_visualshortcodes/src/Form/AjaxDackendShortcodeForm.php(33): Drupal\\shortcode\\Plugin\\ShortcodeBase->__construct(Array, 0, 0)\n#3 [internal function]: Drupal\\nd_visualshortcodes\\Form\\AjaxDackendShortcodeForm->buildForm(Array, Object(Drupal\\Core\\Form\\FormState), Array)\n#4 /app/web/core/lib/Drupal/Core/Form/FormBuilder.php(532): call_user_func_array(Array, Array)\n#5 /app/web/core/lib/Drupal/Core/Form/FormBuilder.php(278): Drupal\\Core\\Form\\FormBuilder->retrieveForm(\'ajax_dackend_sh...\', Object(Drupal\\Core\\Form\\FormState))\n#6 /app/web/core/lib/Drupal/Core/Form/FormBuilder.php(219): Drupal\\Core\\Form\\FormBuilder->buildForm(\'Drupal\\\\nd_visua...\', Object(Drupal\\Core\\Form\\FormState))\n#7 /app/web/modules/custom/nd_visualshortcodes/src/Controller/nd_visualshortcodesController.php(188): Drupal\\Core\\Form\\FormBuilder->getForm(\'Drupal\\\\nd_visua...\', Array)\n#8 [internal function]: Drupal\\nd_visualshortcodes\\Controller\\nd_visualshortcodesController->nd_visualshortcodes_ajax_backend_shortcode()\n#9 /app/web/core/lib/Drupal/Core/EventSubscriber/EarlyRenderingControllerWrapperSubscriber.php(123): call_user_func_array(Array, Array)\n#10 /app/web/core/lib/Drupal/Core/Render/Renderer.php(573): Drupal\\Core\\EventSubscriber\\EarlyRenderingControllerWrapperSubscriber->Drupal\\Core\\EventSubscriber\\{closure}()\n#11 /app/web/core/lib/Drupal/Core/EventSubscriber/EarlyRenderingControllerWrapperSubscriber.php(124): Drupal\\Core\\Render\\Renderer->executeInRenderContext(Object(Drupal\\Core\\Render\\RenderContext), Object(Closure))\n#12 /app/web/core/lib/Drupal/Core/EventSubscriber/EarlyRenderingControllerWrapperSubscriber.php(97): Drupal\\Core\\EventSubscriber\\EarlyRenderingControllerWrapperSubscriber->wrapControllerExecutionInRenderContext(Array, Array)\n#13 /app/vendor/symfony/http-kernel/HttpKernel.php(158): Drupal\\Core\\EventSubscriber\\EarlyRenderingControllerWrapperSubscriber->Drupal\\Core\\EventSubscriber\\{closure}()\n#14 /app/vendor/symfony/http-kernel/HttpKernel.php(80): Symfony\\Component\\HttpKernel\\HttpKernel->handleRaw(Object(Symfony\\Component\\HttpFoundation\\Request), 1)\n#15 /app/web/core/lib/Drupal/Core/StackMiddleware/Session.php(57): Symfony\\Component\\HttpKernel\\HttpKernel->handle(Object(Symfony\\Component\\HttpFoundation\\Request), 1, true)\n#16 /app/web/core/lib/Drupal/Core/StackMiddleware/KernelPreHandle.php(47): Drupal\\Core\\StackMiddleware\\Session->handle(Object(Symfony\\Component\\HttpFoundation\\Request), 1, true)\n#17 /app/web/core/modules/page_cache/src/StackMiddleware/PageCache.php(106): Drupal\\Core\\StackMiddleware\\KernelPreHandle->handle(Object(Symfony\\Component\\HttpFoundation\\Request), 1, true)\n#18 /app/web/core/modules/page_cache/src/StackMiddleware/PageCache.php(85): Drupal\\page_cache\\StackMiddleware\\PageCache->pass(Object(Symfony\\Component\\HttpFoundation\\Request), 1, true)\n#19 /app/web/core/lib/Drupal/Core/StackMiddleware/ReverseProxyMiddleware.php(47): Drupal\\page_cache\\StackMiddleware\\PageCache->handle(Object(Symfony\\Component\\HttpFoundation\\Request), 1, true)\n#20 /app/web/core/lib/Drupal/Core/StackMiddleware/NegotiationMiddleware.php(52): Drupal\\Core\\StackMiddleware\\ReverseProxyMiddleware->handle(Object(Symfony\\Component\\HttpFoundation\\Request), 1, true)\n#21 /app/vendor/stack/builder/src/Stack/StackedHttpKernel.php(23): Drupal\\Core\\StackMiddleware\\NegotiationMiddleware->handle(Object(Symfony\\Component\\HttpFoundation\\Request), 1, true)\n#22 /app/web/core/lib/Drupal/Core/DrupalKernel.php(706): Stack\\StackedHttpKernel->handle(Object(Symfony\\Component\\HttpFoundation\\Request), 1, true)\n#23 /app/web/index.php(19): Drupal\\Core\\DrupalKernel->handle(Object(Symfony\\Component\\HttpFoundation\\Request))\n#24 {main}\";}',5,'','https://jango9.lndo.site/admin_ajax/nd_visualshortcodes/ajax_backend_shortcode?_wrapper_format=drupal_ajax','https://jango9.lndo.site/node/100/edit','172.27.0.3',1640022322),(27,1,'php','%type: @message in %function (line %line of %file) @backtrace_string.',_binary 'a:6:{s:5:\"%type\";s:6:\"Notice\";s:8:\"@message\";O:25:\"Drupal\\Core\\Render\\Markup\":1:{s:9:\"\0*\0string\";s:50:\"Trying to access array offset on value of type int\";}s:9:\"%function\";s:52:\"Drupal\\shortcode\\Plugin\\ShortcodeBase->__construct()\";s:5:\"%file\";s:63:\"/app/web/modules/contrib/shortcode/src/Plugin/ShortcodeBase.php\";s:5:\"%line\";i:57;s:17:\"@backtrace_string\";s:3577:\"#0 /app/web/core/includes/bootstrap.inc(305): _drupal_error_handler_real(8, \'Trying to acces...\', \'/app/web/module...\', 57)\n#1 /app/web/modules/contrib/shortcode/src/Plugin/ShortcodeBase.php(57): _drupal_error_handler(8, \'Trying to acces...\', \'/app/web/module...\', 57, Array)\n#2 /app/web/modules/custom/nd_visualshortcodes/nd_visualshortcodes.module(154): Drupal\\shortcode\\Plugin\\ShortcodeBase->__construct(Array, 0, 0)\n#3 /app/web/modules/custom/nd_visualshortcodes/nd_visualshortcodes.module(351): _nd_visualshortcodes_backend_description(Array, \'\')\n#4 [internal function]: nd_visualshortcodes_backend_nochilds(Array, \'\', \'nd_node\')\n#5 /app/web/modules/custom/nd_visualshortcodes/src/Controller/nd_visualshortcodesController.php(142): call_user_func(\'nd_visualshortc...\', Array, \'\', \'nd_node\')\n#6 [internal function]: Drupal\\nd_visualshortcodes\\Controller\\nd_visualshortcodesController->nd_visualshortcodes_ajax_shortcodes_list_add()\n#7 /app/web/core/lib/Drupal/Core/EventSubscriber/EarlyRenderingControllerWrapperSubscriber.php(123): call_user_func_array(Array, Array)\n#8 /app/web/core/lib/Drupal/Core/Render/Renderer.php(573): Drupal\\Core\\EventSubscriber\\EarlyRenderingControllerWrapperSubscriber->Drupal\\Core\\EventSubscriber\\{closure}()\n#9 /app/web/core/lib/Drupal/Core/EventSubscriber/EarlyRenderingControllerWrapperSubscriber.php(124): Drupal\\Core\\Render\\Renderer->executeInRenderContext(Object(Drupal\\Core\\Render\\RenderContext), Object(Closure))\n#10 /app/web/core/lib/Drupal/Core/EventSubscriber/EarlyRenderingControllerWrapperSubscriber.php(97): Drupal\\Core\\EventSubscriber\\EarlyRenderingControllerWrapperSubscriber->wrapControllerExecutionInRenderContext(Array, Array)\n#11 /app/vendor/symfony/http-kernel/HttpKernel.php(158): Drupal\\Core\\EventSubscriber\\EarlyRenderingControllerWrapperSubscriber->Drupal\\Core\\EventSubscriber\\{closure}()\n#12 /app/vendor/symfony/http-kernel/HttpKernel.php(80): Symfony\\Component\\HttpKernel\\HttpKernel->handleRaw(Object(Symfony\\Component\\HttpFoundation\\Request), 1)\n#13 /app/web/core/lib/Drupal/Core/StackMiddleware/Session.php(57): Symfony\\Component\\HttpKernel\\HttpKernel->handle(Object(Symfony\\Component\\HttpFoundation\\Request), 1, true)\n#14 /app/web/core/lib/Drupal/Core/StackMiddleware/KernelPreHandle.php(47): Drupal\\Core\\StackMiddleware\\Session->handle(Object(Symfony\\Component\\HttpFoundation\\Request), 1, true)\n#15 /app/web/core/modules/page_cache/src/StackMiddleware/PageCache.php(106): Drupal\\Core\\StackMiddleware\\KernelPreHandle->handle(Object(Symfony\\Component\\HttpFoundation\\Request), 1, true)\n#16 /app/web/core/modules/page_cache/src/StackMiddleware/PageCache.php(85): Drupal\\page_cache\\StackMiddleware\\PageCache->pass(Object(Symfony\\Component\\HttpFoundation\\Request), 1, true)\n#17 /app/web/core/lib/Drupal/Core/StackMiddleware/ReverseProxyMiddleware.php(47): Drupal\\page_cache\\StackMiddleware\\PageCache->handle(Object(Symfony\\Component\\HttpFoundation\\Request), 1, true)\n#18 /app/web/core/lib/Drupal/Core/StackMiddleware/NegotiationMiddleware.php(52): Drupal\\Core\\StackMiddleware\\ReverseProxyMiddleware->handle(Object(Symfony\\Component\\HttpFoundation\\Request), 1, true)\n#19 /app/vendor/stack/builder/src/Stack/StackedHttpKernel.php(23): Drupal\\Core\\StackMiddleware\\NegotiationMiddleware->handle(Object(Symfony\\Component\\HttpFoundation\\Request), 1, true)\n#20 /app/web/core/lib/Drupal/Core/DrupalKernel.php(706): Stack\\StackedHttpKernel->handle(Object(Symfony\\Component\\HttpFoundation\\Request), 1, true)\n#21 /app/web/index.php(19): Drupal\\Core\\DrupalKernel->handle(Object(Symfony\\Component\\HttpFoundation\\Request))\n#22 {main}\";}',5,'','https://jango9.lndo.site/ajax/nd_visualshortcodes/shortcodes_list_add','https://jango9.lndo.site/node/100/edit','172.27.0.3',1640022335),(28,1,'php','%type: @message in %function (line %line of %file) @backtrace_string.',_binary 'a:6:{s:5:\"%type\";s:6:\"Notice\";s:8:\"@message\";O:25:\"Drupal\\Core\\Render\\Markup\":1:{s:9:\"\0*\0string\";s:26:\"Undefined index: admin_url\";}s:9:\"%function\";s:69:\"Drupal\\jango_shortcodes\\Plugin\\Shortcode\\NodeShortcode->description()\";s:5:\"%file\";s:79:\"/app/web/modules/custom/jango_shortcodes/src/Plugin/Shortcode/NodeShortcode.php\";s:5:\"%line\";i:60;s:17:\"@backtrace_string\";s:3608:\"#0 /app/web/core/includes/bootstrap.inc(305): _drupal_error_handler_real(8, \'Undefined index...\', \'/app/web/module...\', 60)\n#1 /app/web/modules/custom/jango_shortcodes/src/Plugin/Shortcode/NodeShortcode.php(60): _drupal_error_handler(8, \'Undefined index...\', \'/app/web/module...\', 60, Array)\n#2 /app/web/modules/custom/nd_visualshortcodes/nd_visualshortcodes.module(155): Drupal\\jango_shortcodes\\Plugin\\Shortcode\\NodeShortcode->description(Array, \'\')\n#3 /app/web/modules/custom/nd_visualshortcodes/nd_visualshortcodes.module(351): _nd_visualshortcodes_backend_description(Array, \'\')\n#4 [internal function]: nd_visualshortcodes_backend_nochilds(Array, \'\', \'nd_node\')\n#5 /app/web/modules/custom/nd_visualshortcodes/src/Controller/nd_visualshortcodesController.php(142): call_user_func(\'nd_visualshortc...\', Array, \'\', \'nd_node\')\n#6 [internal function]: Drupal\\nd_visualshortcodes\\Controller\\nd_visualshortcodesController->nd_visualshortcodes_ajax_shortcodes_list_add()\n#7 /app/web/core/lib/Drupal/Core/EventSubscriber/EarlyRenderingControllerWrapperSubscriber.php(123): call_user_func_array(Array, Array)\n#8 /app/web/core/lib/Drupal/Core/Render/Renderer.php(573): Drupal\\Core\\EventSubscriber\\EarlyRenderingControllerWrapperSubscriber->Drupal\\Core\\EventSubscriber\\{closure}()\n#9 /app/web/core/lib/Drupal/Core/EventSubscriber/EarlyRenderingControllerWrapperSubscriber.php(124): Drupal\\Core\\Render\\Renderer->executeInRenderContext(Object(Drupal\\Core\\Render\\RenderContext), Object(Closure))\n#10 /app/web/core/lib/Drupal/Core/EventSubscriber/EarlyRenderingControllerWrapperSubscriber.php(97): Drupal\\Core\\EventSubscriber\\EarlyRenderingControllerWrapperSubscriber->wrapControllerExecutionInRenderContext(Array, Array)\n#11 /app/vendor/symfony/http-kernel/HttpKernel.php(158): Drupal\\Core\\EventSubscriber\\EarlyRenderingControllerWrapperSubscriber->Drupal\\Core\\EventSubscriber\\{closure}()\n#12 /app/vendor/symfony/http-kernel/HttpKernel.php(80): Symfony\\Component\\HttpKernel\\HttpKernel->handleRaw(Object(Symfony\\Component\\HttpFoundation\\Request), 1)\n#13 /app/web/core/lib/Drupal/Core/StackMiddleware/Session.php(57): Symfony\\Component\\HttpKernel\\HttpKernel->handle(Object(Symfony\\Component\\HttpFoundation\\Request), 1, true)\n#14 /app/web/core/lib/Drupal/Core/StackMiddleware/KernelPreHandle.php(47): Drupal\\Core\\StackMiddleware\\Session->handle(Object(Symfony\\Component\\HttpFoundation\\Request), 1, true)\n#15 /app/web/core/modules/page_cache/src/StackMiddleware/PageCache.php(106): Drupal\\Core\\StackMiddleware\\KernelPreHandle->handle(Object(Symfony\\Component\\HttpFoundation\\Request), 1, true)\n#16 /app/web/core/modules/page_cache/src/StackMiddleware/PageCache.php(85): Drupal\\page_cache\\StackMiddleware\\PageCache->pass(Object(Symfony\\Component\\HttpFoundation\\Request), 1, true)\n#17 /app/web/core/lib/Drupal/Core/StackMiddleware/ReverseProxyMiddleware.php(47): Drupal\\page_cache\\StackMiddleware\\PageCache->handle(Object(Symfony\\Component\\HttpFoundation\\Request), 1, true)\n#18 /app/web/core/lib/Drupal/Core/StackMiddleware/NegotiationMiddleware.php(52): Drupal\\Core\\StackMiddleware\\ReverseProxyMiddleware->handle(Object(Symfony\\Component\\HttpFoundation\\Request), 1, true)\n#19 /app/vendor/stack/builder/src/Stack/StackedHttpKernel.php(23): Drupal\\Core\\StackMiddleware\\NegotiationMiddleware->handle(Object(Symfony\\Component\\HttpFoundation\\Request), 1, true)\n#20 /app/web/core/lib/Drupal/Core/DrupalKernel.php(706): Stack\\StackedHttpKernel->handle(Object(Symfony\\Component\\HttpFoundation\\Request), 1, true)\n#21 /app/web/index.php(19): Drupal\\Core\\DrupalKernel->handle(Object(Symfony\\Component\\HttpFoundation\\Request))\n#22 {main}\";}',5,'','https://jango9.lndo.site/ajax/nd_visualshortcodes/shortcodes_list_add','https://jango9.lndo.site/node/100/edit','172.27.0.3',1640022335),(29,1,'php','%type: @message in %function (line %line of %file) @backtrace_string.',_binary 'a:6:{s:5:\"%type\";s:6:\"Notice\";s:8:\"@message\";O:25:\"Drupal\\Core\\Render\\Markup\":1:{s:9:\"\0*\0string\";s:50:\"Trying to access array offset on value of type int\";}s:9:\"%function\";s:52:\"Drupal\\shortcode\\Plugin\\ShortcodeBase->__construct()\";s:5:\"%file\";s:63:\"/app/web/modules/contrib/shortcode/src/Plugin/ShortcodeBase.php\";s:5:\"%line\";i:57;s:17:\"@backtrace_string\";s:3938:\"#0 /app/web/core/includes/bootstrap.inc(305): _drupal_error_handler_real(8, \'Trying to acces...\', \'/app/web/module...\', 57)\n#1 /app/web/modules/contrib/shortcode/src/Plugin/ShortcodeBase.php(57): _drupal_error_handler(8, \'Trying to acces...\', \'/app/web/module...\', 57, Array)\n#2 /app/web/modules/custom/nd_visualshortcodes/src/Form/AjaxDackendShortcodeForm.php(33): Drupal\\shortcode\\Plugin\\ShortcodeBase->__construct(Array, 0, 0)\n#3 [internal function]: Drupal\\nd_visualshortcodes\\Form\\AjaxDackendShortcodeForm->buildForm(Array, Object(Drupal\\Core\\Form\\FormState), Array)\n#4 /app/web/core/lib/Drupal/Core/Form/FormBuilder.php(532): call_user_func_array(Array, Array)\n#5 /app/web/core/lib/Drupal/Core/Form/FormBuilder.php(278): Drupal\\Core\\Form\\FormBuilder->retrieveForm(\'ajax_dackend_sh...\', Object(Drupal\\Core\\Form\\FormState))\n#6 /app/web/core/lib/Drupal/Core/Form/FormBuilder.php(219): Drupal\\Core\\Form\\FormBuilder->buildForm(\'Drupal\\\\nd_visua...\', Object(Drupal\\Core\\Form\\FormState))\n#7 /app/web/modules/custom/nd_visualshortcodes/src/Controller/nd_visualshortcodesController.php(188): Drupal\\Core\\Form\\FormBuilder->getForm(\'Drupal\\\\nd_visua...\', Array)\n#8 [internal function]: Drupal\\nd_visualshortcodes\\Controller\\nd_visualshortcodesController->nd_visualshortcodes_ajax_backend_shortcode()\n#9 /app/web/core/lib/Drupal/Core/EventSubscriber/EarlyRenderingControllerWrapperSubscriber.php(123): call_user_func_array(Array, Array)\n#10 /app/web/core/lib/Drupal/Core/Render/Renderer.php(573): Drupal\\Core\\EventSubscriber\\EarlyRenderingControllerWrapperSubscriber->Drupal\\Core\\EventSubscriber\\{closure}()\n#11 /app/web/core/lib/Drupal/Core/EventSubscriber/EarlyRenderingControllerWrapperSubscriber.php(124): Drupal\\Core\\Render\\Renderer->executeInRenderContext(Object(Drupal\\Core\\Render\\RenderContext), Object(Closure))\n#12 /app/web/core/lib/Drupal/Core/EventSubscriber/EarlyRenderingControllerWrapperSubscriber.php(97): Drupal\\Core\\EventSubscriber\\EarlyRenderingControllerWrapperSubscriber->wrapControllerExecutionInRenderContext(Array, Array)\n#13 /app/vendor/symfony/http-kernel/HttpKernel.php(158): Drupal\\Core\\EventSubscriber\\EarlyRenderingControllerWrapperSubscriber->Drupal\\Core\\EventSubscriber\\{closure}()\n#14 /app/vendor/symfony/http-kernel/HttpKernel.php(80): Symfony\\Component\\HttpKernel\\HttpKernel->handleRaw(Object(Symfony\\Component\\HttpFoundation\\Request), 1)\n#15 /app/web/core/lib/Drupal/Core/StackMiddleware/Session.php(57): Symfony\\Component\\HttpKernel\\HttpKernel->handle(Object(Symfony\\Component\\HttpFoundation\\Request), 1, true)\n#16 /app/web/core/lib/Drupal/Core/StackMiddleware/KernelPreHandle.php(47): Drupal\\Core\\StackMiddleware\\Session->handle(Object(Symfony\\Component\\HttpFoundation\\Request), 1, true)\n#17 /app/web/core/modules/page_cache/src/StackMiddleware/PageCache.php(106): Drupal\\Core\\StackMiddleware\\KernelPreHandle->handle(Object(Symfony\\Component\\HttpFoundation\\Request), 1, true)\n#18 /app/web/core/modules/page_cache/src/StackMiddleware/PageCache.php(85): Drupal\\page_cache\\StackMiddleware\\PageCache->pass(Object(Symfony\\Component\\HttpFoundation\\Request), 1, true)\n#19 /app/web/core/lib/Drupal/Core/StackMiddleware/ReverseProxyMiddleware.php(47): Drupal\\page_cache\\StackMiddleware\\PageCache->handle(Object(Symfony\\Component\\HttpFoundation\\Request), 1, true)\n#20 /app/web/core/lib/Drupal/Core/StackMiddleware/NegotiationMiddleware.php(52): Drupal\\Core\\StackMiddleware\\ReverseProxyMiddleware->handle(Object(Symfony\\Component\\HttpFoundation\\Request), 1, true)\n#21 /app/vendor/stack/builder/src/Stack/StackedHttpKernel.php(23): Drupal\\Core\\StackMiddleware\\NegotiationMiddleware->handle(Object(Symfony\\Component\\HttpFoundation\\Request), 1, true)\n#22 /app/web/core/lib/Drupal/Core/DrupalKernel.php(706): Stack\\StackedHttpKernel->handle(Object(Symfony\\Component\\HttpFoundation\\Request), 1, true)\n#23 /app/web/index.php(19): Drupal\\Core\\DrupalKernel->handle(Object(Symfony\\Component\\HttpFoundation\\Request))\n#24 {main}\";}',5,'','https://jango9.lndo.site/admin_ajax/nd_visualshortcodes/ajax_backend_shortcode?_wrapper_format=drupal_ajax','https://jango9.lndo.site/node/100/edit','172.27.0.3',1640022335),(30,1,'content','@type: updated %title.',_binary 'a:2:{s:5:\"@type\";s:4:\"page\";s:6:\"%title\";s:9:\"Test Page\";}',5,'<a href=\"/test-page-0\" hreflang=\"en\">View</a>','https://jango9.lndo.site/node/100/edit','https://jango9.lndo.site/node/100/edit','172.27.0.3',1640022356),(31,1,'php','%type: @message in %function (line %line of %file) @backtrace_string.',_binary 'a:6:{s:5:\"%type\";s:5:\"Error\";s:8:\"@message\";s:79:\"Call to undefined function Drupal\\jango_shortcodes\\Plugin\\Shortcode\\node_view()\";s:9:\"%function\";s:65:\"Drupal\\jango_shortcodes\\Plugin\\Shortcode\\NodeShortcode->process()\";s:5:\"%file\";s:79:\"/app/web/modules/custom/jango_shortcodes/src/Plugin/Shortcode/NodeShortcode.php\";s:5:\"%line\";i:31;s:17:\"@backtrace_string\";s:6985:\"#0 /app/web/modules/contrib/shortcode/src/ShortcodeService.php(438): Drupal\\jango_shortcodes\\Plugin\\Shortcode\\NodeShortcode->process(Array, \'\\n\')\n#1 /app/web/modules/contrib/shortcode/src/ShortcodeService.php(315): Drupal\\shortcode\\ShortcodeService->processTag(Array, Array)\n#2 /app/web/modules/contrib/shortcode/src/Plugin/Filter/Shortcode.php(78): Drupal\\shortcode\\ShortcodeService->process(\'[nd_node admin_...\', \'en\', Object(Drupal\\shortcode\\Plugin\\Filter\\Shortcode))\n#3 /app/web/core/modules/filter/src/Element/ProcessedText.php(118): Drupal\\shortcode\\Plugin\\Filter\\Shortcode->process(\'[nd_node admin_...\', \'en\')\n#4 [internal function]: Drupal\\filter\\Element\\ProcessedText::preRenderText(Array)\n#5 /app/web/core/lib/Drupal/Core/Security/DoTrustedCallbackTrait.php(101): call_user_func_array(Array, Array)\n#6 /app/web/core/lib/Drupal/Core/Render/Renderer.php(781): Drupal\\Core\\Render\\Renderer->doTrustedCallback(Array, Array, \'Render #pre_ren...\', \'exception\', \'Drupal\\\\Core\\\\Ren...\')\n#7 /app/web/core/lib/Drupal/Core/Render/Renderer.php(372): Drupal\\Core\\Render\\Renderer->doCallback(\'#pre_render\', Array, Array)\n#8 /app/web/core/lib/Drupal/Core/Render/Renderer.php(200): Drupal\\Core\\Render\\Renderer->doRender(Array, false)\n#9 /app/web/core/lib/Drupal/Core/Template/TwigExtension.php(450): Drupal\\Core\\Render\\Renderer->render(Array)\n#10 /app/web/sites/default/files/php/twig/61c0bac7cd6df_field.html.twig_XG6Gxpjdti9w6B_h8ecCVjmJw/Zw6wUpvadzye2OKCUV9LflDEAkgrCdcNjpS8TWubUzQ.php(84): Drupal\\Core\\Template\\TwigExtension->escapeFilter(Object(Drupal\\Core\\Template\\TwigEnvironment), Array, \'html\', NULL, true)\n#11 /app/vendor/twig/twig/src/Template.php(405): __TwigTemplate_f4f6942b1779261ae111608c6b1b7dc294b460ae79f14f49c2e7aba961c3475a->doDisplay(Array, Array)\n#12 /app/vendor/twig/twig/src/Template.php(378): Twig\\Template->displayWithErrorHandling(Array, Array)\n#13 /app/vendor/twig/twig/src/Template.php(390): Twig\\Template->display(Array)\n#14 /app/web/core/themes/engines/twig/twig.engine(65): Twig\\Template->render(Array)\n#15 /app/web/core/lib/Drupal/Core/Theme/ThemeManager.php(384): twig_render_template(\'themes/custom/j...\', Array)\n#16 /app/web/core/lib/Drupal/Core/Render/Renderer.php(431): Drupal\\Core\\Theme\\ThemeManager->render(\'field\', Array)\n#17 /app/web/core/lib/Drupal/Core/Render/Renderer.php(444): Drupal\\Core\\Render\\Renderer->doRender(Array)\n#18 /app/web/core/lib/Drupal/Core/Render/Renderer.php(200): Drupal\\Core\\Render\\Renderer->doRender(Array, false)\n#19 /app/web/core/lib/Drupal/Core/Template/TwigExtension.php(450): Drupal\\Core\\Render\\Renderer->render(Array)\n#20 /app/web/sites/default/files/php/twig/61c0bac7cd6df_node.html.twig_m4846DKyDUZVUzZ4KHU3OeBxK/ldaQE2S0FF46AhhI1gZC1QcshTgFJIPPODE3J2wrRRo.php(100): Drupal\\Core\\Template\\TwigExtension->escapeFilter(Object(Drupal\\Core\\Template\\TwigEnvironment), Array, \'html\', NULL, true)\n#21 /app/vendor/twig/twig/src/Template.php(405): __TwigTemplate_d9df9813c737bcb6a164eefb74fb34f99440d8e3278823899a52f47fc3618950->doDisplay(Array, Array)\n#22 /app/vendor/twig/twig/src/Template.php(378): Twig\\Template->displayWithErrorHandling(Array, Array)\n#23 /app/vendor/twig/twig/src/Template.php(390): Twig\\Template->display(Array)\n#24 /app/web/core/themes/engines/twig/twig.engine(65): Twig\\Template->render(Array)\n#25 /app/web/core/lib/Drupal/Core/Theme/ThemeManager.php(384): twig_render_template(\'themes/custom/j...\', Array)\n#26 /app/web/core/lib/Drupal/Core/Render/Renderer.php(431): Drupal\\Core\\Theme\\ThemeManager->render(\'node\', Array)\n#27 /app/web/core/lib/Drupal/Core/Render/Renderer.php(200): Drupal\\Core\\Render\\Renderer->doRender(Array, false)\n#28 /app/web/core/lib/Drupal/Core/Render/MainContent/HtmlRenderer.php(241): Drupal\\Core\\Render\\Renderer->render(Array, false)\n#29 /app/web/core/lib/Drupal/Core/Render/Renderer.php(573): Drupal\\Core\\Render\\MainContent\\HtmlRenderer->Drupal\\Core\\Render\\MainContent\\{closure}()\n#30 /app/web/core/lib/Drupal/Core/Render/MainContent/HtmlRenderer.php(242): Drupal\\Core\\Render\\Renderer->executeInRenderContext(Object(Drupal\\Core\\Render\\RenderContext), Object(Closure))\n#31 /app/web/core/lib/Drupal/Core/Render/MainContent/HtmlRenderer.php(132): Drupal\\Core\\Render\\MainContent\\HtmlRenderer->prepare(Array, Object(Symfony\\Component\\HttpFoundation\\Request), Object(Drupal\\Core\\Routing\\CurrentRouteMatch))\n#32 /app/web/core/lib/Drupal/Core/EventSubscriber/MainContentViewSubscriber.php(90): Drupal\\Core\\Render\\MainContent\\HtmlRenderer->renderResponse(Array, Object(Symfony\\Component\\HttpFoundation\\Request), Object(Drupal\\Core\\Routing\\CurrentRouteMatch))\n#33 [internal function]: Drupal\\Core\\EventSubscriber\\MainContentViewSubscriber->onViewRenderArray(Object(Symfony\\Component\\HttpKernel\\Event\\ViewEvent), \'kernel.view\', Object(Drupal\\Component\\EventDispatcher\\ContainerAwareEventDispatcher))\n#34 /app/web/core/lib/Drupal/Component/EventDispatcher/ContainerAwareEventDispatcher.php(142): call_user_func(Array, Object(Symfony\\Component\\HttpKernel\\Event\\ViewEvent), \'kernel.view\', Object(Drupal\\Component\\EventDispatcher\\ContainerAwareEventDispatcher))\n#35 /app/vendor/symfony/http-kernel/HttpKernel.php(163): Drupal\\Component\\EventDispatcher\\ContainerAwareEventDispatcher->dispatch(Object(Symfony\\Component\\HttpKernel\\Event\\ViewEvent), \'kernel.view\')\n#36 /app/vendor/symfony/http-kernel/HttpKernel.php(80): Symfony\\Component\\HttpKernel\\HttpKernel->handleRaw(Object(Symfony\\Component\\HttpFoundation\\Request), 1)\n#37 /app/web/core/lib/Drupal/Core/StackMiddleware/Session.php(57): Symfony\\Component\\HttpKernel\\HttpKernel->handle(Object(Symfony\\Component\\HttpFoundation\\Request), 1, true)\n#38 /app/web/core/lib/Drupal/Core/StackMiddleware/KernelPreHandle.php(47): Drupal\\Core\\StackMiddleware\\Session->handle(Object(Symfony\\Component\\HttpFoundation\\Request), 1, true)\n#39 /app/web/core/modules/page_cache/src/StackMiddleware/PageCache.php(106): Drupal\\Core\\StackMiddleware\\KernelPreHandle->handle(Object(Symfony\\Component\\HttpFoundation\\Request), 1, true)\n#40 /app/web/core/modules/page_cache/src/StackMiddleware/PageCache.php(85): Drupal\\page_cache\\StackMiddleware\\PageCache->pass(Object(Symfony\\Component\\HttpFoundation\\Request), 1, true)\n#41 /app/web/core/lib/Drupal/Core/StackMiddleware/ReverseProxyMiddleware.php(47): Drupal\\page_cache\\StackMiddleware\\PageCache->handle(Object(Symfony\\Component\\HttpFoundation\\Request), 1, true)\n#42 /app/web/core/lib/Drupal/Core/StackMiddleware/NegotiationMiddleware.php(52): Drupal\\Core\\StackMiddleware\\ReverseProxyMiddleware->handle(Object(Symfony\\Component\\HttpFoundation\\Request), 1, true)\n#43 /app/vendor/stack/builder/src/Stack/StackedHttpKernel.php(23): Drupal\\Core\\StackMiddleware\\NegotiationMiddleware->handle(Object(Symfony\\Component\\HttpFoundation\\Request), 1, true)\n#44 /app/web/core/lib/Drupal/Core/DrupalKernel.php(706): Stack\\StackedHttpKernel->handle(Object(Symfony\\Component\\HttpFoundation\\Request), 1, true)\n#45 /app/web/index.php(19): Drupal\\Core\\DrupalKernel->handle(Object(Symfony\\Component\\HttpFoundation\\Request))\n#46 {main}\";}',3,'','https://jango9.lndo.site/test-page-0','https://jango9.lndo.site/node/100/edit','172.27.0.3',1640022356),(32,0,'update','The role %role has had the following non-existent permission(s) removed: %permissions.',_binary 'a:2:{s:5:\"%role\";s:14:\"Anonymous user\";s:12:\"%permissions\";s:154:\"access cart, access site-wide contact form, flag compare_prodvar, unflag compare_prodvar, view any commerce_product, view media, view own commerce_product\";}',5,'','http://default/','','127.0.0.1',1640024964),(33,0,'update','The role %role has had the following non-existent permission(s) removed: %permissions.',_binary 'a:2:{s:5:\"%role\";s:18:\"Authenticated user\";s:12:\"%permissions\";s:154:\"access cart, access site-wide contact form, flag compare_prodvar, unflag compare_prodvar, view any commerce_product, view media, view own commerce_product\";}',5,'','http://default/','','127.0.0.1',1640024964),(34,1,'php','%type: @message in %function (line %line of %file) @backtrace_string.',_binary 'a:6:{s:5:\"%type\";s:6:\"Notice\";s:8:\"@message\";O:25:\"Drupal\\Core\\Render\\Markup\":1:{s:9:\"\0*\0string\";s:50:\"Trying to access array offset on value of type int\";}s:9:\"%function\";s:52:\"Drupal\\shortcode\\Plugin\\ShortcodeBase->__construct()\";s:5:\"%file\";s:63:\"/app/web/modules/contrib/shortcode/src/Plugin/ShortcodeBase.php\";s:5:\"%line\";i:57;s:17:\"@backtrace_string\";s:4109:\"#0 /app/web/core/includes/bootstrap.inc(346): _drupal_error_handler_real(8, \'Trying to acces...\', \'/app/web/module...\', 57)\n#1 /app/web/modules/contrib/shortcode/src/Plugin/ShortcodeBase.php(57): _drupal_error_handler(8, \'Trying to acces...\', \'/app/web/module...\', 57, Array)\n#2 /app/web/modules/custom/nd_visualshortcodes/nd_visualshortcodes.module(154): Drupal\\shortcode\\Plugin\\ShortcodeBase->__construct(Array, 0, 0)\n#3 /app/web/modules/custom/nd_visualshortcodes/nd_visualshortcodes.module(351): _nd_visualshortcodes_backend_description(Array, \'\')\n#4 [internal function]: nd_visualshortcodes_backend_nochilds(Array, \'\', \'nd_node\')\n#5 /app/web/modules/custom/nd_visualshortcodes/src/Controller/nd_visualshortcodesController.php(369): call_user_func(\'nd_visualshortc...\', Array, \'\\n\', \'nd_node\')\n#6 /app/web/modules/custom/nd_visualshortcodes/src/Controller/nd_visualshortcodesController.php(228): Drupal\\nd_visualshortcodes\\Controller\\nd_visualshortcodesController->_nd_visualshortcodes_backend_process(\'[nd_node admin_...\', Object(Drupal\\shortcode\\Plugin\\Filter\\Shortcode))\n#7 /app/web/modules/custom/nd_visualshortcodes/src/Controller/nd_visualshortcodesController.php(82): Drupal\\nd_visualshortcodes\\Controller\\nd_visualshortcodesController->nd_visualshortcodes_process_shortcodes(\'[nd_node admin_...\', \'shortcode_dynam...\')\n#8 [internal function]: Drupal\\nd_visualshortcodes\\Controller\\nd_visualshortcodesController->nd_visualshortcodes_ajax_backend_layout()\n#9 /app/web/core/lib/Drupal/Core/EventSubscriber/EarlyRenderingControllerWrapperSubscriber.php(123): call_user_func_array(Array, Array)\n#10 /app/web/core/lib/Drupal/Core/Render/Renderer.php(564): Drupal\\Core\\EventSubscriber\\EarlyRenderingControllerWrapperSubscriber->Drupal\\Core\\EventSubscriber\\{closure}()\n#11 /app/web/core/lib/Drupal/Core/EventSubscriber/EarlyRenderingControllerWrapperSubscriber.php(124): Drupal\\Core\\Render\\Renderer->executeInRenderContext(Object(Drupal\\Core\\Render\\RenderContext), Object(Closure))\n#12 /app/web/core/lib/Drupal/Core/EventSubscriber/EarlyRenderingControllerWrapperSubscriber.php(97): Drupal\\Core\\EventSubscriber\\EarlyRenderingControllerWrapperSubscriber->wrapControllerExecutionInRenderContext(Array, Array)\n#13 /app/vendor/symfony/http-kernel/HttpKernel.php(158): Drupal\\Core\\EventSubscriber\\EarlyRenderingControllerWrapperSubscriber->Drupal\\Core\\EventSubscriber\\{closure}()\n#14 /app/vendor/symfony/http-kernel/HttpKernel.php(80): Symfony\\Component\\HttpKernel\\HttpKernel->handleRaw(Object(Symfony\\Component\\HttpFoundation\\Request), 1)\n#15 /app/web/core/lib/Drupal/Core/StackMiddleware/Session.php(58): Symfony\\Component\\HttpKernel\\HttpKernel->handle(Object(Symfony\\Component\\HttpFoundation\\Request), 1, true)\n#16 /app/web/core/lib/Drupal/Core/StackMiddleware/KernelPreHandle.php(48): Drupal\\Core\\StackMiddleware\\Session->handle(Object(Symfony\\Component\\HttpFoundation\\Request), 1, true)\n#17 /app/web/core/modules/page_cache/src/StackMiddleware/PageCache.php(106): Drupal\\Core\\StackMiddleware\\KernelPreHandle->handle(Object(Symfony\\Component\\HttpFoundation\\Request), 1, true)\n#18 /app/web/core/modules/page_cache/src/StackMiddleware/PageCache.php(85): Drupal\\page_cache\\StackMiddleware\\PageCache->pass(Object(Symfony\\Component\\HttpFoundation\\Request), 1, true)\n#19 /app/web/core/lib/Drupal/Core/StackMiddleware/ReverseProxyMiddleware.php(48): Drupal\\page_cache\\StackMiddleware\\PageCache->handle(Object(Symfony\\Component\\HttpFoundation\\Request), 1, true)\n#20 /app/web/core/lib/Drupal/Core/StackMiddleware/NegotiationMiddleware.php(51): Drupal\\Core\\StackMiddleware\\ReverseProxyMiddleware->handle(Object(Symfony\\Component\\HttpFoundation\\Request), 1, true)\n#21 /app/vendor/stack/builder/src/Stack/StackedHttpKernel.php(23): Drupal\\Core\\StackMiddleware\\NegotiationMiddleware->handle(Object(Symfony\\Component\\HttpFoundation\\Request), 1, true)\n#22 /app/web/core/lib/Drupal/Core/DrupalKernel.php(708): Stack\\StackedHttpKernel->handle(Object(Symfony\\Component\\HttpFoundation\\Request), 1, true)\n#23 /app/web/index.php(19): Drupal\\Core\\DrupalKernel->handle(Object(Symfony\\Component\\HttpFoundation\\Request))\n#24 {main}\";}',5,'','https://jango9.lndo.site/ajax/nd_visualshortcodes/ajax_backend_layout','https://jango9.lndo.site/node/100/edit','172.27.0.3',1640025216),(35,1,'php','%type: @message in %function (line %line of %file) @backtrace_string.',_binary 'a:6:{s:5:\"%type\";s:5:\"Error\";s:8:\"@message\";s:79:\"Call to undefined function Drupal\\jango_shortcodes\\Plugin\\Shortcode\\node_view()\";s:9:\"%function\";s:65:\"Drupal\\jango_shortcodes\\Plugin\\Shortcode\\NodeShortcode->process()\";s:5:\"%file\";s:79:\"/app/web/modules/custom/jango_shortcodes/src/Plugin/Shortcode/NodeShortcode.php\";s:5:\"%line\";i:31;s:17:\"@backtrace_string\";s:6985:\"#0 /app/web/modules/contrib/shortcode/src/ShortcodeService.php(438): Drupal\\jango_shortcodes\\Plugin\\Shortcode\\NodeShortcode->process(Array, \'\\n\')\n#1 /app/web/modules/contrib/shortcode/src/ShortcodeService.php(315): Drupal\\shortcode\\ShortcodeService->processTag(Array, Array)\n#2 /app/web/modules/contrib/shortcode/src/Plugin/Filter/Shortcode.php(78): Drupal\\shortcode\\ShortcodeService->process(\'[nd_node admin_...\', \'en\', Object(Drupal\\shortcode\\Plugin\\Filter\\Shortcode))\n#3 /app/web/core/modules/filter/src/Element/ProcessedText.php(118): Drupal\\shortcode\\Plugin\\Filter\\Shortcode->process(\'[nd_node admin_...\', \'en\')\n#4 [internal function]: Drupal\\filter\\Element\\ProcessedText::preRenderText(Array)\n#5 /app/web/core/lib/Drupal/Core/Security/DoTrustedCallbackTrait.php(101): call_user_func_array(Array, Array)\n#6 /app/web/core/lib/Drupal/Core/Render/Renderer.php(772): Drupal\\Core\\Render\\Renderer->doTrustedCallback(Array, Array, \'Render #pre_ren...\', \'exception\', \'Drupal\\\\Core\\\\Ren...\')\n#7 /app/web/core/lib/Drupal/Core/Render/Renderer.php(363): Drupal\\Core\\Render\\Renderer->doCallback(\'#pre_render\', Array, Array)\n#8 /app/web/core/lib/Drupal/Core/Render/Renderer.php(201): Drupal\\Core\\Render\\Renderer->doRender(Array, false)\n#9 /app/web/core/lib/Drupal/Core/Template/TwigExtension.php(463): Drupal\\Core\\Render\\Renderer->render(Array)\n#10 /app/web/sites/default/files/php/twig/61c0cc6e5a124_field.html.twig_Qmr0nUWQaCUjbGDOKgJR-1tp6/-_iOxh6yv5C22aGe-vRI1N9d4_0aL8jrohmQY9-9zFE.php(84): Drupal\\Core\\Template\\TwigExtension->escapeFilter(Object(Drupal\\Core\\Template\\TwigEnvironment), Array, \'html\', NULL, true)\n#11 /app/vendor/twig/twig/src/Template.php(405): __TwigTemplate_3bb471a7bf59518e3661d5279a401b3a5ac4214031699cadf4ee428d27c51ed9->doDisplay(Array, Array)\n#12 /app/vendor/twig/twig/src/Template.php(378): Twig\\Template->displayWithErrorHandling(Array, Array)\n#13 /app/vendor/twig/twig/src/Template.php(390): Twig\\Template->display(Array)\n#14 /app/web/core/themes/engines/twig/twig.engine(55): Twig\\Template->render(Array)\n#15 /app/web/core/lib/Drupal/Core/Theme/ThemeManager.php(384): twig_render_template(\'themes/custom/j...\', Array)\n#16 /app/web/core/lib/Drupal/Core/Render/Renderer.php(422): Drupal\\Core\\Theme\\ThemeManager->render(\'field\', Array)\n#17 /app/web/core/lib/Drupal/Core/Render/Renderer.php(435): Drupal\\Core\\Render\\Renderer->doRender(Array)\n#18 /app/web/core/lib/Drupal/Core/Render/Renderer.php(201): Drupal\\Core\\Render\\Renderer->doRender(Array, false)\n#19 /app/web/core/lib/Drupal/Core/Template/TwigExtension.php(463): Drupal\\Core\\Render\\Renderer->render(Array)\n#20 /app/web/sites/default/files/php/twig/61c0cc6e5a124_node.html.twig_NntWtt_xH_RJBVTpBnJQbYvgI/2LdQiM08Cq-GIO4uxCEX9-4Z3qASj8QzovH6GpQgTrM.php(100): Drupal\\Core\\Template\\TwigExtension->escapeFilter(Object(Drupal\\Core\\Template\\TwigEnvironment), Array, \'html\', NULL, true)\n#21 /app/vendor/twig/twig/src/Template.php(405): __TwigTemplate_a2473d8ea26183b2fb197c8c25379e81b13ab66e09d7ca54fee0cfcbf58ba170->doDisplay(Array, Array)\n#22 /app/vendor/twig/twig/src/Template.php(378): Twig\\Template->displayWithErrorHandling(Array, Array)\n#23 /app/vendor/twig/twig/src/Template.php(390): Twig\\Template->display(Array)\n#24 /app/web/core/themes/engines/twig/twig.engine(55): Twig\\Template->render(Array)\n#25 /app/web/core/lib/Drupal/Core/Theme/ThemeManager.php(384): twig_render_template(\'themes/custom/j...\', Array)\n#26 /app/web/core/lib/Drupal/Core/Render/Renderer.php(422): Drupal\\Core\\Theme\\ThemeManager->render(\'node\', Array)\n#27 /app/web/core/lib/Drupal/Core/Render/Renderer.php(201): Drupal\\Core\\Render\\Renderer->doRender(Array, false)\n#28 /app/web/core/lib/Drupal/Core/Render/MainContent/HtmlRenderer.php(241): Drupal\\Core\\Render\\Renderer->render(Array, false)\n#29 /app/web/core/lib/Drupal/Core/Render/Renderer.php(564): Drupal\\Core\\Render\\MainContent\\HtmlRenderer->Drupal\\Core\\Render\\MainContent\\{closure}()\n#30 /app/web/core/lib/Drupal/Core/Render/MainContent/HtmlRenderer.php(242): Drupal\\Core\\Render\\Renderer->executeInRenderContext(Object(Drupal\\Core\\Render\\RenderContext), Object(Closure))\n#31 /app/web/core/lib/Drupal/Core/Render/MainContent/HtmlRenderer.php(132): Drupal\\Core\\Render\\MainContent\\HtmlRenderer->prepare(Array, Object(Symfony\\Component\\HttpFoundation\\Request), Object(Drupal\\Core\\Routing\\CurrentRouteMatch))\n#32 /app/web/core/lib/Drupal/Core/EventSubscriber/MainContentViewSubscriber.php(90): Drupal\\Core\\Render\\MainContent\\HtmlRenderer->renderResponse(Array, Object(Symfony\\Component\\HttpFoundation\\Request), Object(Drupal\\Core\\Routing\\CurrentRouteMatch))\n#33 [internal function]: Drupal\\Core\\EventSubscriber\\MainContentViewSubscriber->onViewRenderArray(Object(Symfony\\Component\\HttpKernel\\Event\\ViewEvent), \'kernel.view\', Object(Drupal\\Component\\EventDispatcher\\ContainerAwareEventDispatcher))\n#34 /app/web/core/lib/Drupal/Component/EventDispatcher/ContainerAwareEventDispatcher.php(142): call_user_func(Array, Object(Symfony\\Component\\HttpKernel\\Event\\ViewEvent), \'kernel.view\', Object(Drupal\\Component\\EventDispatcher\\ContainerAwareEventDispatcher))\n#35 /app/vendor/symfony/http-kernel/HttpKernel.php(163): Drupal\\Component\\EventDispatcher\\ContainerAwareEventDispatcher->dispatch(Object(Symfony\\Component\\HttpKernel\\Event\\ViewEvent), \'kernel.view\')\n#36 /app/vendor/symfony/http-kernel/HttpKernel.php(80): Symfony\\Component\\HttpKernel\\HttpKernel->handleRaw(Object(Symfony\\Component\\HttpFoundation\\Request), 1)\n#37 /app/web/core/lib/Drupal/Core/StackMiddleware/Session.php(58): Symfony\\Component\\HttpKernel\\HttpKernel->handle(Object(Symfony\\Component\\HttpFoundation\\Request), 1, true)\n#38 /app/web/core/lib/Drupal/Core/StackMiddleware/KernelPreHandle.php(48): Drupal\\Core\\StackMiddleware\\Session->handle(Object(Symfony\\Component\\HttpFoundation\\Request), 1, true)\n#39 /app/web/core/modules/page_cache/src/StackMiddleware/PageCache.php(106): Drupal\\Core\\StackMiddleware\\KernelPreHandle->handle(Object(Symfony\\Component\\HttpFoundation\\Request), 1, true)\n#40 /app/web/core/modules/page_cache/src/StackMiddleware/PageCache.php(85): Drupal\\page_cache\\StackMiddleware\\PageCache->pass(Object(Symfony\\Component\\HttpFoundation\\Request), 1, true)\n#41 /app/web/core/lib/Drupal/Core/StackMiddleware/ReverseProxyMiddleware.php(48): Drupal\\page_cache\\StackMiddleware\\PageCache->handle(Object(Symfony\\Component\\HttpFoundation\\Request), 1, true)\n#42 /app/web/core/lib/Drupal/Core/StackMiddleware/NegotiationMiddleware.php(51): Drupal\\Core\\StackMiddleware\\ReverseProxyMiddleware->handle(Object(Symfony\\Component\\HttpFoundation\\Request), 1, true)\n#43 /app/vendor/stack/builder/src/Stack/StackedHttpKernel.php(23): Drupal\\Core\\StackMiddleware\\NegotiationMiddleware->handle(Object(Symfony\\Component\\HttpFoundation\\Request), 1, true)\n#44 /app/web/core/lib/Drupal/Core/DrupalKernel.php(708): Stack\\StackedHttpKernel->handle(Object(Symfony\\Component\\HttpFoundation\\Request), 1, true)\n#45 /app/web/index.php(19): Drupal\\Core\\DrupalKernel->handle(Object(Symfony\\Component\\HttpFoundation\\Request))\n#46 {main}\";}',3,'','https://jango9.lndo.site/test-page-0','https://jango9.lndo.site/node/100/edit','172.27.0.3',1640025230),(36,1,'php','%type: @message in %function (line %line of %file) @backtrace_string.',_binary 'a:6:{s:5:\"%type\";s:5:\"Error\";s:8:\"@message\";s:79:\"Call to undefined function Drupal\\jango_shortcodes\\Plugin\\Shortcode\\node_view()\";s:9:\"%function\";s:65:\"Drupal\\jango_shortcodes\\Plugin\\Shortcode\\NodeShortcode->process()\";s:5:\"%file\";s:79:\"/app/web/modules/custom/jango_shortcodes/src/Plugin/Shortcode/NodeShortcode.php\";s:5:\"%line\";i:31;s:17:\"@backtrace_string\";s:6985:\"#0 /app/web/modules/contrib/shortcode/src/ShortcodeService.php(438): Drupal\\jango_shortcodes\\Plugin\\Shortcode\\NodeShortcode->process(Array, \'\\n\')\n#1 /app/web/modules/contrib/shortcode/src/ShortcodeService.php(315): Drupal\\shortcode\\ShortcodeService->processTag(Array, Array)\n#2 /app/web/modules/contrib/shortcode/src/Plugin/Filter/Shortcode.php(78): Drupal\\shortcode\\ShortcodeService->process(\'[nd_node admin_...\', \'en\', Object(Drupal\\shortcode\\Plugin\\Filter\\Shortcode))\n#3 /app/web/core/modules/filter/src/Element/ProcessedText.php(118): Drupal\\shortcode\\Plugin\\Filter\\Shortcode->process(\'[nd_node admin_...\', \'en\')\n#4 [internal function]: Drupal\\filter\\Element\\ProcessedText::preRenderText(Array)\n#5 /app/web/core/lib/Drupal/Core/Security/DoTrustedCallbackTrait.php(101): call_user_func_array(Array, Array)\n#6 /app/web/core/lib/Drupal/Core/Render/Renderer.php(772): Drupal\\Core\\Render\\Renderer->doTrustedCallback(Array, Array, \'Render #pre_ren...\', \'exception\', \'Drupal\\\\Core\\\\Ren...\')\n#7 /app/web/core/lib/Drupal/Core/Render/Renderer.php(363): Drupal\\Core\\Render\\Renderer->doCallback(\'#pre_render\', Array, Array)\n#8 /app/web/core/lib/Drupal/Core/Render/Renderer.php(201): Drupal\\Core\\Render\\Renderer->doRender(Array, false)\n#9 /app/web/core/lib/Drupal/Core/Template/TwigExtension.php(463): Drupal\\Core\\Render\\Renderer->render(Array)\n#10 /app/web/sites/default/files/php/twig/61c0cd94a8a58_field.html.twig_Qmr0nUWQaCUjbGDOKgJR-1tp6/ukSf40T9j73wm-TMdwElkibFSXFSJTJYYTY0E8KxM0U.php(84): Drupal\\Core\\Template\\TwigExtension->escapeFilter(Object(Drupal\\Core\\Template\\TwigEnvironment), Array, \'html\', NULL, true)\n#11 /app/vendor/twig/twig/src/Template.php(405): __TwigTemplate_3bb471a7bf59518e3661d5279a401b3a5ac4214031699cadf4ee428d27c51ed9->doDisplay(Array, Array)\n#12 /app/vendor/twig/twig/src/Template.php(378): Twig\\Template->displayWithErrorHandling(Array, Array)\n#13 /app/vendor/twig/twig/src/Template.php(390): Twig\\Template->display(Array)\n#14 /app/web/core/themes/engines/twig/twig.engine(55): Twig\\Template->render(Array)\n#15 /app/web/core/lib/Drupal/Core/Theme/ThemeManager.php(384): twig_render_template(\'themes/custom/j...\', Array)\n#16 /app/web/core/lib/Drupal/Core/Render/Renderer.php(422): Drupal\\Core\\Theme\\ThemeManager->render(\'field\', Array)\n#17 /app/web/core/lib/Drupal/Core/Render/Renderer.php(435): Drupal\\Core\\Render\\Renderer->doRender(Array)\n#18 /app/web/core/lib/Drupal/Core/Render/Renderer.php(201): Drupal\\Core\\Render\\Renderer->doRender(Array, false)\n#19 /app/web/core/lib/Drupal/Core/Template/TwigExtension.php(463): Drupal\\Core\\Render\\Renderer->render(Array)\n#20 /app/web/sites/default/files/php/twig/61c0cd94a8a58_node.html.twig_NntWtt_xH_RJBVTpBnJQbYvgI/8g_gPWx8U9Cl3TNzUA_VYIEn9eNCi3iPphjnRhmxfrY.php(100): Drupal\\Core\\Template\\TwigExtension->escapeFilter(Object(Drupal\\Core\\Template\\TwigEnvironment), Array, \'html\', NULL, true)\n#21 /app/vendor/twig/twig/src/Template.php(405): __TwigTemplate_a2473d8ea26183b2fb197c8c25379e81b13ab66e09d7ca54fee0cfcbf58ba170->doDisplay(Array, Array)\n#22 /app/vendor/twig/twig/src/Template.php(378): Twig\\Template->displayWithErrorHandling(Array, Array)\n#23 /app/vendor/twig/twig/src/Template.php(390): Twig\\Template->display(Array)\n#24 /app/web/core/themes/engines/twig/twig.engine(55): Twig\\Template->render(Array)\n#25 /app/web/core/lib/Drupal/Core/Theme/ThemeManager.php(384): twig_render_template(\'themes/custom/j...\', Array)\n#26 /app/web/core/lib/Drupal/Core/Render/Renderer.php(422): Drupal\\Core\\Theme\\ThemeManager->render(\'node\', Array)\n#27 /app/web/core/lib/Drupal/Core/Render/Renderer.php(201): Drupal\\Core\\Render\\Renderer->doRender(Array, false)\n#28 /app/web/core/lib/Drupal/Core/Render/MainContent/HtmlRenderer.php(241): Drupal\\Core\\Render\\Renderer->render(Array, false)\n#29 /app/web/core/lib/Drupal/Core/Render/Renderer.php(564): Drupal\\Core\\Render\\MainContent\\HtmlRenderer->Drupal\\Core\\Render\\MainContent\\{closure}()\n#30 /app/web/core/lib/Drupal/Core/Render/MainContent/HtmlRenderer.php(242): Drupal\\Core\\Render\\Renderer->executeInRenderContext(Object(Drupal\\Core\\Render\\RenderContext), Object(Closure))\n#31 /app/web/core/lib/Drupal/Core/Render/MainContent/HtmlRenderer.php(132): Drupal\\Core\\Render\\MainContent\\HtmlRenderer->prepare(Array, Object(Symfony\\Component\\HttpFoundation\\Request), Object(Drupal\\Core\\Routing\\CurrentRouteMatch))\n#32 /app/web/core/lib/Drupal/Core/EventSubscriber/MainContentViewSubscriber.php(90): Drupal\\Core\\Render\\MainContent\\HtmlRenderer->renderResponse(Array, Object(Symfony\\Component\\HttpFoundation\\Request), Object(Drupal\\Core\\Routing\\CurrentRouteMatch))\n#33 [internal function]: Drupal\\Core\\EventSubscriber\\MainContentViewSubscriber->onViewRenderArray(Object(Symfony\\Component\\HttpKernel\\Event\\ViewEvent), \'kernel.view\', Object(Drupal\\Component\\EventDispatcher\\ContainerAwareEventDispatcher))\n#34 /app/web/core/lib/Drupal/Component/EventDispatcher/ContainerAwareEventDispatcher.php(142): call_user_func(Array, Object(Symfony\\Component\\HttpKernel\\Event\\ViewEvent), \'kernel.view\', Object(Drupal\\Component\\EventDispatcher\\ContainerAwareEventDispatcher))\n#35 /app/vendor/symfony/http-kernel/HttpKernel.php(163): Drupal\\Component\\EventDispatcher\\ContainerAwareEventDispatcher->dispatch(Object(Symfony\\Component\\HttpKernel\\Event\\ViewEvent), \'kernel.view\')\n#36 /app/vendor/symfony/http-kernel/HttpKernel.php(80): Symfony\\Component\\HttpKernel\\HttpKernel->handleRaw(Object(Symfony\\Component\\HttpFoundation\\Request), 1)\n#37 /app/web/core/lib/Drupal/Core/StackMiddleware/Session.php(58): Symfony\\Component\\HttpKernel\\HttpKernel->handle(Object(Symfony\\Component\\HttpFoundation\\Request), 1, true)\n#38 /app/web/core/lib/Drupal/Core/StackMiddleware/KernelPreHandle.php(48): Drupal\\Core\\StackMiddleware\\Session->handle(Object(Symfony\\Component\\HttpFoundation\\Request), 1, true)\n#39 /app/web/core/modules/page_cache/src/StackMiddleware/PageCache.php(106): Drupal\\Core\\StackMiddleware\\KernelPreHandle->handle(Object(Symfony\\Component\\HttpFoundation\\Request), 1, true)\n#40 /app/web/core/modules/page_cache/src/StackMiddleware/PageCache.php(85): Drupal\\page_cache\\StackMiddleware\\PageCache->pass(Object(Symfony\\Component\\HttpFoundation\\Request), 1, true)\n#41 /app/web/core/lib/Drupal/Core/StackMiddleware/ReverseProxyMiddleware.php(48): Drupal\\page_cache\\StackMiddleware\\PageCache->handle(Object(Symfony\\Component\\HttpFoundation\\Request), 1, true)\n#42 /app/web/core/lib/Drupal/Core/StackMiddleware/NegotiationMiddleware.php(51): Drupal\\Core\\StackMiddleware\\ReverseProxyMiddleware->handle(Object(Symfony\\Component\\HttpFoundation\\Request), 1, true)\n#43 /app/vendor/stack/builder/src/Stack/StackedHttpKernel.php(23): Drupal\\Core\\StackMiddleware\\NegotiationMiddleware->handle(Object(Symfony\\Component\\HttpFoundation\\Request), 1, true)\n#44 /app/web/core/lib/Drupal/Core/DrupalKernel.php(708): Stack\\StackedHttpKernel->handle(Object(Symfony\\Component\\HttpFoundation\\Request), 1, true)\n#45 /app/web/index.php(19): Drupal\\Core\\DrupalKernel->handle(Object(Symfony\\Component\\HttpFoundation\\Request))\n#46 {main}\";}',3,'','https://jango9.lndo.site/test-page-0','https://jango9.lndo.site/node/100/edit','172.27.0.3',1640025769),(37,1,'php','%type: @message in %function (line %line of %file) @backtrace_string.',_binary 'a:6:{s:5:\"%type\";s:5:\"Error\";s:8:\"@message\";s:114:\"Call to undefined function Drupal\\jango_shortcodes\\Plugin\\Shortcode\\_progressive_shortcodes_shortcode_attributes()\";s:9:\"%function\";s:65:\"Drupal\\jango_shortcodes\\Plugin\\Shortcode\\NodeShortcode->process()\";s:5:\"%file\";s:79:\"/app/web/modules/custom/jango_shortcodes/src/Plugin/Shortcode/NodeShortcode.php\";s:5:\"%line\";i:34;s:17:\"@backtrace_string\";s:6985:\"#0 /app/web/modules/contrib/shortcode/src/ShortcodeService.php(438): Drupal\\jango_shortcodes\\Plugin\\Shortcode\\NodeShortcode->process(Array, \'\\n\')\n#1 /app/web/modules/contrib/shortcode/src/ShortcodeService.php(315): Drupal\\shortcode\\ShortcodeService->processTag(Array, Array)\n#2 /app/web/modules/contrib/shortcode/src/Plugin/Filter/Shortcode.php(78): Drupal\\shortcode\\ShortcodeService->process(\'[nd_node admin_...\', \'en\', Object(Drupal\\shortcode\\Plugin\\Filter\\Shortcode))\n#3 /app/web/core/modules/filter/src/Element/ProcessedText.php(118): Drupal\\shortcode\\Plugin\\Filter\\Shortcode->process(\'[nd_node admin_...\', \'en\')\n#4 [internal function]: Drupal\\filter\\Element\\ProcessedText::preRenderText(Array)\n#5 /app/web/core/lib/Drupal/Core/Security/DoTrustedCallbackTrait.php(101): call_user_func_array(Array, Array)\n#6 /app/web/core/lib/Drupal/Core/Render/Renderer.php(772): Drupal\\Core\\Render\\Renderer->doTrustedCallback(Array, Array, \'Render #pre_ren...\', \'exception\', \'Drupal\\\\Core\\\\Ren...\')\n#7 /app/web/core/lib/Drupal/Core/Render/Renderer.php(363): Drupal\\Core\\Render\\Renderer->doCallback(\'#pre_render\', Array, Array)\n#8 /app/web/core/lib/Drupal/Core/Render/Renderer.php(201): Drupal\\Core\\Render\\Renderer->doRender(Array, false)\n#9 /app/web/core/lib/Drupal/Core/Template/TwigExtension.php(463): Drupal\\Core\\Render\\Renderer->render(Array)\n#10 /app/web/sites/default/files/php/twig/61c0cd94a8a58_field.html.twig_Qmr0nUWQaCUjbGDOKgJR-1tp6/ukSf40T9j73wm-TMdwElkibFSXFSJTJYYTY0E8KxM0U.php(84): Drupal\\Core\\Template\\TwigExtension->escapeFilter(Object(Drupal\\Core\\Template\\TwigEnvironment), Array, \'html\', NULL, true)\n#11 /app/vendor/twig/twig/src/Template.php(405): __TwigTemplate_3bb471a7bf59518e3661d5279a401b3a5ac4214031699cadf4ee428d27c51ed9->doDisplay(Array, Array)\n#12 /app/vendor/twig/twig/src/Template.php(378): Twig\\Template->displayWithErrorHandling(Array, Array)\n#13 /app/vendor/twig/twig/src/Template.php(390): Twig\\Template->display(Array)\n#14 /app/web/core/themes/engines/twig/twig.engine(55): Twig\\Template->render(Array)\n#15 /app/web/core/lib/Drupal/Core/Theme/ThemeManager.php(384): twig_render_template(\'themes/custom/j...\', Array)\n#16 /app/web/core/lib/Drupal/Core/Render/Renderer.php(422): Drupal\\Core\\Theme\\ThemeManager->render(\'field\', Array)\n#17 /app/web/core/lib/Drupal/Core/Render/Renderer.php(435): Drupal\\Core\\Render\\Renderer->doRender(Array)\n#18 /app/web/core/lib/Drupal/Core/Render/Renderer.php(201): Drupal\\Core\\Render\\Renderer->doRender(Array, false)\n#19 /app/web/core/lib/Drupal/Core/Template/TwigExtension.php(463): Drupal\\Core\\Render\\Renderer->render(Array)\n#20 /app/web/sites/default/files/php/twig/61c0cd94a8a58_node.html.twig_NntWtt_xH_RJBVTpBnJQbYvgI/8g_gPWx8U9Cl3TNzUA_VYIEn9eNCi3iPphjnRhmxfrY.php(100): Drupal\\Core\\Template\\TwigExtension->escapeFilter(Object(Drupal\\Core\\Template\\TwigEnvironment), Array, \'html\', NULL, true)\n#21 /app/vendor/twig/twig/src/Template.php(405): __TwigTemplate_a2473d8ea26183b2fb197c8c25379e81b13ab66e09d7ca54fee0cfcbf58ba170->doDisplay(Array, Array)\n#22 /app/vendor/twig/twig/src/Template.php(378): Twig\\Template->displayWithErrorHandling(Array, Array)\n#23 /app/vendor/twig/twig/src/Template.php(390): Twig\\Template->display(Array)\n#24 /app/web/core/themes/engines/twig/twig.engine(55): Twig\\Template->render(Array)\n#25 /app/web/core/lib/Drupal/Core/Theme/ThemeManager.php(384): twig_render_template(\'themes/custom/j...\', Array)\n#26 /app/web/core/lib/Drupal/Core/Render/Renderer.php(422): Drupal\\Core\\Theme\\ThemeManager->render(\'node\', Array)\n#27 /app/web/core/lib/Drupal/Core/Render/Renderer.php(201): Drupal\\Core\\Render\\Renderer->doRender(Array, false)\n#28 /app/web/core/lib/Drupal/Core/Render/MainContent/HtmlRenderer.php(241): Drupal\\Core\\Render\\Renderer->render(Array, false)\n#29 /app/web/core/lib/Drupal/Core/Render/Renderer.php(564): Drupal\\Core\\Render\\MainContent\\HtmlRenderer->Drupal\\Core\\Render\\MainContent\\{closure}()\n#30 /app/web/core/lib/Drupal/Core/Render/MainContent/HtmlRenderer.php(242): Drupal\\Core\\Render\\Renderer->executeInRenderContext(Object(Drupal\\Core\\Render\\RenderContext), Object(Closure))\n#31 /app/web/core/lib/Drupal/Core/Render/MainContent/HtmlRenderer.php(132): Drupal\\Core\\Render\\MainContent\\HtmlRenderer->prepare(Array, Object(Symfony\\Component\\HttpFoundation\\Request), Object(Drupal\\Core\\Routing\\CurrentRouteMatch))\n#32 /app/web/core/lib/Drupal/Core/EventSubscriber/MainContentViewSubscriber.php(90): Drupal\\Core\\Render\\MainContent\\HtmlRenderer->renderResponse(Array, Object(Symfony\\Component\\HttpFoundation\\Request), Object(Drupal\\Core\\Routing\\CurrentRouteMatch))\n#33 [internal function]: Drupal\\Core\\EventSubscriber\\MainContentViewSubscriber->onViewRenderArray(Object(Symfony\\Component\\HttpKernel\\Event\\ViewEvent), \'kernel.view\', Object(Drupal\\Component\\EventDispatcher\\ContainerAwareEventDispatcher))\n#34 /app/web/core/lib/Drupal/Component/EventDispatcher/ContainerAwareEventDispatcher.php(142): call_user_func(Array, Object(Symfony\\Component\\HttpKernel\\Event\\ViewEvent), \'kernel.view\', Object(Drupal\\Component\\EventDispatcher\\ContainerAwareEventDispatcher))\n#35 /app/vendor/symfony/http-kernel/HttpKernel.php(163): Drupal\\Component\\EventDispatcher\\ContainerAwareEventDispatcher->dispatch(Object(Symfony\\Component\\HttpKernel\\Event\\ViewEvent), \'kernel.view\')\n#36 /app/vendor/symfony/http-kernel/HttpKernel.php(80): Symfony\\Component\\HttpKernel\\HttpKernel->handleRaw(Object(Symfony\\Component\\HttpFoundation\\Request), 1)\n#37 /app/web/core/lib/Drupal/Core/StackMiddleware/Session.php(58): Symfony\\Component\\HttpKernel\\HttpKernel->handle(Object(Symfony\\Component\\HttpFoundation\\Request), 1, true)\n#38 /app/web/core/lib/Drupal/Core/StackMiddleware/KernelPreHandle.php(48): Drupal\\Core\\StackMiddleware\\Session->handle(Object(Symfony\\Component\\HttpFoundation\\Request), 1, true)\n#39 /app/web/core/modules/page_cache/src/StackMiddleware/PageCache.php(106): Drupal\\Core\\StackMiddleware\\KernelPreHandle->handle(Object(Symfony\\Component\\HttpFoundation\\Request), 1, true)\n#40 /app/web/core/modules/page_cache/src/StackMiddleware/PageCache.php(85): Drupal\\page_cache\\StackMiddleware\\PageCache->pass(Object(Symfony\\Component\\HttpFoundation\\Request), 1, true)\n#41 /app/web/core/lib/Drupal/Core/StackMiddleware/ReverseProxyMiddleware.php(48): Drupal\\page_cache\\StackMiddleware\\PageCache->handle(Object(Symfony\\Component\\HttpFoundation\\Request), 1, true)\n#42 /app/web/core/lib/Drupal/Core/StackMiddleware/NegotiationMiddleware.php(51): Drupal\\Core\\StackMiddleware\\ReverseProxyMiddleware->handle(Object(Symfony\\Component\\HttpFoundation\\Request), 1, true)\n#43 /app/vendor/stack/builder/src/Stack/StackedHttpKernel.php(23): Drupal\\Core\\StackMiddleware\\NegotiationMiddleware->handle(Object(Symfony\\Component\\HttpFoundation\\Request), 1, true)\n#44 /app/web/core/lib/Drupal/Core/DrupalKernel.php(708): Stack\\StackedHttpKernel->handle(Object(Symfony\\Component\\HttpFoundation\\Request), 1, true)\n#45 /app/web/index.php(19): Drupal\\Core\\DrupalKernel->handle(Object(Symfony\\Component\\HttpFoundation\\Request))\n#46 {main}\";}',3,'','https://jango9.lndo.site/test-page-0','https://jango9.lndo.site/node/100/edit','172.27.0.3',1640026045),(38,1,'php','%type: @message in %function (line %line of %file) @backtrace_string.',_binary 'a:6:{s:5:\"%type\";s:5:\"Error\";s:8:\"@message\";s:114:\"Call to undefined function Drupal\\jango_shortcodes\\Plugin\\Shortcode\\_progressive_shortcodes_shortcode_attributes()\";s:9:\"%function\";s:65:\"Drupal\\jango_shortcodes\\Plugin\\Shortcode\\NodeShortcode->process()\";s:5:\"%file\";s:79:\"/app/web/modules/custom/jango_shortcodes/src/Plugin/Shortcode/NodeShortcode.php\";s:5:\"%line\";i:34;s:17:\"@backtrace_string\";s:6985:\"#0 /app/web/modules/contrib/shortcode/src/ShortcodeService.php(438): Drupal\\jango_shortcodes\\Plugin\\Shortcode\\NodeShortcode->process(Array, \'\\n\')\n#1 /app/web/modules/contrib/shortcode/src/ShortcodeService.php(315): Drupal\\shortcode\\ShortcodeService->processTag(Array, Array)\n#2 /app/web/modules/contrib/shortcode/src/Plugin/Filter/Shortcode.php(78): Drupal\\shortcode\\ShortcodeService->process(\'[nd_node admin_...\', \'en\', Object(Drupal\\shortcode\\Plugin\\Filter\\Shortcode))\n#3 /app/web/core/modules/filter/src/Element/ProcessedText.php(118): Drupal\\shortcode\\Plugin\\Filter\\Shortcode->process(\'[nd_node admin_...\', \'en\')\n#4 [internal function]: Drupal\\filter\\Element\\ProcessedText::preRenderText(Array)\n#5 /app/web/core/lib/Drupal/Core/Security/DoTrustedCallbackTrait.php(101): call_user_func_array(Array, Array)\n#6 /app/web/core/lib/Drupal/Core/Render/Renderer.php(772): Drupal\\Core\\Render\\Renderer->doTrustedCallback(Array, Array, \'Render #pre_ren...\', \'exception\', \'Drupal\\\\Core\\\\Ren...\')\n#7 /app/web/core/lib/Drupal/Core/Render/Renderer.php(363): Drupal\\Core\\Render\\Renderer->doCallback(\'#pre_render\', Array, Array)\n#8 /app/web/core/lib/Drupal/Core/Render/Renderer.php(201): Drupal\\Core\\Render\\Renderer->doRender(Array, false)\n#9 /app/web/core/lib/Drupal/Core/Template/TwigExtension.php(463): Drupal\\Core\\Render\\Renderer->render(Array)\n#10 /app/web/sites/default/files/php/twig/61c0cd94a8a58_field.html.twig_Qmr0nUWQaCUjbGDOKgJR-1tp6/ukSf40T9j73wm-TMdwElkibFSXFSJTJYYTY0E8KxM0U.php(84): Drupal\\Core\\Template\\TwigExtension->escapeFilter(Object(Drupal\\Core\\Template\\TwigEnvironment), Array, \'html\', NULL, true)\n#11 /app/vendor/twig/twig/src/Template.php(405): __TwigTemplate_3bb471a7bf59518e3661d5279a401b3a5ac4214031699cadf4ee428d27c51ed9->doDisplay(Array, Array)\n#12 /app/vendor/twig/twig/src/Template.php(378): Twig\\Template->displayWithErrorHandling(Array, Array)\n#13 /app/vendor/twig/twig/src/Template.php(390): Twig\\Template->display(Array)\n#14 /app/web/core/themes/engines/twig/twig.engine(55): Twig\\Template->render(Array)\n#15 /app/web/core/lib/Drupal/Core/Theme/ThemeManager.php(384): twig_render_template(\'themes/custom/j...\', Array)\n#16 /app/web/core/lib/Drupal/Core/Render/Renderer.php(422): Drupal\\Core\\Theme\\ThemeManager->render(\'field\', Array)\n#17 /app/web/core/lib/Drupal/Core/Render/Renderer.php(435): Drupal\\Core\\Render\\Renderer->doRender(Array)\n#18 /app/web/core/lib/Drupal/Core/Render/Renderer.php(201): Drupal\\Core\\Render\\Renderer->doRender(Array, false)\n#19 /app/web/core/lib/Drupal/Core/Template/TwigExtension.php(463): Drupal\\Core\\Render\\Renderer->render(Array)\n#20 /app/web/sites/default/files/php/twig/61c0cd94a8a58_node.html.twig_NntWtt_xH_RJBVTpBnJQbYvgI/8g_gPWx8U9Cl3TNzUA_VYIEn9eNCi3iPphjnRhmxfrY.php(100): Drupal\\Core\\Template\\TwigExtension->escapeFilter(Object(Drupal\\Core\\Template\\TwigEnvironment), Array, \'html\', NULL, true)\n#21 /app/vendor/twig/twig/src/Template.php(405): __TwigTemplate_a2473d8ea26183b2fb197c8c25379e81b13ab66e09d7ca54fee0cfcbf58ba170->doDisplay(Array, Array)\n#22 /app/vendor/twig/twig/src/Template.php(378): Twig\\Template->displayWithErrorHandling(Array, Array)\n#23 /app/vendor/twig/twig/src/Template.php(390): Twig\\Template->display(Array)\n#24 /app/web/core/themes/engines/twig/twig.engine(55): Twig\\Template->render(Array)\n#25 /app/web/core/lib/Drupal/Core/Theme/ThemeManager.php(384): twig_render_template(\'themes/custom/j...\', Array)\n#26 /app/web/core/lib/Drupal/Core/Render/Renderer.php(422): Drupal\\Core\\Theme\\ThemeManager->render(\'node\', Array)\n#27 /app/web/core/lib/Drupal/Core/Render/Renderer.php(201): Drupal\\Core\\Render\\Renderer->doRender(Array, false)\n#28 /app/web/core/lib/Drupal/Core/Render/MainContent/HtmlRenderer.php(241): Drupal\\Core\\Render\\Renderer->render(Array, false)\n#29 /app/web/core/lib/Drupal/Core/Render/Renderer.php(564): Drupal\\Core\\Render\\MainContent\\HtmlRenderer->Drupal\\Core\\Render\\MainContent\\{closure}()\n#30 /app/web/core/lib/Drupal/Core/Render/MainContent/HtmlRenderer.php(242): Drupal\\Core\\Render\\Renderer->executeInRenderContext(Object(Drupal\\Core\\Render\\RenderContext), Object(Closure))\n#31 /app/web/core/lib/Drupal/Core/Render/MainContent/HtmlRenderer.php(132): Drupal\\Core\\Render\\MainContent\\HtmlRenderer->prepare(Array, Object(Symfony\\Component\\HttpFoundation\\Request), Object(Drupal\\Core\\Routing\\CurrentRouteMatch))\n#32 /app/web/core/lib/Drupal/Core/EventSubscriber/MainContentViewSubscriber.php(90): Drupal\\Core\\Render\\MainContent\\HtmlRenderer->renderResponse(Array, Object(Symfony\\Component\\HttpFoundation\\Request), Object(Drupal\\Core\\Routing\\CurrentRouteMatch))\n#33 [internal function]: Drupal\\Core\\EventSubscriber\\MainContentViewSubscriber->onViewRenderArray(Object(Symfony\\Component\\HttpKernel\\Event\\ViewEvent), \'kernel.view\', Object(Drupal\\Component\\EventDispatcher\\ContainerAwareEventDispatcher))\n#34 /app/web/core/lib/Drupal/Component/EventDispatcher/ContainerAwareEventDispatcher.php(142): call_user_func(Array, Object(Symfony\\Component\\HttpKernel\\Event\\ViewEvent), \'kernel.view\', Object(Drupal\\Component\\EventDispatcher\\ContainerAwareEventDispatcher))\n#35 /app/vendor/symfony/http-kernel/HttpKernel.php(163): Drupal\\Component\\EventDispatcher\\ContainerAwareEventDispatcher->dispatch(Object(Symfony\\Component\\HttpKernel\\Event\\ViewEvent), \'kernel.view\')\n#36 /app/vendor/symfony/http-kernel/HttpKernel.php(80): Symfony\\Component\\HttpKernel\\HttpKernel->handleRaw(Object(Symfony\\Component\\HttpFoundation\\Request), 1)\n#37 /app/web/core/lib/Drupal/Core/StackMiddleware/Session.php(58): Symfony\\Component\\HttpKernel\\HttpKernel->handle(Object(Symfony\\Component\\HttpFoundation\\Request), 1, true)\n#38 /app/web/core/lib/Drupal/Core/StackMiddleware/KernelPreHandle.php(48): Drupal\\Core\\StackMiddleware\\Session->handle(Object(Symfony\\Component\\HttpFoundation\\Request), 1, true)\n#39 /app/web/core/modules/page_cache/src/StackMiddleware/PageCache.php(106): Drupal\\Core\\StackMiddleware\\KernelPreHandle->handle(Object(Symfony\\Component\\HttpFoundation\\Request), 1, true)\n#40 /app/web/core/modules/page_cache/src/StackMiddleware/PageCache.php(85): Drupal\\page_cache\\StackMiddleware\\PageCache->pass(Object(Symfony\\Component\\HttpFoundation\\Request), 1, true)\n#41 /app/web/core/lib/Drupal/Core/StackMiddleware/ReverseProxyMiddleware.php(48): Drupal\\page_cache\\StackMiddleware\\PageCache->handle(Object(Symfony\\Component\\HttpFoundation\\Request), 1, true)\n#42 /app/web/core/lib/Drupal/Core/StackMiddleware/NegotiationMiddleware.php(51): Drupal\\Core\\StackMiddleware\\ReverseProxyMiddleware->handle(Object(Symfony\\Component\\HttpFoundation\\Request), 1, true)\n#43 /app/vendor/stack/builder/src/Stack/StackedHttpKernel.php(23): Drupal\\Core\\StackMiddleware\\NegotiationMiddleware->handle(Object(Symfony\\Component\\HttpFoundation\\Request), 1, true)\n#44 /app/web/core/lib/Drupal/Core/DrupalKernel.php(708): Stack\\StackedHttpKernel->handle(Object(Symfony\\Component\\HttpFoundation\\Request), 1, true)\n#45 /app/web/index.php(19): Drupal\\Core\\DrupalKernel->handle(Object(Symfony\\Component\\HttpFoundation\\Request))\n#46 {main}\";}',3,'','https://jango9.lndo.site/test-page-0','https://jango9.lndo.site/node/100/edit','172.27.0.3',1640026047),(39,1,'php','%type: @message in %function (line %line of %file) @backtrace_string.',_binary 'a:6:{s:5:\"%type\";s:6:\"Notice\";s:8:\"@message\";O:25:\"Drupal\\Core\\Render\\Markup\":1:{s:9:\"\0*\0string\";s:50:\"Trying to access array offset on value of type int\";}s:9:\"%function\";s:52:\"Drupal\\shortcode\\Plugin\\ShortcodeBase->__construct()\";s:5:\"%file\";s:63:\"/app/web/modules/contrib/shortcode/src/Plugin/ShortcodeBase.php\";s:5:\"%line\";i:57;s:17:\"@backtrace_string\";s:4109:\"#0 /app/web/core/includes/bootstrap.inc(346): _drupal_error_handler_real(8, \'Trying to acces...\', \'/app/web/module...\', 57)\n#1 /app/web/modules/contrib/shortcode/src/Plugin/ShortcodeBase.php(57): _drupal_error_handler(8, \'Trying to acces...\', \'/app/web/module...\', 57, Array)\n#2 /app/web/modules/custom/nd_visualshortcodes/nd_visualshortcodes.module(154): Drupal\\shortcode\\Plugin\\ShortcodeBase->__construct(Array, 0, 0)\n#3 /app/web/modules/custom/nd_visualshortcodes/nd_visualshortcodes.module(351): _nd_visualshortcodes_backend_description(Array, \'\')\n#4 [internal function]: nd_visualshortcodes_backend_nochilds(Array, \'\', \'nd_node\')\n#5 /app/web/modules/custom/nd_visualshortcodes/src/Controller/nd_visualshortcodesController.php(369): call_user_func(\'nd_visualshortc...\', Array, \'\\n\', \'nd_node\')\n#6 /app/web/modules/custom/nd_visualshortcodes/src/Controller/nd_visualshortcodesController.php(228): Drupal\\nd_visualshortcodes\\Controller\\nd_visualshortcodesController->_nd_visualshortcodes_backend_process(\'[nd_node admin_...\', Object(Drupal\\shortcode\\Plugin\\Filter\\Shortcode))\n#7 /app/web/modules/custom/nd_visualshortcodes/src/Controller/nd_visualshortcodesController.php(82): Drupal\\nd_visualshortcodes\\Controller\\nd_visualshortcodesController->nd_visualshortcodes_process_shortcodes(\'[nd_node admin_...\', \'shortcode_dynam...\')\n#8 [internal function]: Drupal\\nd_visualshortcodes\\Controller\\nd_visualshortcodesController->nd_visualshortcodes_ajax_backend_layout()\n#9 /app/web/core/lib/Drupal/Core/EventSubscriber/EarlyRenderingControllerWrapperSubscriber.php(123): call_user_func_array(Array, Array)\n#10 /app/web/core/lib/Drupal/Core/Render/Renderer.php(564): Drupal\\Core\\EventSubscriber\\EarlyRenderingControllerWrapperSubscriber->Drupal\\Core\\EventSubscriber\\{closure}()\n#11 /app/web/core/lib/Drupal/Core/EventSubscriber/EarlyRenderingControllerWrapperSubscriber.php(124): Drupal\\Core\\Render\\Renderer->executeInRenderContext(Object(Drupal\\Core\\Render\\RenderContext), Object(Closure))\n#12 /app/web/core/lib/Drupal/Core/EventSubscriber/EarlyRenderingControllerWrapperSubscriber.php(97): Drupal\\Core\\EventSubscriber\\EarlyRenderingControllerWrapperSubscriber->wrapControllerExecutionInRenderContext(Array, Array)\n#13 /app/vendor/symfony/http-kernel/HttpKernel.php(158): Drupal\\Core\\EventSubscriber\\EarlyRenderingControllerWrapperSubscriber->Drupal\\Core\\EventSubscriber\\{closure}()\n#14 /app/vendor/symfony/http-kernel/HttpKernel.php(80): Symfony\\Component\\HttpKernel\\HttpKernel->handleRaw(Object(Symfony\\Component\\HttpFoundation\\Request), 1)\n#15 /app/web/core/lib/Drupal/Core/StackMiddleware/Session.php(58): Symfony\\Component\\HttpKernel\\HttpKernel->handle(Object(Symfony\\Component\\HttpFoundation\\Request), 1, true)\n#16 /app/web/core/lib/Drupal/Core/StackMiddleware/KernelPreHandle.php(48): Drupal\\Core\\StackMiddleware\\Session->handle(Object(Symfony\\Component\\HttpFoundation\\Request), 1, true)\n#17 /app/web/core/modules/page_cache/src/StackMiddleware/PageCache.php(106): Drupal\\Core\\StackMiddleware\\KernelPreHandle->handle(Object(Symfony\\Component\\HttpFoundation\\Request), 1, true)\n#18 /app/web/core/modules/page_cache/src/StackMiddleware/PageCache.php(85): Drupal\\page_cache\\StackMiddleware\\PageCache->pass(Object(Symfony\\Component\\HttpFoundation\\Request), 1, true)\n#19 /app/web/core/lib/Drupal/Core/StackMiddleware/ReverseProxyMiddleware.php(48): Drupal\\page_cache\\StackMiddleware\\PageCache->handle(Object(Symfony\\Component\\HttpFoundation\\Request), 1, true)\n#20 /app/web/core/lib/Drupal/Core/StackMiddleware/NegotiationMiddleware.php(51): Drupal\\Core\\StackMiddleware\\ReverseProxyMiddleware->handle(Object(Symfony\\Component\\HttpFoundation\\Request), 1, true)\n#21 /app/vendor/stack/builder/src/Stack/StackedHttpKernel.php(23): Drupal\\Core\\StackMiddleware\\NegotiationMiddleware->handle(Object(Symfony\\Component\\HttpFoundation\\Request), 1, true)\n#22 /app/web/core/lib/Drupal/Core/DrupalKernel.php(708): Stack\\StackedHttpKernel->handle(Object(Symfony\\Component\\HttpFoundation\\Request), 1, true)\n#23 /app/web/index.php(19): Drupal\\Core\\DrupalKernel->handle(Object(Symfony\\Component\\HttpFoundation\\Request))\n#24 {main}\";}',5,'','https://jango9.lndo.site/ajax/nd_visualshortcodes/ajax_backend_layout','https://jango9.lndo.site/node/100/edit','172.27.0.3',1640026157),(40,1,'php','%type: @message in %function (line %line of %file) @backtrace_string.',_binary 'a:6:{s:5:\"%type\";s:6:\"Notice\";s:8:\"@message\";O:25:\"Drupal\\Core\\Render\\Markup\":1:{s:9:\"\0*\0string\";s:50:\"Trying to access array offset on value of type int\";}s:9:\"%function\";s:52:\"Drupal\\shortcode\\Plugin\\ShortcodeBase->__construct()\";s:5:\"%file\";s:63:\"/app/web/modules/contrib/shortcode/src/Plugin/ShortcodeBase.php\";s:5:\"%line\";i:57;s:17:\"@backtrace_string\";s:3577:\"#0 /app/web/core/includes/bootstrap.inc(346): _drupal_error_handler_real(8, \'Trying to acces...\', \'/app/web/module...\', 57)\n#1 /app/web/modules/contrib/shortcode/src/Plugin/ShortcodeBase.php(57): _drupal_error_handler(8, \'Trying to acces...\', \'/app/web/module...\', 57, Array)\n#2 /app/web/modules/custom/nd_visualshortcodes/nd_visualshortcodes.module(154): Drupal\\shortcode\\Plugin\\ShortcodeBase->__construct(Array, 0, 0)\n#3 /app/web/modules/custom/nd_visualshortcodes/nd_visualshortcodes.module(351): _nd_visualshortcodes_backend_description(Array, \'\')\n#4 [internal function]: nd_visualshortcodes_backend_nochilds(Array, \'\', \'nd_view\')\n#5 /app/web/modules/custom/nd_visualshortcodes/src/Controller/nd_visualshortcodesController.php(142): call_user_func(\'nd_visualshortc...\', Array, \'\', \'nd_view\')\n#6 [internal function]: Drupal\\nd_visualshortcodes\\Controller\\nd_visualshortcodesController->nd_visualshortcodes_ajax_shortcodes_list_add()\n#7 /app/web/core/lib/Drupal/Core/EventSubscriber/EarlyRenderingControllerWrapperSubscriber.php(123): call_user_func_array(Array, Array)\n#8 /app/web/core/lib/Drupal/Core/Render/Renderer.php(564): Drupal\\Core\\EventSubscriber\\EarlyRenderingControllerWrapperSubscriber->Drupal\\Core\\EventSubscriber\\{closure}()\n#9 /app/web/core/lib/Drupal/Core/EventSubscriber/EarlyRenderingControllerWrapperSubscriber.php(124): Drupal\\Core\\Render\\Renderer->executeInRenderContext(Object(Drupal\\Core\\Render\\RenderContext), Object(Closure))\n#10 /app/web/core/lib/Drupal/Core/EventSubscriber/EarlyRenderingControllerWrapperSubscriber.php(97): Drupal\\Core\\EventSubscriber\\EarlyRenderingControllerWrapperSubscriber->wrapControllerExecutionInRenderContext(Array, Array)\n#11 /app/vendor/symfony/http-kernel/HttpKernel.php(158): Drupal\\Core\\EventSubscriber\\EarlyRenderingControllerWrapperSubscriber->Drupal\\Core\\EventSubscriber\\{closure}()\n#12 /app/vendor/symfony/http-kernel/HttpKernel.php(80): Symfony\\Component\\HttpKernel\\HttpKernel->handleRaw(Object(Symfony\\Component\\HttpFoundation\\Request), 1)\n#13 /app/web/core/lib/Drupal/Core/StackMiddleware/Session.php(58): Symfony\\Component\\HttpKernel\\HttpKernel->handle(Object(Symfony\\Component\\HttpFoundation\\Request), 1, true)\n#14 /app/web/core/lib/Drupal/Core/StackMiddleware/KernelPreHandle.php(48): Drupal\\Core\\StackMiddleware\\Session->handle(Object(Symfony\\Component\\HttpFoundation\\Request), 1, true)\n#15 /app/web/core/modules/page_cache/src/StackMiddleware/PageCache.php(106): Drupal\\Core\\StackMiddleware\\KernelPreHandle->handle(Object(Symfony\\Component\\HttpFoundation\\Request), 1, true)\n#16 /app/web/core/modules/page_cache/src/StackMiddleware/PageCache.php(85): Drupal\\page_cache\\StackMiddleware\\PageCache->pass(Object(Symfony\\Component\\HttpFoundation\\Request), 1, true)\n#17 /app/web/core/lib/Drupal/Core/StackMiddleware/ReverseProxyMiddleware.php(48): Drupal\\page_cache\\StackMiddleware\\PageCache->handle(Object(Symfony\\Component\\HttpFoundation\\Request), 1, true)\n#18 /app/web/core/lib/Drupal/Core/StackMiddleware/NegotiationMiddleware.php(51): Drupal\\Core\\StackMiddleware\\ReverseProxyMiddleware->handle(Object(Symfony\\Component\\HttpFoundation\\Request), 1, true)\n#19 /app/vendor/stack/builder/src/Stack/StackedHttpKernel.php(23): Drupal\\Core\\StackMiddleware\\NegotiationMiddleware->handle(Object(Symfony\\Component\\HttpFoundation\\Request), 1, true)\n#20 /app/web/core/lib/Drupal/Core/DrupalKernel.php(708): Stack\\StackedHttpKernel->handle(Object(Symfony\\Component\\HttpFoundation\\Request), 1, true)\n#21 /app/web/index.php(19): Drupal\\Core\\DrupalKernel->handle(Object(Symfony\\Component\\HttpFoundation\\Request))\n#22 {main}\";}',5,'','https://jango9.lndo.site/ajax/nd_visualshortcodes/shortcodes_list_add','https://jango9.lndo.site/node/100/edit','172.27.0.3',1640026169),(41,1,'php','%type: @message in %function (line %line of %file) @backtrace_string.',_binary 'a:6:{s:5:\"%type\";s:6:\"Notice\";s:8:\"@message\";O:25:\"Drupal\\Core\\Render\\Markup\":1:{s:9:\"\0*\0string\";s:50:\"Trying to access array offset on value of type int\";}s:9:\"%function\";s:52:\"Drupal\\shortcode\\Plugin\\ShortcodeBase->__construct()\";s:5:\"%file\";s:63:\"/app/web/modules/contrib/shortcode/src/Plugin/ShortcodeBase.php\";s:5:\"%line\";i:57;s:17:\"@backtrace_string\";s:3938:\"#0 /app/web/core/includes/bootstrap.inc(346): _drupal_error_handler_real(8, \'Trying to acces...\', \'/app/web/module...\', 57)\n#1 /app/web/modules/contrib/shortcode/src/Plugin/ShortcodeBase.php(57): _drupal_error_handler(8, \'Trying to acces...\', \'/app/web/module...\', 57, Array)\n#2 /app/web/modules/custom/nd_visualshortcodes/src/Form/AjaxDackendShortcodeForm.php(33): Drupal\\shortcode\\Plugin\\ShortcodeBase->__construct(Array, 0, 0)\n#3 [internal function]: Drupal\\nd_visualshortcodes\\Form\\AjaxDackendShortcodeForm->buildForm(Array, Object(Drupal\\Core\\Form\\FormState), Array)\n#4 /app/web/core/lib/Drupal/Core/Form/FormBuilder.php(531): call_user_func_array(Array, Array)\n#5 /app/web/core/lib/Drupal/Core/Form/FormBuilder.php(278): Drupal\\Core\\Form\\FormBuilder->retrieveForm(\'ajax_dackend_sh...\', Object(Drupal\\Core\\Form\\FormState))\n#6 /app/web/core/lib/Drupal/Core/Form/FormBuilder.php(219): Drupal\\Core\\Form\\FormBuilder->buildForm(\'Drupal\\\\nd_visua...\', Object(Drupal\\Core\\Form\\FormState))\n#7 /app/web/modules/custom/nd_visualshortcodes/src/Controller/nd_visualshortcodesController.php(188): Drupal\\Core\\Form\\FormBuilder->getForm(\'Drupal\\\\nd_visua...\', Array)\n#8 [internal function]: Drupal\\nd_visualshortcodes\\Controller\\nd_visualshortcodesController->nd_visualshortcodes_ajax_backend_shortcode()\n#9 /app/web/core/lib/Drupal/Core/EventSubscriber/EarlyRenderingControllerWrapperSubscriber.php(123): call_user_func_array(Array, Array)\n#10 /app/web/core/lib/Drupal/Core/Render/Renderer.php(564): Drupal\\Core\\EventSubscriber\\EarlyRenderingControllerWrapperSubscriber->Drupal\\Core\\EventSubscriber\\{closure}()\n#11 /app/web/core/lib/Drupal/Core/EventSubscriber/EarlyRenderingControllerWrapperSubscriber.php(124): Drupal\\Core\\Render\\Renderer->executeInRenderContext(Object(Drupal\\Core\\Render\\RenderContext), Object(Closure))\n#12 /app/web/core/lib/Drupal/Core/EventSubscriber/EarlyRenderingControllerWrapperSubscriber.php(97): Drupal\\Core\\EventSubscriber\\EarlyRenderingControllerWrapperSubscriber->wrapControllerExecutionInRenderContext(Array, Array)\n#13 /app/vendor/symfony/http-kernel/HttpKernel.php(158): Drupal\\Core\\EventSubscriber\\EarlyRenderingControllerWrapperSubscriber->Drupal\\Core\\EventSubscriber\\{closure}()\n#14 /app/vendor/symfony/http-kernel/HttpKernel.php(80): Symfony\\Component\\HttpKernel\\HttpKernel->handleRaw(Object(Symfony\\Component\\HttpFoundation\\Request), 1)\n#15 /app/web/core/lib/Drupal/Core/StackMiddleware/Session.php(58): Symfony\\Component\\HttpKernel\\HttpKernel->handle(Object(Symfony\\Component\\HttpFoundation\\Request), 1, true)\n#16 /app/web/core/lib/Drupal/Core/StackMiddleware/KernelPreHandle.php(48): Drupal\\Core\\StackMiddleware\\Session->handle(Object(Symfony\\Component\\HttpFoundation\\Request), 1, true)\n#17 /app/web/core/modules/page_cache/src/StackMiddleware/PageCache.php(106): Drupal\\Core\\StackMiddleware\\KernelPreHandle->handle(Object(Symfony\\Component\\HttpFoundation\\Request), 1, true)\n#18 /app/web/core/modules/page_cache/src/StackMiddleware/PageCache.php(85): Drupal\\page_cache\\StackMiddleware\\PageCache->pass(Object(Symfony\\Component\\HttpFoundation\\Request), 1, true)\n#19 /app/web/core/lib/Drupal/Core/StackMiddleware/ReverseProxyMiddleware.php(48): Drupal\\page_cache\\StackMiddleware\\PageCache->handle(Object(Symfony\\Component\\HttpFoundation\\Request), 1, true)\n#20 /app/web/core/lib/Drupal/Core/StackMiddleware/NegotiationMiddleware.php(51): Drupal\\Core\\StackMiddleware\\ReverseProxyMiddleware->handle(Object(Symfony\\Component\\HttpFoundation\\Request), 1, true)\n#21 /app/vendor/stack/builder/src/Stack/StackedHttpKernel.php(23): Drupal\\Core\\StackMiddleware\\NegotiationMiddleware->handle(Object(Symfony\\Component\\HttpFoundation\\Request), 1, true)\n#22 /app/web/core/lib/Drupal/Core/DrupalKernel.php(708): Stack\\StackedHttpKernel->handle(Object(Symfony\\Component\\HttpFoundation\\Request), 1, true)\n#23 /app/web/index.php(19): Drupal\\Core\\DrupalKernel->handle(Object(Symfony\\Component\\HttpFoundation\\Request))\n#24 {main}\";}',5,'','https://jango9.lndo.site/admin_ajax/nd_visualshortcodes/ajax_backend_shortcode?_wrapper_format=drupal_ajax','https://jango9.lndo.site/node/100/edit','172.27.0.3',1640026169),(42,1,'content','@type: updated %title.',_binary 'a:2:{s:5:\"@type\";s:4:\"page\";s:6:\"%title\";s:9:\"Test Page\";}',5,'<a href=\"/test-page-0\" hreflang=\"en\">View</a>','https://jango9.lndo.site/node/100/edit','https://jango9.lndo.site/node/100/edit','172.27.0.3',1640026182),(43,0,'cron','Starting execution of @module_cron().',_binary 'a:1:{s:7:\"@module\";s:7:\"comment\";}',6,'','https://jango9.lndo.site/','https://jango9.lndo.site/admin/reports/updates/update','172.27.0.3',1640033839),(44,0,'cron','Starting execution of @module_cron(), execution of @module_previous_cron() took @time.',_binary 'a:3:{s:7:\"@module\";s:13:\"commerce_cart\";s:16:\"@module_previous\";s:7:\"comment\";s:5:\"@time\";s:7:\"19.81ms\";}',6,'','https://jango9.lndo.site/','https://jango9.lndo.site/admin/reports/updates/update','172.27.0.3',1640033839),(45,0,'cron','Starting execution of @module_cron(), execution of @module_previous_cron() took @time.',_binary 'a:3:{s:7:\"@module\";s:5:\"dblog\";s:16:\"@module_previous\";s:13:\"commerce_cart\";s:5:\"@time\";s:7:\"32.14ms\";}',6,'','https://jango9.lndo.site/','https://jango9.lndo.site/admin/reports/updates/update','172.27.0.3',1640033839),(46,0,'cron','Starting execution of @module_cron(), execution of @module_previous_cron() took @time.',_binary 'a:3:{s:7:\"@module\";s:5:\"field\";s:16:\"@module_previous\";s:5:\"dblog\";s:5:\"@time\";s:7:\"17.02ms\";}',6,'','https://jango9.lndo.site/','https://jango9.lndo.site/admin/reports/updates/update','172.27.0.3',1640033839),(47,0,'cron','Starting execution of @module_cron(), execution of @module_previous_cron() took @time.',_binary 'a:3:{s:7:\"@module\";s:4:\"file\";s:16:\"@module_previous\";s:5:\"field\";s:5:\"@time\";s:7:\"17.65ms\";}',6,'','https://jango9.lndo.site/','https://jango9.lndo.site/admin/reports/updates/update','172.27.0.3',1640033839),(48,0,'cron','Starting execution of @module_cron(), execution of @module_previous_cron() took @time.',_binary 'a:3:{s:7:\"@module\";s:4:\"node\";s:16:\"@module_previous\";s:4:\"file\";s:5:\"@time\";s:6:\"7.04ms\";}',6,'','https://jango9.lndo.site/','https://jango9.lndo.site/admin/reports/updates/update','172.27.0.3',1640033839),(49,0,'cron','Starting execution of @module_cron(), execution of @module_previous_cron() took @time.',_binary 'a:3:{s:7:\"@module\";s:6:\"search\";s:16:\"@module_previous\";s:4:\"node\";s:5:\"@time\";s:7:\"76.26ms\";}',6,'','https://jango9.lndo.site/','https://jango9.lndo.site/admin/reports/updates/update','172.27.0.3',1640033839),(50,0,'cron','%type: @message in %function (line %line of %file).',_binary 'a:6:{s:5:\"%type\";s:16:\"RuntimeException\";s:8:\"@message\";s:133:\"Failed to start the session because headers have already been sent by \"/app/vendor/symfony/http-foundation/Response.php\" at line 368.\";s:9:\"%function\";s:78:\"Symfony\\Component\\HttpFoundation\\Session\\Storage\\NativeSessionStorage->start()\";s:5:\"%file\";s:76:\"/app/vendor/symfony/http-foundation/Session/Storage/NativeSessionStorage.php\";s:5:\"%line\";i:152;s:17:\"@backtrace_string\";s:8072:\"#0 /app/web/core/lib/Drupal/Core/Session/SessionManager.php(162): Symfony\\Component\\HttpFoundation\\Session\\Storage\\NativeSessionStorage->start()\n#1 /app/web/core/lib/Drupal/Core/Session/SessionManager.php(110): Drupal\\Core\\Session\\SessionManager->startNow()\n#2 /app/vendor/symfony/http-foundation/Session/Storage/NativeSessionStorage.php(323): Drupal\\Core\\Session\\SessionManager->start()\n#3 /app/vendor/symfony/http-foundation/Session/Session.php(251): Symfony\\Component\\HttpFoundation\\Session\\Storage\\NativeSessionStorage->getBag(\'attributes\')\n#4 /app/vendor/symfony/http-foundation/Session/Session.php(273): Symfony\\Component\\HttpFoundation\\Session\\Session->getBag(\'attributes\')\n#5 /app/vendor/symfony/http-foundation/Session/Session.php(73): Symfony\\Component\\HttpFoundation\\Session\\Session->getAttributeBag()\n#6 /app/web/modules/contrib/flag/src/FlagService.php(115): Symfony\\Component\\HttpFoundation\\Session\\Session->get(\'flag.session_id\')\n#7 /app/web/modules/contrib/flag/flag.views_execution.inc(18): Drupal\\flag\\FlagService->getAnonymousSessionId()\n#8 [internal function]: flag_views_query_substitutions(Object(Drupal\\views\\ViewExecutable))\n#9 /app/web/core/lib/Drupal/Core/Extension/ModuleHandler.php(403): call_user_func_array(\'flag_views_quer...\', Array)\n#10 /app/web/core/modules/views/src/Plugin/views/query/Sql.php(1416): Drupal\\Core\\Extension\\ModuleHandler->invokeAll(\'views_query_sub...\', Array)\n#11 /app/web/core/modules/views/src/Plugin/views/query/Sql.php(1459): Drupal\\views\\Plugin\\views\\query\\Sql->query()\n#12 /app/web/core/modules/views/src/ViewExecutable.php(1321): Drupal\\views\\Plugin\\views\\query\\Sql->build(Object(Drupal\\views\\ViewExecutable))\n#13 /app/web/core/modules/views/src/ViewExecutable.php(1391): Drupal\\views\\ViewExecutable->build(NULL)\n#14 /app/web/core/modules/views/src/ViewExecutable.php(1454): Drupal\\views\\ViewExecutable->execute(NULL)\n#15 /app/web/core/modules/views/src/Plugin/views/display/DisplayPluginBase.php(2460): Drupal\\views\\ViewExecutable->render()\n#16 /app/web/core/modules/views/src/ViewExecutable.php(1662): Drupal\\views\\Plugin\\views\\display\\DisplayPluginBase->preview()\n#17 /app/web/core/modules/views/src/Element/View.php(66): Drupal\\views\\ViewExecutable->preview(\'default\', Array)\n#18 [internal function]: Drupal\\views\\Element\\View::preRenderViewElement(Array)\n#19 /app/web/core/lib/Drupal/Core/Security/DoTrustedCallbackTrait.php(101): call_user_func_array(Array, Array)\n#20 /app/web/core/lib/Drupal/Core/Render/Renderer.php(772): Drupal\\Core\\Render\\Renderer->doTrustedCallback(Array, Array, \'Render #pre_ren...\', \'exception\', \'Drupal\\\\Core\\\\Ren...\')\n#21 /app/web/core/lib/Drupal/Core/Render/Renderer.php(363): Drupal\\Core\\Render\\Renderer->doCallback(\'#pre_render\', Array, Array)\n#22 /app/web/core/lib/Drupal/Core/Render/Renderer.php(201): Drupal\\Core\\Render\\Renderer->doRender(Array, false)\n#23 /app/web/modules/custom/jango_shortcodes/src/Plugin/Shortcode/ViewShortcode.php(33): Drupal\\Core\\Render\\Renderer->render(Array)\n#24 /app/web/modules/contrib/shortcode/src/ShortcodeService.php(438): Drupal\\jango_shortcodes\\Plugin\\Shortcode\\ViewShortcode->process(Array, \'\\n\')\n#25 /app/web/modules/contrib/shortcode/src/ShortcodeService.php(315): Drupal\\shortcode\\ShortcodeService->processTag(Array, Array)\n#26 /app/web/modules/contrib/shortcode/src/Plugin/Filter/Shortcode.php(78): Drupal\\shortcode\\ShortcodeService->process(\'[nd_node admin_...\', \'en\', Object(Drupal\\shortcode\\Plugin\\Filter\\Shortcode))\n#27 /app/web/core/modules/filter/src/Element/ProcessedText.php(118): Drupal\\shortcode\\Plugin\\Filter\\Shortcode->process(\'[nd_node admin_...\', \'en\')\n#28 [internal function]: Drupal\\filter\\Element\\ProcessedText::preRenderText(Array)\n#29 /app/web/core/lib/Drupal/Core/Security/DoTrustedCallbackTrait.php(101): call_user_func_array(Array, Array)\n#30 /app/web/core/lib/Drupal/Core/Render/Renderer.php(772): Drupal\\Core\\Render\\Renderer->doTrustedCallback(Array, Array, \'Render #pre_ren...\', \'exception\', \'Drupal\\\\Core\\\\Ren...\')\n#31 /app/web/core/lib/Drupal/Core/Render/Renderer.php(363): Drupal\\Core\\Render\\Renderer->doCallback(\'#pre_render\', Array, Array)\n#32 /app/web/core/lib/Drupal/Core/Render/Renderer.php(201): Drupal\\Core\\Render\\Renderer->doRender(Array, false)\n#33 /app/web/core/lib/Drupal/Core/Template/TwigExtension.php(463): Drupal\\Core\\Render\\Renderer->render(Array)\n#34 /app/web/sites/default/files/php/twig/61c0cd94a8a58_field.html.twig_Qmr0nUWQaCUjbGDOKgJR-1tp6/ukSf40T9j73wm-TMdwElkibFSXFSJTJYYTY0E8KxM0U.php(84): Drupal\\Core\\Template\\TwigExtension->escapeFilter(Object(Drupal\\Core\\Template\\TwigEnvironment), Array, \'html\', NULL, true)\n#35 /app/vendor/twig/twig/src/Template.php(405): __TwigTemplate_3bb471a7bf59518e3661d5279a401b3a5ac4214031699cadf4ee428d27c51ed9->doDisplay(Array, Array)\n#36 /app/vendor/twig/twig/src/Template.php(378): Twig\\Template->displayWithErrorHandling(Array, Array)\n#37 /app/vendor/twig/twig/src/Template.php(390): Twig\\Template->display(Array)\n#38 /app/web/core/themes/engines/twig/twig.engine(55): Twig\\Template->render(Array)\n#39 /app/web/core/lib/Drupal/Core/Theme/ThemeManager.php(384): twig_render_template(\'themes/custom/j...\', Array)\n#40 /app/web/core/lib/Drupal/Core/Render/Renderer.php(422): Drupal\\Core\\Theme\\ThemeManager->render(\'field\', Array)\n#41 /app/web/core/lib/Drupal/Core/Render/Renderer.php(435): Drupal\\Core\\Render\\Renderer->doRender(Array)\n#42 /app/web/core/lib/Drupal/Core/Render/Renderer.php(201): Drupal\\Core\\Render\\Renderer->doRender(Array, true)\n#43 /app/web/core/lib/Drupal/Core/Render/Renderer.php(157): Drupal\\Core\\Render\\Renderer->render(Array, true)\n#44 /app/web/core/lib/Drupal/Core/Render/Renderer.php(564): Drupal\\Core\\Render\\Renderer->Drupal\\Core\\Render\\{closure}()\n#45 /app/web/core/lib/Drupal/Core/Render/Renderer.php(158): Drupal\\Core\\Render\\Renderer->executeInRenderContext(Object(Drupal\\Core\\Render\\RenderContext), Object(Closure))\n#46 /app/web/core/modules/node/src/Plugin/Search/NodeSearch.php(525): Drupal\\Core\\Render\\Renderer->renderPlain(Array)\n#47 /app/web/core/modules/node/src/Plugin/Search/NodeSearch.php(489): Drupal\\node\\Plugin\\Search\\NodeSearch->indexNode(Object(Drupal\\node\\Entity\\Node))\n#48 /app/web/core/modules/search/search.module(121): Drupal\\node\\Plugin\\Search\\NodeSearch->updateIndex()\n#49 [internal function]: search_cron()\n#50 /app/web/core/lib/Drupal/Core/Extension/ModuleHandler.php(392): call_user_func_array(\'search_cron\', Array)\n#51 /app/web/core/lib/Drupal/Core/Cron.php(250): Drupal\\Core\\Extension\\ModuleHandler->invoke(\'search\', \'cron\')\n#52 /app/web/core/lib/Drupal/Core/Cron.php(136): Drupal\\Core\\Cron->invokeCronHandlers()\n#53 /app/web/core/lib/Drupal/Core/ProxyClass/Cron.php(75): Drupal\\Core\\Cron->run()\n#54 /app/web/core/modules/automated_cron/src/EventSubscriber/AutomatedCron.php(65): Drupal\\Core\\ProxyClass\\Cron->run()\n#55 [internal function]: Drupal\\automated_cron\\EventSubscriber\\AutomatedCron->onTerminate(Object(Symfony\\Component\\HttpKernel\\Event\\TerminateEvent), \'kernel.terminat...\', Object(Drupal\\Component\\EventDispatcher\\ContainerAwareEventDispatcher))\n#56 /app/web/core/lib/Drupal/Component/EventDispatcher/ContainerAwareEventDispatcher.php(142): call_user_func(Array, Object(Symfony\\Component\\HttpKernel\\Event\\TerminateEvent), \'kernel.terminat...\', Object(Drupal\\Component\\EventDispatcher\\ContainerAwareEventDispatcher))\n#57 /app/vendor/symfony/http-kernel/HttpKernel.php(100): Drupal\\Component\\EventDispatcher\\ContainerAwareEventDispatcher->dispatch(Object(Symfony\\Component\\HttpKernel\\Event\\TerminateEvent), \'kernel.terminat...\')\n#58 /app/vendor/stack/builder/src/Stack/StackedHttpKernel.php(32): Symfony\\Component\\HttpKernel\\HttpKernel->terminate(Object(Symfony\\Component\\HttpFoundation\\Request), Object(Drupal\\Core\\Render\\HtmlResponse))\n#59 /app/web/core/lib/Drupal/Core/DrupalKernel.php(686): Stack\\StackedHttpKernel->terminate(Object(Symfony\\Component\\HttpFoundation\\Request), Object(Drupal\\Core\\Render\\HtmlResponse))\n#60 /app/web/index.php(22): Drupal\\Core\\DrupalKernel->terminate(Object(Symfony\\Component\\HttpFoundation\\Request), Object(Drupal\\Core\\Render\\HtmlResponse))\n#61 {main}\";}',3,'','https://jango9.lndo.site/','https://jango9.lndo.site/admin/reports/updates/update','172.27.0.3',1640033841),(51,0,'cron','Starting execution of @module_cron(), execution of @module_previous_cron() took @time.',_binary 'a:3:{s:7:\"@module\";s:6:\"system\";s:16:\"@module_previous\";s:6:\"search\";s:5:\"@time\";s:9:\"1766.21ms\";}',6,'','https://jango9.lndo.site/','https://jango9.lndo.site/admin/reports/updates/update','172.27.0.3',1640033841),(52,0,'cron','Starting execution of @module_cron(), execution of @module_previous_cron() took @time.',_binary 'a:3:{s:7:\"@module\";s:6:\"update\";s:16:\"@module_previous\";s:6:\"system\";s:5:\"@time\";s:8:\"837.74ms\";}',6,'','https://jango9.lndo.site/','https://jango9.lndo.site/admin/reports/updates/update','172.27.0.3',1640033842),(53,0,'cron','Starting execution of @module_cron(), execution of @module_previous_cron() took @time.',_binary 'a:3:{s:7:\"@module\";s:7:\"webform\";s:16:\"@module_previous\";s:6:\"update\";s:5:\"@time\";s:8:\"209.23ms\";}',6,'','https://jango9.lndo.site/','https://jango9.lndo.site/admin/reports/updates/update','172.27.0.3',1640033842),(54,0,'cron','Execution of @module_previous_cron() took @time.',_binary 'a:2:{s:16:\"@module_previous\";s:7:\"webform\";s:5:\"@time\";s:7:\"20.62ms\";}',6,'','https://jango9.lndo.site/','https://jango9.lndo.site/admin/reports/updates/update','172.27.0.3',1640033842),(55,0,'cron','Cron run completed.',_binary 'a:0:{}',6,'','https://jango9.lndo.site/','https://jango9.lndo.site/admin/reports/updates/update','172.27.0.3',1640033842);

--
-- Table structure for table `webform`
--

CREATE TABLE `webform` (
  `webform_id` varchar(32) NOT NULL COMMENT 'The webform id.',
  `next_serial` int(10) unsigned NOT NULL DEFAULT '1' COMMENT 'The serial number to give to the next submission to this webform.',
  PRIMARY KEY (`webform_id`)
) ENGINE=InnoDB DEFAULT CHARSET=utf8mb4 COMMENT='Stores all webform data.';

--
-- Dumping data for table `webform`
--

INSERT INTO `webform` VALUES ('ask_a_question_webform_inline',1),('contact',1),('contact_us_webform',2),('contact_us_webform_no_paddings',1),('keep_in_touch_webform_inline',9),('subscribe_inline',21),('subscribe_inline_dark',1),('webform_form_controls',5);

--
-- Table structure for table `webform_submission`
--

CREATE TABLE `webform_submission` (
  `sid` int(11) NOT NULL AUTO_INCREMENT,
  `webform_id` varchar(32) CHARACTER SET ascii NOT NULL COMMENT 'The ID of the target entity.',
  `uuid` varchar(128) CHARACTER SET ascii NOT NULL,
  `serial` int(11) DEFAULT NULL,
  `token` varchar(255) DEFAULT NULL,
  `uri` varchar(2000) DEFAULT NULL,
  `created` int(11) DEFAULT NULL,
  `completed` int(11) DEFAULT NULL,
  `changed` int(11) DEFAULT NULL,
  `in_draft` tinyint(4) DEFAULT NULL,
  `current_page` varchar(128) DEFAULT NULL,
  `remote_addr` varchar(128) DEFAULT NULL,
  `uid` int(10) unsigned DEFAULT NULL COMMENT 'The ID of the target entity.',
  `langcode` varchar(12) CHARACTER SET ascii NOT NULL,
  `entity_type` varchar(32) CHARACTER SET ascii DEFAULT NULL,
  `entity_id` varchar(255) DEFAULT NULL,
  `sticky` tinyint(4) DEFAULT NULL,
  `notes` longtext,
  `locked` tinyint(4) DEFAULT NULL,
  PRIMARY KEY (`sid`),
  UNIQUE KEY `webform_submission_field__uuid__value` (`uuid`),
  KEY `webform_submission_field__webform_id__target_id` (`webform_id`),
  KEY `webform_submission_field__uid__target_id` (`uid`),
  KEY `webform_submission__token` (`token`(191))
) ENGINE=InnoDB AUTO_INCREMENT=34 DEFAULT CHARSET=utf8mb4 COMMENT='The base table for webform_submission entities.';

--
-- Dumping data for table `webform_submission`
--

INSERT INTO `webform_submission` VALUES (1,'webform_form_controls','d883d9e5-b1ba-4f87-9b41-cc727529fb80',1,'0Rj0nPSAbCd5A4AOjs3hZCFOiIUWycA_1WN4d-FdvR0','/form-controls',1499752749,1499752749,1499752749,0,NULL,'103.254.244.202',0,'en','node','101',0,NULL,0),(2,'webform_form_controls','7417f531-46a3-434d-89c8-cd3f078bbd54',2,'xdGrSqbTzHHrSXcoazUFqfgoohMEqwgGC0D6PkWAZxU','/form-controls',1499761907,1499761907,1499761907,0,NULL,'103.254.244.202',0,'en','node','101',0,NULL,0),(3,'webform_form_controls','cba9f2a6-5f62-47da-9377-90e5abba8265',3,'0uVdM123lRSedveDBZLYv1SzlCAWkKCn_2gm_X9WtWo','/form-controls',1499763110,1499763110,1499763110,0,NULL,'103.254.244.202',0,'en','node','101',0,NULL,0),(4,'webform_form_controls','3014b211-ae8a-44f2-9fde-14012f080602',4,'uFith1lDXJ-rcROXnMGolaoMBqtio90qDROtD9Pr5F8','/form-controls',1503764700,1503764700,1503764700,0,NULL,'203.207.56.196',0,'en','node','101',0,NULL,0),(7,'keep_in_touch_webform_inline','3f96f94e-560a-4f82-923a-e0d16be13f3c',1,'Y6_M1I3qXuGFVn0ehZTNXBJJ5TFGyksW-WHLx-Qm928','/contact-us-1',1516866153,1516866153,1516866153,0,NULL,'127.0.0.1',1,'en','node','113',0,NULL,0),(8,'contact_us_webform','8c992319-6ec6-4e68-98bd-8117525cacae',1,'tbHqegAqY_KELe6kg8ZPyveTtA-M3G4b7oXU7Mq8GgE','/form/contact-us-webform',1516866528,1516866528,1516866528,0,NULL,'127.0.0.1',1,'en',NULL,NULL,0,NULL,0),(9,'subscribe_inline','fb6939f7-6c79-4c5a-8aa0-62b6c053ee91',3,'NLIeoFRqUUC7fQYA7fjs6uZyRzT7ameph9rUqbXpSMU','/?q=user',1574763483,1574763483,1574763483,0,NULL,'83.25.249.205',0,'en','node','170',0,NULL,0),(10,'subscribe_inline','997e8e40-dd6f-41d5-aaaa-52821049a6bb',4,'K8fU8tw8OEJEDP7ESb0GeRmotr30_TXQMyGiwCickfc','/?q=user',1574964170,1574964170,1574964170,0,NULL,'83.25.249.205',0,'en','node','170',0,NULL,0),(11,'subscribe_inline','81845261-715a-4ebd-8522-b830d14d0903',5,'vjOWImhb7ySyR4jBMadOGeGN4PGqyou9BO0z0zjRee8','/?q=user',1574984177,1574984177,1574984177,0,NULL,'83.25.249.205',0,'en','node','170',0,NULL,0),(12,'subscribe_inline','091f3ce1-2929-4a4b-83ee-ea665fba4281',6,'3razZQdc9dv0G1KIVtmcyIy3-dZlfUvDwI03Idrliic','/?q=user',1575288481,1575288481,1575288481,0,NULL,'83.25.249.205',0,'en','node','170',0,NULL,0),(13,'subscribe_inline','5ac30ce0-8797-4857-9a50-67d6f90cb3a2',7,'ka_WoqEuXhF07vIoHqG0oFG90hAznawjVfEx8zQRTn4','/?q=user',1575379832,1575379832,1575379832,0,NULL,'83.25.249.205',0,'en','node','170',0,NULL,0),(14,'subscribe_inline','7d54770a-93ef-4b9e-b1e1-87e3f2f68022',8,'B1j20ETsxeRTw3m6Lj1JhZFhNhQsD1sbcBtZoS9YIyU','/?q=user',1575546175,1575546175,1575546175,0,NULL,'83.25.249.205',0,'en','node','170',0,NULL,0),(15,'subscribe_inline','3c2b0ac7-1a62-4fe5-97b7-2a507a137790',9,'2Ft6ohK3crayPR2CPjET9CyRpDSQa4MB-nwqjDLhlmU','/?q=user',1575757188,1575757188,1575757188,0,NULL,'83.25.249.205',0,'en','node','170',0,NULL,0),(16,'subscribe_inline','05c04742-3a0a-4717-b949-a77fd1be15e4',10,'CMvRmAOoiHNBdcXKRCcnYm4j10kNanjR4MPqVsmG9ZQ','/?q=user',1575989042,1575989042,1575989042,0,NULL,'83.25.249.205',0,'en','node','170',0,NULL,0),(17,'subscribe_inline','0e9ae92e-8c7d-4bef-b7a9-8c4f781b73f4',11,'uOCBC5ek88cdIJqsCX0LXiILBTmH-t_HYgsJu7_elVQ','/?q=user',1576453501,1576453501,1576453501,0,NULL,'83.25.236.139',0,'en','node','170',0,NULL,0),(18,'subscribe_inline','d8f86f13-e3d9-4fd9-995c-e0348cd28ed7',12,'TNbsImJdDbIckVrzD8tewCpnbIohG4z2My8APR1TncE','/?q=user',1576454230,1576454230,1576454230,0,NULL,'83.25.236.139',0,'en','node','170',0,NULL,0),(19,'keep_in_touch_webform_inline','f4d57de0-af04-4a5d-ba6d-fcca6bd3c7cf',2,'1ivsJakaz8yJCA1ScbsCJYtwlyCFnWb4z3VpRwLgitw','/contact-us-1?q=contact-us-1',1578883707,1578883707,1578883707,0,NULL,'104.245.145.56',0,'en','node','113',0,NULL,0),(20,'keep_in_touch_webform_inline','3ee63d4d-e994-461e-af2a-5167e21317f9',3,'uhYfbVlv_rg_AKiPdh8RlpQ-VWYPW60oc1d1N4-BP-g','/contact-us-1?q=contact-us-1',1580277684,1580277684,1580277684,0,NULL,'104.245.144.42',0,'en','node','113',0,NULL,0),(21,'subscribe_inline','e43281a0-2c23-49ec-973d-df3f072d8275',13,'Abab_2LuKWZT5WMFtjivAuUMCf3_UXXN9G7u8rts-Xc','/?q=user',1580490572,1580490572,1580490572,0,NULL,'192.3.203.172',0,'en','node','170',0,NULL,0),(22,'keep_in_touch_webform_inline','c0b1eb49-31bb-4650-ac71-6dc692fa8e7f',4,'qpXDR6RIo_-lW-__kpbsnQwM9jDv9iq6XbPU9BSSVE4','/contact-us-1?q=contact-us-1',1580548436,1580548436,1580548436,0,NULL,'104.245.144.58',0,'en','node','113',0,NULL,0),(23,'keep_in_touch_webform_inline','65bc10ed-68b2-4ef1-b2e6-6c9e41ebf99d',5,'TjAuAzvLWbxWkSO_CshfqT69i0o6y91deAGdHDFmxmg','/contact-us-1?q=contact-us-1',1580794513,1580794513,1580794513,0,NULL,'104.245.145.39',0,'en','node','113',0,NULL,0),(24,'keep_in_touch_webform_inline','36bfc297-1653-4532-a41f-15153fe708cd',6,'-jD34foRRp1S5YYiCVCKlSmZFnSgC55GqTZ8qlShtIs','/contact-us-1?q=contact-us-1',1582309486,1582309486,1582309486,0,NULL,'184.75.211.131',0,'en','node','113',0,NULL,0),(25,'keep_in_touch_webform_inline','b2e038cc-4e82-40c5-b227-a22b8002ac92',7,'no9yjIRu-DO_cdk99YjZpIZcPkv8-JEETrgEyPaW6Yg','/contact-us-1?q=contact-us-1',1582908940,1582908940,1582908940,0,NULL,'89.187.178.159',0,'en','node','113',0,NULL,0),(26,'keep_in_touch_webform_inline','63c064fd-31b4-4b57-97cb-37717826980f',8,'jX0Sjol9u-HbvNUyfUeFrNZ2oBqZf1NYnmqXdEtePYk','/contact-us-1?q=contact-us-1',1582914632,1582914632,1582914632,0,NULL,'89.187.178.139',0,'en','node','113',0,NULL,0),(27,'subscribe_inline','dfe1ed17-240f-4fd5-8373-bc564177317f',14,'Hr8pPiyYtg_IMdu6OU1gJmc90ehoMkT2f-Q5Sx1W9K8','/?q=user',1583095908,1583095908,1583095908,0,NULL,'177.91.254.133',0,'en','node','170',0,NULL,0),(28,'subscribe_inline','eb3fe3f2-633a-4a8f-85ad-3b1a245e0ea5',15,'pCGr64pb93CO4Qwefy4bCdqqg3kpt39hgrUEsGbNuls','/?q=user',1583116826,1583116826,1583116826,0,NULL,'169.48.152.174',0,'en','node','170',0,NULL,0),(29,'subscribe_inline','fa5320db-59ee-44e7-9098-fe63797a11e6',16,'vI4Eh9-YYU9b5HklMObFFnpqkpFSIBpWi5bvbCObBdM','/?q=user',1583256763,1583256763,1583256763,0,NULL,'24.90.33.215',0,'en','node','170',0,NULL,0),(30,'subscribe_inline','a2c95ae8-ccf2-4312-ab33-83c7271a6413',17,'lhM8Lz-6tBu85bwKc2noaz5e10qlhE-nIuRkdSoskfo','/?q=user',1583306248,1583306248,1583306248,0,NULL,'173.249.24.108',0,'en','node','170',0,NULL,0),(31,'subscribe_inline','700e4c20-1adc-44f4-96da-4f1f610d0fe4',18,'GauatkRmiWL7y67tU3LI1zAvBZTiL3OPEDpEjQ6qRzw','/?q=user',1583393045,1583393045,1583393045,0,NULL,'14.143.54.66',0,'en','node','170',0,NULL,0),(32,'subscribe_inline','a88cee97-2afe-40ee-b551-8ba65edbd659',19,'xwB8mWXzN6Iakt33-AHVA5uqIqJp1TmQrs-gkgWYP3U','/?q=user',1583529344,1583529344,1583529344,0,NULL,'187.50.77.173',0,'en','node','170',0,NULL,0),(33,'subscribe_inline','f554d002-dd00-4b97-beb8-e021db740c33',20,'J_I2qs2pmmzxliM6j_4Hcn9zuHdzkUWwGLG684nMrxw','/?q=user',1584561733,1584561733,1584561733,0,NULL,'5.188.84.207',0,'en','node','170',0,NULL,0);

--
-- Table structure for table `webform_submission_data`
--

CREATE TABLE `webform_submission_data` (
  `webform_id` varchar(32) NOT NULL COMMENT 'The webform id.',
  `sid` int(10) unsigned NOT NULL COMMENT 'The unique identifier for this submission.',
  `name` varchar(128) NOT NULL COMMENT 'The name of the element.',
  `property` varchar(128) NOT NULL DEFAULT '' COMMENT 'The property of the element''s value.',
  `delta` int(10) unsigned NOT NULL DEFAULT '0' COMMENT 'The delta of the element''s value.',
  `value` mediumtext NOT NULL COMMENT 'The element''s value.',
  PRIMARY KEY (`sid`,`name`,`property`,`delta`),
  KEY `webform_id` (`webform_id`),
  KEY `sid_webform_id` (`sid`,`webform_id`)
) ENGINE=InnoDB DEFAULT CHARSET=utf8mb4 COMMENT='Stores all submitted data for webform submissions.';

--
-- Dumping data for table `webform_submission_data`
--

INSERT INTO `webform_submission_data` VALUES ('webform_form_controls',1,'checkbox','',0,'2'),('webform_form_controls',1,'checkbox','',1,'3'),('webform_form_controls',1,'dropdown','',0,''),('webform_form_controls',1,'dropdown_multiple','',0,'1'),('webform_form_controls',1,'dropdown_multiple','',1,'2'),('webform_form_controls',1,'dropdown_multiple','',2,'3'),('webform_form_controls',1,'email','',0,''),('webform_form_controls',1,'password','',0,''),('webform_form_controls',1,'radio_buttons','',0,'3'),('webform_form_controls',1,'textarea','',0,''),('webform_form_controls',2,'dropdown','',0,''),('webform_form_controls',2,'email','',0,''),('webform_form_controls',2,'password','',0,''),('webform_form_controls',2,'radio_buttons','',0,''),('webform_form_controls',2,'textarea','',0,''),('webform_form_controls',3,'dropdown','',0,'3'),('webform_form_controls',3,'email','',0,''),('webform_form_controls',3,'password','',0,''),('webform_form_controls',3,'radio_buttons','',0,''),('webform_form_controls',3,'textarea','',0,''),('webform_form_controls',4,'checkbox','',0,'1'),('webform_form_controls',4,'checkbox','',1,'3'),('webform_form_controls',4,'dropdown','',0,''),('webform_form_controls',4,'email','',0,''),('webform_form_controls',4,'password','',0,''),('webform_form_controls',4,'radio_buttons','',0,'1'),('webform_form_controls',4,'textarea','',0,''),('keep_in_touch_webform_inline',7,'comment','',0,'312'),('keep_in_touch_webform_inline',7,'email','',0,'321@asdf.com'),('keep_in_touch_webform_inline',7,'name','',0,'123'),('keep_in_touch_webform_inline',7,'phone','',0,'+123 435 46454'),('contact_us_webform',8,'comment','',0,'aaaas'),('contact_us_webform',8,'email','',0,''),('contact_us_webform',8,'name','',0,''),('subscribe_inline',9,'email_clean','',0,'Cathern-Rushing@youinweb.xyz'),('subscribe_inline',10,'email_clean','',0,'Adriana.Burston73@youinweb.xyz'),('subscribe_inline',11,'email_clean','',0,'Temeka-Wilfong1@youinweb.xyz'),('subscribe_inline',12,'email_clean','',0,'Effie.Steven@youinweb.xyz'),('subscribe_inline',13,'email_clean','',0,'Geneva_Wojcik@youinweb.xyz'),('subscribe_inline',14,'email_clean','',0,'Vince-Dill@youinweb.xyz'),('subscribe_inline',15,'email_clean','',0,'Hai_Booze@youinweb.xyz'),('subscribe_inline',16,'email_clean','',0,'Franchesca.Mccord@youinweb.xyz'),('subscribe_inline',17,'email_clean','',0,'Brian-Baldessin20@youinweb.xyz'),('subscribe_inline',18,'email_clean','',0,'Philomena-Locke@youinweb.xyz'),('keep_in_touch_webform_inline',19,'comment','',0,'Need to find powerful online marketing that doesn\'t charge a fortune and gets amazing resuts? I apologize for sending you this message on your contact form but actually that was the whole point. We can send your promotional copy to websites through their contact forms just like you\'re getting this message right now. You can target by keyword or just fire off bulk blasts to websites in any country you choose. So let\'s say you want to send a message to all the contractors in the US, we\'ll scrape websites for only those and post your ad text to them. As long as you\'re promoting a product or service that\'s relevant to that niche then you\'ll be blessed with an amazing response! \r\n\r\nSend a quick message to ethan3646hug@gmail.com to get details about how we do this'),('keep_in_touch_webform_inline',19,'email','',0,'dianna.leary@gmail.com'),('keep_in_touch_webform_inline',19,'name','',0,'Dianna Leary'),('keep_in_touch_webform_inline',19,'phone','',0,'732-982-9653'),('keep_in_touch_webform_inline',20,'comment','',0,'1 Cup of this tomorrow morning will get rid of 30 Lbs of belly fat\r\n\r\nIf you still haven\'t tried this, you\'ll want to to add this to your morning routine\r\nSipping on just a single cup of this yummy hot drink in the A.M. sets your body up to burn more fat than 45 exhausting minutes on the treadmill.\r\n\r\nIn fact, some folks are losing up to 25 Lbs of fat in just 21 days by drinking it every morning.\r\n\r\nNot to mention, it’s super easy to make right in your own kitchen. \r\n\r\nTake a look for yourself:  http://www.fatbellyfix.xyz'),('keep_in_touch_webform_inline',20,'email','',0,'harley.medrano@outlook.com'),('keep_in_touch_webform_inline',20,'name','',0,'Harley Medrano'),('keep_in_touch_webform_inline',20,'phone','',0,'506-871-9367'),('subscribe_inline',21,'email_clean','',0,'robert.bradford8868@maillinked.com'),('keep_in_touch_webform_inline',22,'comment','',0,'Interested in advertising that charges less than $49 per month and delivers hundreds of people who are ready to buy directly to your website? Have a look at: http://www.moreleadsandsales.xyz '),('keep_in_touch_webform_inline',22,'email','',0,'malcolm.jeanneret@gmail.com'),('keep_in_touch_webform_inline',22,'name','',0,'Malcolm Jeanneret'),('keep_in_touch_webform_inline',22,'phone','',0,'02.75.91.06.83'),('keep_in_touch_webform_inline',23,'comment','',0,'How would you like to promote your ad on thousands of advertising sites every month? Pay one low monthly fee and get virtually unlimited traffic to your site forever! For more information just visit: http://www.adblasting.xyz'),('keep_in_touch_webform_inline',23,'email','',0,'emma.salvado@gmail.com'),('keep_in_touch_webform_inline',23,'name','',0,'Emma Salvado'),('keep_in_touch_webform_inline',23,'phone','',0,'0399 0600229'),('keep_in_touch_webform_inline',24,'comment','',0,'1 Cup of this tomorrow morning will get rid of 30 Lbs of belly fat\r\n\r\nIf you haven’t tried this yet, you\'ll want to to add this to your morning routine\r\nConsuming just a single cup of this delicious hot drink in the morning sets up your metabolism to burn more fat than 45 exhausting minutes on the treadmill.\r\n\r\nIn fact, some folks are losing up to 20 pounds of fat in just 20 days by drinking it daily every morning.\r\n\r\nNot to mention, it’s super simple to make right in your own kitchen. \r\n\r\nTake a look here now!==> http://www.fatbellyfix.xyz'),('keep_in_touch_webform_inline',24,'email','',0,'blaxcell.hiram@googlemail.com'),('keep_in_touch_webform_inline',24,'name','',0,'Hiram Blaxcell'),('keep_in_touch_webform_inline',24,'phone','',0,'415 92 895'),('keep_in_touch_webform_inline',25,'comment','',0,'Get tons of fresh and high ranking .EDU, Dofollow\r\nand other links ready to be your backlink\r\nperfect for ranking your site in any niche! No spammy links here - 100% exclusive backlinks! http://www.getmorelinks.xyz'),('keep_in_touch_webform_inline',25,'email','',0,'verona.lu@gmail.com'),('keep_in_touch_webform_inline',25,'name','',0,'Verona Lu'),('keep_in_touch_webform_inline',25,'phone','',0,'0399 9546254'),('keep_in_touch_webform_inline',26,'comment','',0,'UNLIMITED fresh and high PR .EDU, Dofollow\r\nand other links ready to backlink to your site\r\nperfect for ranking your site in any niche! Completely exclusive links and never spammed to death http://www.getmorelinks.xyz'),('keep_in_touch_webform_inline',26,'email','',0,'armando.sugerman@gmail.com'),('keep_in_touch_webform_inline',26,'name','',0,'Armando Sugerman'),('keep_in_touch_webform_inline',26,'phone','',0,'06-95463987'),('subscribe_inline',27,'email_clean','',0,'uzzer@veryhotmail.xyz'),('subscribe_inline',28,'email_clean','',0,'ed.spenser@mailfor.site'),('subscribe_inline',29,'email_clean','',0,'lockedown@moremail.space'),('subscribe_inline',30,'email_clean','',0,'r.trump@moremail.space'),('subscribe_inline',31,'email_clean','',0,'twboy@smtp.monster'),('subscribe_inline',32,'email_clean','',0,'ejsxxl@mailfor.site'),('subscribe_inline',33,'email_clean','',0,'anjachristopher6493@gay.theworkpc.com');

--
-- Table structure for table `webform_submission_log`
--

CREATE TABLE `webform_submission_log` (
  `lid` int(11) NOT NULL AUTO_INCREMENT COMMENT 'Primary Key: Unique log event ID.',
  `webform_id` varchar(32) NOT NULL COMMENT 'The webform id.',
  `sid` int(10) unsigned DEFAULT NULL COMMENT 'The webform submission id.',
  `handler_id` varchar(64) DEFAULT NULL COMMENT 'The webform handler id.',
  `uid` int(10) unsigned NOT NULL DEFAULT '0' COMMENT 'The users.uid of the user who triggered the event.',
  `operation` varchar(64) CHARACTER SET ascii NOT NULL DEFAULT '' COMMENT 'Type of operation, for example "save", "sent", or "update."',
  `message` longtext NOT NULL COMMENT 'Text of log message.',
  `data` longblob NOT NULL COMMENT 'Serialized array of data.',
  `timestamp` int(11) NOT NULL DEFAULT '0' COMMENT 'Unix timestamp of when event occurred.',
  PRIMARY KEY (`lid`)
) ENGINE=InnoDB DEFAULT CHARSET=utf8mb4 COMMENT='Table that contains logs of all webform submission events.';

--
-- Dumping data for table `webform_submission_log`
--



