[encoded data, 105362 characters], -1, '1586700654.054', 1, '', '0');

-- --------------------------------------------------------

--
-- Структура таблицы `cache_data`
--

CREATE TABLE `cache_data` (
  `cid` varchar(255) CHARACTER SET ascii COLLATE ascii_bin NOT NULL DEFAULT '' COMMENT 'Primary Key: Unique cache ID.',
  `data` longblob COMMENT 'A collection of data to cache.',
  `expire` int(11) NOT NULL DEFAULT '0' COMMENT 'A Unix timestamp indicating when the cache entry should expire, or -1 for never.',
  `created` decimal(14,3) NOT NULL DEFAULT '0.000' COMMENT 'A timestamp with millisecond precision indicating when the cache entry was created.',
  `serialized` smallint(6) NOT NULL DEFAULT '0' COMMENT 'A flag to indicate whether content is serialized (1) or not (0).',
  `tags` longtext COMMENT 'Space-separated list of cache tags for this entry.',
  `checksum` varchar(255) CHARACTER SET ascii NOT NULL COMMENT 'The tag invalidation checksum when this entry was saved.'
) ENGINE=InnoDB DEFAULT CHARSET=utf8mb4 COMMENT='Storage for the cache API.';

-- --------------------------------------------------------

--
-- Структура таблицы `cache_default`
--

CREATE TABLE `cache_default` (
  `cid` varchar(255) CHARACTER SET ascii COLLATE ascii_bin NOT NULL DEFAULT '' COMMENT 'Primary Key: Unique cache ID.',
  `data` longblob COMMENT 'A collection of data to cache.',
  `expire` int(11) NOT NULL DEFAULT '0' COMMENT 'A Unix timestamp indicating when the cache entry should expire, or -1 for never.',
  `created` decimal(14,3) NOT NULL DEFAULT '0.000' COMMENT 'A timestamp with millisecond precision indicating when the cache entry was created.',
  `serialized` smallint(6) NOT NULL DEFAULT '0' COMMENT 'A flag to indicate whether content is serialized (1) or not (0).',
  `tags` longtext COMMENT 'Space-separated list of cache tags for this entry.',
  `checksum` varchar(255) CHARACTER SET ascii NOT NULL COMMENT 'The tag invalidation checksum when this entry was saved.'
) ENGINE=InnoDB DEFAULT CHARSET=utf8mb4 COMMENT='Storage for the cache API.';

-- --------------------------------------------------------

--
-- Структура таблицы `cache_discovery`
--

CREATE TABLE `cache_discovery` (
  `cid` varchar(255) CHARACTER SET ascii COLLATE ascii_bin NOT NULL DEFAULT '' COMMENT 'Primary Key: Unique cache ID.',
  `data` longblob COMMENT 'A collection of data to cache.',
  `expire` int(11) NOT NULL DEFAULT '0' COMMENT 'A Unix timestamp indicating when the cache entry should expire, or -1 for never.',
  `created` decimal(14,3) NOT NULL DEFAULT '0.000' COMMENT 'A timestamp with millisecond precision indicating when the cache entry was created.',
  `serialized` smallint(6) NOT NULL DEFAULT '0' COMMENT 'A flag to indicate whether content is serialized (1) or not (0).',
  `tags` longtext COMMENT 'Space-separated list of cache tags for this entry.',
  `checksum` varchar(255) CHARACTER SET ascii NOT NULL COMMENT 'The tag invalidation checksum when this entry was saved.'
) ENGINE=InnoDB DEFAULT CHARSET=utf8mb4 COMMENT='Storage for the cache API.';

-- --------------------------------------------------------

--
-- Структура таблицы `cache_dynamic_page_cache`
--

CREATE TABLE `cache_dynamic_page_cache` (
  `cid` varchar(255) CHARACTER SET ascii COLLATE ascii_bin NOT NULL DEFAULT '' COMMENT 'Primary Key: Unique cache ID.',
  `data` longblob COMMENT 'A collection of data to cache.',
  `expire` int(11) NOT NULL DEFAULT '0' COMMENT 'A Unix timestamp indicating when the cache entry should expire, or -1 for never.',
  `created` decimal(14,3) NOT NULL DEFAULT '0.000' COMMENT 'A timestamp with millisecond precision indicating when the cache entry was created.',
  `serialized` smallint(6) NOT NULL DEFAULT '0' COMMENT 'A flag to indicate whether content is serialized (1) or not (0).',
  `tags` longtext COMMENT 'Space-separated list of cache tags for this entry.',
  `checksum` varchar(255) CHARACTER SET ascii NOT NULL COMMENT 'The tag invalidation checksum when this entry was saved.'
) ENGINE=InnoDB DEFAULT CHARSET=utf8mb4 COMMENT='Storage for the cache API.';

-- --------------------------------------------------------

--
-- Структура таблицы `cache_entity`
--

CREATE TABLE `cache_entity` (
  `cid` varchar(255) CHARACTER SET ascii COLLATE ascii_bin NOT NULL DEFAULT '' COMMENT 'Primary Key: Unique cache ID.',
  `data` longblob COMMENT 'A collection of data to cache.',
  `expire` int(11) NOT NULL DEFAULT '0' COMMENT 'A Unix timestamp indicating when the cache entry should expire, or -1 for never.',
  `created` decimal(14,3) NOT NULL DEFAULT '0.000' COMMENT 'A timestamp with millisecond precision indicating when the cache entry was created.',
  `serialized` smallint(6) NOT NULL DEFAULT '0' COMMENT 'A flag to indicate whether content is serialized (1) or not (0).',
  `tags` longtext COMMENT 'Space-separated list of cache tags for this entry.',
  `checksum` varchar(255) CHARACTER SET ascii NOT NULL COMMENT 'The tag invalidation checksum when this entry was saved.'
) ENGINE=InnoDB DEFAULT CHARSET=utf8mb4 COMMENT='Storage for the cache API.';

-- --------------------------------------------------------

--
-- Структура таблицы `cache_library`
--

CREATE TABLE `cache_library` (
  `cid` varchar(255) CHARACTER SET ascii COLLATE ascii_bin NOT NULL DEFAULT '' COMMENT 'Primary Key: Unique cache ID.',
  `data` longblob COMMENT 'A collection of data to cache.',
  `expire` int(11) NOT NULL DEFAULT '0' COMMENT 'A Unix timestamp indicating when the cache entry should expire, or -1 for never.',
  `created` decimal(14,3) NOT NULL DEFAULT '0.000' COMMENT 'A timestamp with millisecond precision indicating when the cache entry was created.',
  `serialized` smallint(6) NOT NULL DEFAULT '0' COMMENT 'A flag to indicate whether content is serialized (1) or not (0).',
  `tags` longtext COMMENT 'Space-separated list of cache tags for this entry.',
  `checksum` varchar(255) CHARACTER SET ascii NOT NULL COMMENT 'The tag invalidation checksum when this entry was saved.'
) ENGINE=InnoDB DEFAULT CHARSET=utf8mb4 COMMENT='Storage for the cache API.';

-- --------------------------------------------------------

--
-- Структура таблицы `cache_menu`
--

CREATE TABLE `cache_menu` (
  `cid` varchar(255) CHARACTER SET ascii COLLATE ascii_bin NOT NULL DEFAULT '' COMMENT 'Primary Key: Unique cache ID.',
  `data` longblob COMMENT 'A collection of data to cache.',
  `expire` int(11) NOT NULL DEFAULT '0' COMMENT 'A Unix timestamp indicating when the cache entry should expire, or -1 for never.',
  `created` decimal(14,3) NOT NULL DEFAULT '0.000' COMMENT 'A timestamp with millisecond precision indicating when the cache entry was created.',
  `serialized` smallint(6) NOT NULL DEFAULT '0' COMMENT 'A flag to indicate whether content is serialized (1) or not (0).',
  `tags` longtext COMMENT 'Space-separated list of cache tags for this entry.',
  `checksum` varchar(255) CHARACTER SET ascii NOT NULL COMMENT 'The tag invalidation checksum when this entry was saved.'
) ENGINE=InnoDB DEFAULT CHARSET=utf8mb4 COMMENT='Storage for the cache API.';

-- --------------------------------------------------------

--
-- Структура таблицы `cache_page`
--

CREATE TABLE `cache_page` (
  `cid` varchar(255) CHARACTER SET ascii COLLATE ascii_bin NOT NULL DEFAULT '' COMMENT 'Primary Key: Unique cache ID.',
  `data` longblob COMMENT 'A collection of data to cache.',
  `expire` int(11) NOT NULL DEFAULT '0' COMMENT 'A Unix timestamp indicating when the cache entry should expire, or -1 for never.',
  `created` decimal(14,3) NOT NULL DEFAULT '0.000' COMMENT 'A timestamp with millisecond precision indicating when the cache entry was created.',
  `serialized` smallint(6) NOT NULL DEFAULT '0' COMMENT 'A flag to indicate whether content is serialized (1) or not (0).',
  `tags` longtext COMMENT 'Space-separated list of cache tags for this entry.',
  `checksum` varchar(255) CHARACTER SET ascii NOT NULL COMMENT 'The tag invalidation checksum when this entry was saved.'
) ENGINE=InnoDB DEFAULT CHARSET=utf8mb4 COMMENT='Storage for the cache API.';

-- --------------------------------------------------------

--
-- Структура таблицы `cache_render`
--

CREATE TABLE `cache_render` (
  `cid` varchar(255) CHARACTER SET ascii COLLATE ascii_bin NOT NULL DEFAULT '' COMMENT 'Primary Key: Unique cache ID.',
  `data` longblob COMMENT 'A collection of data to cache.',
  `expire` int(11) NOT NULL DEFAULT '0' COMMENT 'A Unix timestamp indicating when the cache entry should expire, or -1 for never.',
  `created` decimal(14,3) NOT NULL DEFAULT '0.000' COMMENT 'A timestamp with millisecond precision indicating when the cache entry was created.',
  `serialized` smallint(6) NOT NULL DEFAULT '0' COMMENT 'A flag to indicate whether content is serialized (1) or not (0).',
  `tags` longtext COMMENT 'Space-separated list of cache tags for this entry.',
  `checksum` varchar(255) CHARACTER SET ascii NOT NULL COMMENT 'The tag invalidation checksum when this entry was saved.'
) ENGINE=InnoDB DEFAULT CHARSET=utf8mb4 COMMENT='Storage for the cache API.';

-- --------------------------------------------------------

--
-- Структура таблицы `cache_toolbar`
--

CREATE TABLE `cache_toolbar` (
  `cid` varchar(255) CHARACTER SET ascii COLLATE ascii_bin NOT NULL DEFAULT '' COMMENT 'Primary Key: Unique cache ID.',
  `data` longblob COMMENT 'A collection of data to cache.',
  `expire` int(11) NOT NULL DEFAULT '0' COMMENT 'A Unix timestamp indicating when the cache entry should expire, or -1 for never.',
  `created` decimal(14,3) NOT NULL DEFAULT '0.000' COMMENT 'A timestamp with millisecond precision indicating when the cache entry was created.',
  `serialized` smallint(6) NOT NULL DEFAULT '0' COMMENT 'A flag to indicate whether content is serialized (1) or not (0).',
  `tags` longtext COMMENT 'Space-separated list of cache tags for this entry.',
  `checksum` varchar(255) CHARACTER SET ascii NOT NULL COMMENT 'The tag invalidation checksum when this entry was saved.'
) ENGINE=InnoDB DEFAULT CHARSET=utf8mb4 COMMENT='Storage for the cache API.';

-- --------------------------------------------------------

--
-- Структура таблицы `cache_tweets`
--

CREATE TABLE `cache_tweets` (
  `cid` varchar(255) CHARACTER SET ascii COLLATE ascii_bin NOT NULL DEFAULT '' COMMENT 'Primary Key: Unique cache ID.',
  `data` longblob COMMENT 'A collection of data to cache.',
  `expire` int(11) NOT NULL DEFAULT '0' COMMENT 'A Unix timestamp indicating when the cache entry should expire, or -1 for never.',
  `created` decimal(14,3) NOT NULL DEFAULT '0.000' COMMENT 'A timestamp with millisecond precision indicating when the cache entry was created.',
  `serialized` smallint(6) NOT NULL DEFAULT '0' COMMENT 'A flag to indicate whether content is serialized (1) or not (0).',
  `tags` longtext COMMENT 'Space-separated list of cache tags for this entry.',
  `checksum` varchar(255) CHARACTER SET ascii NOT NULL COMMENT 'The tag invalidation checksum when this entry was saved.'
) ENGINE=InnoDB DEFAULT CHARSET=utf8mb4 COMMENT='Storage for the cache API.';

-- --------------------------------------------------------

--
-- Структура таблицы `comment`
--

CREATE TABLE `comment` (
  `cid` int(10) UNSIGNED NOT NULL,
  `comment_type` varchar(32) CHARACTER SET ascii NOT NULL COMMENT 'The ID of the target entity.',
  `uuid` varchar(128) CHARACTER SET ascii NOT NULL,
  `langcode` varchar(12) CHARACTER SET ascii NOT NULL
) ENGINE=InnoDB DEFAULT CHARSET=utf8mb4 COMMENT='The base table for comment entities.';

--
-- Дамп данных таблицы `comment`
--

INSERT INTO `comment` (`cid`, `comment_type`, `uuid`, `langcode`) VALUES
(1, 'comment', '0acceade-ca53-4fd4-a572-3b8bb06c36f6', 'en'),
(2, 'comment', '8e753dd1-b985-448d-967d-6971ba0b4681', 'en'),
(3, 'comment', '599595d2-4165-4cd3-8664-f96831a33293', 'en'),
(4, 'comment', 'f674ec3c-9ff1-46ff-9804-0c64c064837a', 'en'),
(5, 'comment', '836507a1-ad51-4658-b89a-4239cd32b288', 'en');

-- --------------------------------------------------------

--
-- Структура таблицы `comment_entity_statistics`
--

CREATE TABLE `comment_entity_statistics` (
  `entity_id` int(10) UNSIGNED NOT NULL DEFAULT '0' COMMENT 'The entity_id of the entity for which the statistics are compiled.',
  `entity_type` varchar(32) CHARACTER SET ascii NOT NULL DEFAULT 'node' COMMENT 'The entity_type of the entity to which this comment is a reply.',
  `field_name` varchar(32) CHARACTER SET ascii NOT NULL DEFAULT '' COMMENT 'The field_name of the field that was used to add this comment.',
  `cid` int(11) NOT NULL DEFAULT '0' COMMENT 'The comment.cid of the last comment.',
  `last_comment_timestamp` int(11) NOT NULL DEFAULT '0' COMMENT 'The Unix timestamp of the last comment that was posted within this node, from comment.changed.',
  `last_comment_name` varchar(60) DEFAULT NULL COMMENT 'The name of the latest author to post a comment on this node, from comment.name.',
  `last_comment_uid` int(10) UNSIGNED NOT NULL DEFAULT '0' COMMENT 'The user ID of the latest author to post a comment on this node, from comment.uid.',
  `comment_count` int(10) UNSIGNED NOT NULL DEFAULT '0' COMMENT 'The total number of comments on this entity.'
) ENGINE=InnoDB DEFAULT CHARSET=utf8mb4 COMMENT='Maintains statistics of entity and comments posts to show …';

--
-- Дамп данных таблицы `comment_entity_statistics`
--

INSERT INTO `comment_entity_statistics` (`entity_id`, `entity_type`, `field_name`, `cid`, `last_comment_timestamp`, `last_comment_name`, `last_comment_uid`, `comment_count`) VALUES
(4, 'node', 'field_comments', 5, 1529139067, '', 1, 1),
(6, 'node', 'field_comments', 4, 1498088595, '', 1, 4);

-- --------------------------------------------------------

--
-- Структура таблицы `comment_field_data`
--

CREATE TABLE `comment_field_data` (
  `cid` int(10) UNSIGNED NOT NULL,
  `comment_type` varchar(32) CHARACTER SET ascii NOT NULL COMMENT 'The ID of the target entity.',
  `langcode` varchar(12) CHARACTER SET ascii NOT NULL,
  `status` tinyint(4) NOT NULL,
  `pid` int(10) UNSIGNED DEFAULT NULL COMMENT 'The ID of the target entity.',
  `entity_id` int(10) UNSIGNED DEFAULT NULL COMMENT 'The ID of the target entity.',
  `subject` varchar(64) DEFAULT NULL,
  `uid` int(10) UNSIGNED NOT NULL COMMENT 'The ID of the target entity.',
  `name` varchar(60) DEFAULT NULL,
  `mail` varchar(254) DEFAULT NULL,
  `homepage` varchar(255) DEFAULT NULL,
  `hostname` varchar(128) DEFAULT NULL,
  `created` int(11) NOT NULL,
  `changed` int(11) DEFAULT NULL,
  `thread` varchar(255) NOT NULL,
  `entity_type` varchar(32) CHARACTER SET ascii NOT NULL,
  `field_name` varchar(32) CHARACTER SET ascii NOT NULL,
  `default_langcode` tinyint(4) NOT NULL
) ENGINE=InnoDB DEFAULT CHARSET=utf8mb4 COMMENT='The data table for comment entities.';

--
-- Дамп данных таблицы `comment_field_data`
--

INSERT INTO `comment_field_data` (`cid`, `comment_type`, `langcode`, `status`, `pid`, `entity_id`, `subject`, `uid`, `name`, `mail`, `homepage`, `hostname`, `created`, `changed`, `thread`, `entity_type`, `field_name`, `default_langcode`) VALUES
(1, 'comment', 'en', 1, NULL, 6, 'First comment Subject', 1, NULL, 'dron84.84@gmail.com', NULL, '127.0.0.1', 1497183606, 1498088316, '01/', 'node', 'field_comments', 1),
(2, 'comment', 'en', 1, NULL, 6, 'Second comment Subject', 1, NULL, 'dron84.84@gmail.com', NULL, '127.0.0.1', 1497184084, 1498088539, '02/', 'node', 'field_comments', 1),
(3, 'comment', 'en', 1, 1, 6, 'Answer', 1, NULL, 'dron84.84@gmail.com', NULL, '127.0.0.1', 1498040092, 1498088372, '01.00/', 'node', 'field_comments', 1),
(4, 'comment', 'en', 1, NULL, 6, 'Third comment', 1, NULL, 'dron84.84@gmail.com', NULL, '127.0.0.1', 1498040151, 1498088595, '03/', 'node', 'field_comments', 1),
(5, 'comment', 'en', 1, NULL, 4, 'Hi', 1, NULL, NULL, NULL, '127.0.0.1', 1529139067, 1529139067, '01/', 'node', 'field_comments', 1);

-- --------------------------------------------------------

--
-- Структура таблицы `comment__comment_body`
--

CREATE TABLE `comment__comment_body` (
  `bundle` varchar(128) CHARACTER SET ascii NOT NULL DEFAULT '' COMMENT 'The field instance bundle to which this row belongs, used when deleting a field instance',
  `deleted` tinyint(4) NOT NULL DEFAULT '0' COMMENT 'A boolean indicating whether this data item has been deleted',
  `entity_id` int(10) UNSIGNED NOT NULL COMMENT 'The entity id this data is attached to',
  `revision_id` int(10) UNSIGNED NOT NULL COMMENT 'The entity revision id this data is attached to, which for an unversioned entity type is the same as the entity id',
  `langcode` varchar(32) CHARACTER SET ascii NOT NULL DEFAULT '' COMMENT 'The language code for this data item.',
  `delta` int(10) UNSIGNED NOT NULL COMMENT 'The sequence number for this data item, used for multi-value fields',
  `comment_body_value` longtext NOT NULL,
  `comment_body_format` varchar(255) CHARACTER SET ascii DEFAULT NULL
) ENGINE=InnoDB DEFAULT CHARSET=utf8mb4 COMMENT='Data storage for comment field comment_body.';

-- --------------------------------------------------------

--
-- Структура таблицы `comment__field_body`
--

CREATE TABLE `comment__field_body` (
  `bundle` varchar(128) CHARACTER SET ascii NOT NULL DEFAULT '' COMMENT 'The field instance bundle to which this row belongs, used when deleting a field instance',
  `deleted` tinyint(4) NOT NULL DEFAULT '0' COMMENT 'A boolean indicating whether this data item has been deleted',
  `entity_id` int(10) UNSIGNED NOT NULL COMMENT 'The entity id this data is attached to',
  `revision_id` int(10) UNSIGNED NOT NULL COMMENT 'The entity revision id this data is attached to, which for an unversioned entity type is the same as the entity id',
  `langcode` varchar(32) CHARACTER SET ascii NOT NULL DEFAULT '' COMMENT 'The language code for this data item.',
  `delta` int(10) UNSIGNED NOT NULL COMMENT 'The sequence number for this data item, used for multi-value fields',
  `field_body_value` longtext NOT NULL
) ENGINE=InnoDB DEFAULT CHARSET=utf8mb4 COMMENT='Data storage for comment field field_body.';

--
-- Дамп данных таблицы `comment__field_body`
--

INSERT INTO `comment__field_body` (`bundle`, `deleted`, `entity_id`, `revision_id`, `langcode`, `delta`, `field_body_value`) VALUES
('comment', 0, 1, 1, 'en', 0, 'Cras sit amet nibh libero, in gravida nulla. Nulla vel metus scelerisque ante sollicitudin commodo. Cras purus odio, vestibulum in vulputate at, tempus viverra turpis.'),
('comment', 0, 2, 2, 'en', 0, 'Cras sit amet nibh libero, in gravida nulla. Nulla vel metus scelerisque ante sollicitudin commodo. Cras purus odio, vestibulum in vulputate at, tempus viverra turpis.'),
('comment', 0, 3, 3, 'en', 0, 'Cras sit amet nibh libero, in gravida nulla. Nulla vel metus scelerisque ante sollicitudin commodo. Cras purus odio, vestibulum in vulputate at, tempus viverra turpis.'),
('comment', 0, 4, 4, 'en', 0, 'Cras sit amet nibh libero, in gravida nulla. Nulla vel metus scelerisque ante sollicitudin commodo. Cras purus odio, vestibulum in vulputate at, tempus viverra turpis.'),
('comment', 0, 5, 5, 'en', 0, 'Great theme');

-- --------------------------------------------------------

--
-- Структура таблицы `comment__field_website`
--

CREATE TABLE `comment__field_website` (
  `bundle` varchar(128) CHARACTER SET ascii NOT NULL DEFAULT '' COMMENT 'The field instance bundle to which this row belongs, used when deleting a field instance',
  `deleted` tinyint(4) NOT NULL DEFAULT '0' COMMENT 'A boolean indicating whether this data item has been deleted',
  `entity_id` int(10) UNSIGNED NOT NULL COMMENT 'The entity id this data is attached to',
  `revision_id` int(10) UNSIGNED NOT NULL COMMENT 'The entity revision id this data is attached to, which for an unversioned entity type is the same as the entity id',
  `langcode` varchar(32) CHARACTER SET ascii NOT NULL DEFAULT '' COMMENT 'The language code for this data item.',
  `delta` int(10) UNSIGNED NOT NULL COMMENT 'The sequence number for this data item, used for multi-value fields',
  `field_website_value` varchar(255) NOT NULL
) ENGINE=InnoDB DEFAULT CHARSET=utf8mb4 COMMENT='Data storage for comment field field_website.';

--
-- Дамп данных таблицы `comment__field_website`
--

INSERT INTO `comment__field_website` (`bundle`, `deleted`, `entity_id`, `revision_id`, `langcode`, `delta`, `field_website_value`) VALUES
('comment', 0, 5, 5, 'en', 0, 'asdf.com');

-- --------------------------------------------------------

--
-- Структура таблицы `commerce_log`
--

CREATE TABLE `commerce_log` (
  `log_id` int(10) UNSIGNED NOT NULL,
  `uuid` varchar(128) CHARACTER SET ascii NOT NULL,
  `uid` int(10) UNSIGNED DEFAULT NULL COMMENT 'The ID of the target entity.',
  `template_id` varchar(255) DEFAULT NULL,
  `category_id` varchar(255) DEFAULT NULL,
  `source_entity_id` int(11) DEFAULT NULL,
  `source_entity_type` varchar(255) DEFAULT NULL,
  `params` longblob,
  `created` int(11) DEFAULT NULL
) ENGINE=InnoDB DEFAULT CHARSET=utf8mb4 COMMENT='The base table for commerce_log entities.';

--
-- Дамп данных таблицы `commerce_log`
--

INSERT INTO `commerce_log` (`log_id`, `uuid`, `uid`, `template_id`, `category_id`, `source_entity_id`, `source_entity_type`, `params`, `created`) VALUES
(1, '5a867bc4-a919-4a12-900a-3b791e2bafd2', 1, 'cart_entity_added', 'commerce_cart', 1, 'commerce_order', 0x613a313a7b733a32323a227075726368617365645f656e746974795f6c6162656c223b733a31343a224170706c65206950686f6e65362b223b7d, 1493998809),
(2, '4c769337-ac00-4e3c-86a1-4427f4959ddc', 0, 'cart_entity_added', 'commerce_cart', 2, 'commerce_order', 0x613a313a7b733a32323a227075726368617365645f656e746974795f6c6162656c223b733a31343a2253616d73756e67204e6f74652034223b7d, 1494003367),
(3, 'f48f37a2-2d0e-42de-8085-e13ee3ab8521', 0, 'cart_entity_added', 'commerce_cart', 2, 'commerce_order', 0x613a313a7b733a32323a227075726368617365645f656e746974795f6c6162656c223b733a393a22576174636865732031223b7d, 1494003375),
(4, '19bdc5b2-e1d6-40ac-b4d4-1d237a85bebc', 1, 'cart_entity_added', 'commerce_cart', 1, 'commerce_order', 0x613a313a7b733a32323a227075726368617365645f656e746974795f6c6162656c223b733a31343a224d4f544f20333630205741544348223b7d, 1494110254),
(5, 'ad5b6714-0bcf-4454-a891-577dbbaecc9b', 1, 'cart_entity_added', 'commerce_cart', 1, 'commerce_order', 0x613a313a7b733a32323a227075726368617365645f656e746974795f6c6162656c223b733a363a22496d61632031223b7d, 1494110264),
(6, '3db09e77-2ffc-4e8a-b4ca-68161f48e69d', 0, 'cart_entity_added', 'commerce_cart', 3, 'commerce_order', 0x613a313a7b733a32323a227075726368617365645f656e746974795f6c6162656c223b733a31383a225761726d2057696e746572204a61636b6574223b7d, 1494435365),
(7, 'e9a2a438-716d-46fd-9610-5b2887f9ad2e', 1, 'cart_entity_added', 'commerce_cart', 1, 'commerce_order', 0x613a313a7b733a32323a227075726368617365645f656e746974795f6c6162656c223b733a363a22496d61632031223b7d, 1494439645),
(8, '141da4e3-2a95-4fa6-92f1-780fd2e18c69', 1, 'cart_item_removed', 'commerce_cart', 1, 'commerce_order', 0x613a313a7b733a32323a227075726368617365645f656e746974795f6c6162656c223b733a31343a224d4f544f20333630205741544348223b7d, 1494442451),
(9, '9d6bec6b-2e51-454f-bc35-d7ad6b3aac60', 1, 'cart_item_removed', 'commerce_cart', 1, 'commerce_order', 0x613a313a7b733a32323a227075726368617365645f656e746974795f6c6162656c223b733a31343a224170706c65206950686f6e65362b223b7d, 1494443415),
(10, '2e994fed-e402-4854-a6e3-0b57c1d42d4b', 1, 'cart_entity_added', 'commerce_cart', 1, 'commerce_order', 0x613a313a7b733a32323a227075726368617365645f656e746974795f6c6162656c223b733a31343a224170706c65206950686f6e65362b223b7d, 1494453270),
(11, 'e3f0a938-b6f3-4882-a0dd-733d3355e997', 1, 'cart_entity_added', 'commerce_cart', 1, 'commerce_order', 0x613a313a7b733a32323a227075726368617365645f656e746974795f6c6162656c223b733a31343a2253616d73756e67204e6f74652034223b7d, 1494453281),
(12, '32d197ea-8d12-4618-b271-5e6d22d512e3', 1, 'cart_item_removed', 'commerce_cart', 1, 'commerce_order', 0x613a313a7b733a32323a227075726368617365645f656e746974795f6c6162656c223b733a31343a224170706c65206950686f6e65362b223b7d, 1494524730),
(13, '7daafc4f-3fce-4dba-9193-d2b951e57d0a', 1, 'cart_item_removed', 'commerce_cart', 1, 'commerce_order', 0x613a313a7b733a32323a227075726368617365645f656e746974795f6c6162656c223b733a363a22496d61632031223b7d, 1494532046),
(14, 'b838d827-8963-429b-aec0-d6cfc55f5ad9', 1, 'cart_entity_added', 'commerce_cart', 1, 'commerce_order', 0x613a313a7b733a32323a227075726368617365645f656e746974795f6c6162656c223b733a31343a2253616d73756e67204e6f74652034223b7d, 1494532083),
(15, '9b27f961-6e8f-4791-8ff3-6ca069fac7a7', 1, 'cart_entity_added', 'commerce_cart', 1, 'commerce_order', 0x613a313a7b733a32323a227075726368617365645f656e746974795f6c6162656c223b733a31383a225761726d2057696e746572204a61636b6574223b7d, 1494532117),
(16, '0cf192d4-a98b-4a12-91e8-448127fe5a1f', 1, 'cart_entity_added', 'commerce_cart', 1, 'commerce_order', 0x613a313a7b733a32323a227075726368617365645f656e746974795f6c6162656c223b733a31333a224163636573736f726965732031223b7d, 1494597532),
(17, '1304b93b-9055-4d9d-9433-b303ac768a60', 1, 'cart_item_removed', 'commerce_cart', 1, 'commerce_order', 0x613a313a7b733a32323a227075726368617365645f656e746974795f6c6162656c223b733a31333a224163636573736f726965732031223b7d, 1494597713),
(18, '2b45db6f-c2d3-4eaa-8485-a610757262e1', 1, 'cart_entity_added', 'commerce_cart', 1, 'commerce_order', 0x613a313a7b733a32323a227075726368617365645f656e746974795f6c6162656c223b733a31333a224163636573736f726965732031223b7d, 1494597746),
(19, '6a638dc4-24e0-4f08-9c0f-ce61a4baa412', 1, 'cart_item_removed', 'commerce_cart', 1, 'commerce_order', 0x613a313a7b733a32323a227075726368617365645f656e746974795f6c6162656c223b733a32373a225761726d2057696e746572204a61636b6574202d20532c20526564223b7d, 1499169692),
(20, '049791f1-9ac0-4454-ac3f-a80cf185f699', 1, 'cart_entity_added', 'commerce_cart', 1, 'commerce_order', 0x613a313a7b733a32323a227075726368617365645f656e746974795f6c6162656c223b733a32353a2253616d73756e67204e6f74652034202d204d2c20426c61636b223b7d, 1499174014),
(21, '508bed46-ceb2-4194-8218-ef23a830905e', 1, 'cart_item_removed', 'commerce_cart', 1, 'commerce_order', 0x613a313a7b733a32323a227075726368617365645f656e746974795f6c6162656c223b733a32353a2253616d73756e67204e6f74652034202d204d2c20426c61636b223b7d, 1499174068),
(22, 'd59f956e-3d38-4948-b508-1bbe6900c79b', 0, 'cart_entity_added', 'commerce_cart', 4, 'commerce_order', 0x613a313a7b733a32323a227075726368617365645f656e746974795f6c6162656c223b733a32353a224170706c65206950686f6e652036202d204d2c205768697465223b7d, 1499696578),
(23, '90db9b53-b875-432f-9063-f12e8b3ce956', 0, 'cart_entity_added', 'commerce_cart', 5, 'commerce_order', 0x613a313a7b733a32323a227075726368617365645f656e746974795f6c6162656c223b733a32343a224170706c65206950686f6e65362b202d204d2c20426c7565223b7d, 1499847428),
(24, '082a505a-ba3a-4ff3-bf3f-d967c3f31a1a', 0, 'cart_entity_added', 'commerce_cart', 5, 'commerce_order', 0x613a313a7b733a32323a227075726368617365645f656e746974795f6c6162656c223b733a32343a224170706c65206950686f6e65362b202d204d2c20426c7565223b7d, 1499847433),
(25, 'a720e674-dce0-40a1-b692-ed3d50bf69d3', 0, 'cart_item_removed', 'commerce_cart', 5, 'commerce_order', 0x613a313a7b733a32323a227075726368617365645f656e746974795f6c6162656c223b733a32343a224170706c65206950686f6e65362b202d204d2c20426c7565223b7d, 1499847471),
(26, '1a2056f3-857d-4335-86a4-d6757089fc11', 0, 'cart_entity_added', 'commerce_cart', 5, 'commerce_order', 0x613a313a7b733a32323a227075726368617365645f656e746974795f6c6162656c223b733a32323a224163636573736f726965732033202d204c2c20526564223b7d, 1499932442),
(27, '80896259-75f9-4083-b0e2-b404a49fe243', 0, 'cart_entity_added', 'commerce_cart', 5, 'commerce_order', 0x613a313a7b733a32323a227075726368617365645f656e746974795f6c6162656c223b733a32373a225761726d2057696e746572204a61636b6574202d20532c20526564223b7d, 1499933561),
(28, '3e4f1948-8d17-4d58-8a72-e0482c5bc9a7', 0, 'cart_item_removed', 'commerce_cart', 5, 'commerce_order', 0x613a313a7b733a32323a227075726368617365645f656e746974795f6c6162656c223b733a32373a225761726d2057696e746572204a61636b6574202d20532c20526564223b7d, 1500306296),
(29, '1a5f53e7-2db2-41b6-adf6-1ba3a600785d', 0, 'cart_entity_added', 'commerce_cart', 6, 'commerce_order', 0x613a313a7b733a32323a227075726368617365645f656e746974795f6c6162656c223b733a32353a224170706c65206950686f6e652036202d204d2c205768697465223b7d, 1500648339),
(30, 'c76cc627-8ab3-4520-b96d-280d2d06d9e8', 0, 'cart_entity_added', 'commerce_cart', 6, 'commerce_order', 0x613a313a7b733a32323a227075726368617365645f656e746974795f6c6162656c223b733a32303a22576174636865732033202d204c2c20426c61636b223b7d, 1500648499),
(31, '7ec86895-e038-4784-bc55-af997a46cd20', 0, 'cart_item_removed', 'commerce_cart', 6, 'commerce_order', 0x613a313a7b733a32323a227075726368617365645f656e746974795f6c6162656c223b733a32303a22576174636865732033202d204c2c20426c61636b223b7d, 1500648529),
(32, '4329a15c-62b1-40bf-9881-0e9d28b7f115', 0, 'cart_item_removed', 'commerce_cart', 6, 'commerce_order', 0x613a313a7b733a32323a227075726368617365645f656e746974795f6c6162656c223b733a32353a224170706c65206950686f6e652036202d204d2c205768697465223b7d, 1500648534),
(33, '385f7df3-46f5-4219-8fb7-54d1051e8e44', 0, 'cart_entity_added', 'commerce_cart', 6, 'commerce_order', 0x613a313a7b733a32323a227075726368617365645f656e746974795f6c6162656c223b733a32363a224170706c65204970686f6e65203673202d204d2c205768697465223b7d, 1500648547),
(34, '488fa8f4-43ed-445f-9895-0202e309df16', 0, 'cart_entity_added', 'commerce_cart', 6, 'commerce_order', 0x613a313a7b733a32323a227075726368617365645f656e746974795f6c6162656c223b733a32343a224170706c65206950686f6e65362b202d204d2c20426c7565223b7d, 1500648552),
(35, '4430986e-3f1b-4887-a337-eae39444d0a7', 0, 'cart_entity_added', 'commerce_cart', 6, 'commerce_order', 0x613a313a7b733a32323a227075726368617365645f656e746974795f6c6162656c223b733a32353a224d4f544f20333630205741544348202d204c2c20426c61636b223b7d, 1500648556),
(36, '75efbf9d-da3e-4221-a3a9-68796b3ceb3b', 0, 'cart_item_removed', 'commerce_cart', 6, 'commerce_order', 0x613a313a7b733a32323a227075726368617365645f656e746974795f6c6162656c223b733a32353a224d4f544f20333630205741544348202d204c2c20426c61636b223b7d, 1500648567),
(37, '865478e2-9f09-41c2-be10-b7f9c89701f3', 0, 'cart_item_removed', 'commerce_cart', 6, 'commerce_order', 0x613a313a7b733a32323a227075726368617365645f656e746974795f6c6162656c223b733a32343a224170706c65206950686f6e65362b202d204d2c20426c7565223b7d, 1500648568),
(38, '35d34585-e25e-4576-a9dc-1250681d1325', 0, 'cart_item_removed', 'commerce_cart', 6, 'commerce_order', 0x613a313a7b733a32323a227075726368617365645f656e746974795f6c6162656c223b733a32363a224170706c65204970686f6e65203673202d204d2c205768697465223b7d, 1500648570),
(39, '66c67c34-9ef1-4c81-8258-721616c61100', 0, 'cart_entity_added', 'commerce_cart', 7, 'commerce_order', 0x613a313a7b733a32323a227075726368617365645f656e746974795f6c6162656c223b733a32303a22576174636865732033202d204c2c20426c61636b223b7d, 1501678781),
(40, '2e505817-ee0e-4565-bc57-d5c2a1c1bfcf', 0, 'cart_entity_added', 'commerce_cart', 7, 'commerce_order', 0x613a313a7b733a32323a227075726368617365645f656e746974795f6c6162656c223b733a32353a224170706c65206950686f6e652036202d204d2c205768697465223b7d, 1501678864),
(41, 'b5a5bfa0-61e7-4630-a6d7-d44b0fcba1b2', 0, 'cart_entity_added', 'commerce_cart', 8, 'commerce_order', 0x613a313a7b733a32323a227075726368617365645f656e746974795f6c6162656c223b733a32353a224170706c65206950686f6e652036202d204d2c205768697465223b7d, 1501736772),
(42, 'c1c17077-93c1-43f4-be82-c6e198b6fe33', 0, 'cart_entity_added', 'commerce_cart', 8, 'commerce_order', 0x613a313a7b733a32323a227075726368617365645f656e746974795f6c6162656c223b733a32353a224d4f544f20333630205741544348202d204c2c20426c61636b223b7d, 1501736777),
(43, '23a619c2-e8f4-4745-9740-9ff1613bb444', 0, 'cart_entity_added', 'commerce_cart', 8, 'commerce_order', 0x613a313a7b733a32323a227075726368617365645f656e746974795f6c6162656c223b733a32353a224d4f544f203336302057415443484553202d204c2c20526564223b7d, 1501736782),
(44, '5e3e3aa0-c366-48b9-8971-92eb077ed977', 0, 'cart_item_removed', 'commerce_cart', 8, 'commerce_order', 0x613a313a7b733a32323a227075726368617365645f656e746974795f6c6162656c223b733a32353a224170706c65206950686f6e652036202d204d2c205768697465223b7d, 1501736802),
(45, 'eb91b569-d261-49e4-906c-56e2e87ed1a9', 0, 'cart_item_removed', 'commerce_cart', 8, 'commerce_order', 0x613a313a7b733a32323a227075726368617365645f656e746974795f6c6162656c223b733a32353a224d4f544f20333630205741544348202d204c2c20426c61636b223b7d, 1501736818),
(46, '415d28cd-4bfa-47b5-a423-b026320a38b7', 0, 'cart_item_removed', 'commerce_cart', 8, 'commerce_order', 0x613a313a7b733a32323a227075726368617365645f656e746974795f6c6162656c223b733a32353a224d4f544f203336302057415443484553202d204c2c20526564223b7d, 1501736822),
(47, '3e86141c-e9f7-4279-b318-2e6ceea5a362', 1, 'cart_entity_added', 'commerce_cart', 1, 'commerce_order', 0x613a313a7b733a32323a227075726368617365645f656e746974795f6c6162656c223b733a32333a224163636573736f726965732031202d20532c20426c7565223b7d, 1503936454),
(48, '6d795e49-25ce-4790-a518-f14c568b2e8f', 0, 'cart_entity_added', 'commerce_cart', 9, 'commerce_order', 0x613a313a7b733a32323a227075726368617365645f656e746974795f6c6162656c223b733a32353a224170706c65206950686f6e652036202d204d2c205768697465223b7d, 1505720894),
(49, '1ea45433-27a6-42b9-b3e1-5fdb63d8c86e', 1, 'order_assigned', 'commerce_order', 9, 'commerce_order', 0x613a313a7b733a343a2275736572223b733a353a2241646d696e223b7d, 1505721053),
(50, '65c0a9f3-7ddc-46e5-bf6c-97a75674ec2d', 0, 'cart_entity_added', 'commerce_cart', 10, 'commerce_order', 0x613a313a7b733a32323a227075726368617365645f656e746974795f6c6162656c223b733a32303a22576174636865732031202d204d2c205768697465223b7d, 1505721621),
(51, 'aec5e3f4-b999-46fa-9252-e6fe81b3ce30', 1, 'order_assigned', 'commerce_order', 10, 'commerce_order', 0x613a313a7b733a343a2275736572223b733a353a2241646d696e223b7d, 1505807394),
(52, 'b9944a8e-a399-48c6-8251-1ead28a92f69', 0, 'cart_entity_added', 'commerce_cart', 11, 'commerce_order', 0x613a313a7b733a32323a227075726368617365645f656e746974795f6c6162656c223b733a32373a225761726d2057696e746572204a61636b6574202d20532c20526564223b7d, 1506677768),
(53, '344b7599-0ede-4f5b-bc56-999ca29f3d64', 0, 'cart_entity_added', 'commerce_cart', 11, 'commerce_order', 0x613a313a7b733a32323a227075726368617365645f656e746974795f6c6162656c223b733a32343a224170706c65206950686f6e65362b202d204d2c20426c7565223b7d, 1506677781),
(54, 'd6ab9c88-7b5a-448c-857c-c2c92ff367e1', 0, 'cart_item_removed', 'commerce_cart', 11, 'commerce_order', 0x613a313a7b733a32323a227075726368617365645f656e746974795f6c6162656c223b733a32373a225761726d2057696e746572204a61636b6574202d20532c20526564223b7d, 1506929848),
(55, '351b2f84-51b6-4636-89d0-a23391a632c9', 0, 'cart_item_removed', 'commerce_cart', 11, 'commerce_order', 0x613a313a7b733a32323a227075726368617365645f656e746974795f6c6162656c223b733a32343a224170706c65206950686f6e65362b202d204d2c20426c7565223b7d, 1506929857),
(56, 'df690579-6e28-4a6a-931a-048b19903dab', 1, 'cart_item_removed', 'commerce_cart', 10, 'commerce_order', 0x613a313a7b733a32323a227075726368617365645f656e746974795f6c6162656c223b733a32303a22576174636865732031202d204d2c205768697465223b7d, 1508491677),
(57, 'f9df46d3-d81d-4555-9cbb-8d7900bccef3', 1, 'cart_item_removed', 'commerce_cart', 9, 'commerce_order', 0x613a313a7b733a32323a227075726368617365645f656e746974795f6c6162656c223b733a32353a224170706c65206950686f6e652036202d204d2c205768697465223b7d, 1508491683),
(58, '26bab645-2342-4043-b286-020941ac453d', 0, 'cart_entity_added', 'commerce_cart', 12, 'commerce_order', 0x613a313a7b733a32323a227075726368617365645f656e746974795f6c6162656c223b733a32343a224170706c65206950686f6e65362b202d204d2c20426c7565223b7d, 1508492504),
(59, '32c49cce-edff-4bb4-826e-b37a1f62ddd9', 0, 'cart_entity_added', 'commerce_cart', 13, 'commerce_order', 0x613a313a7b733a32323a227075726368617365645f656e746974795f6c6162656c223b733a32373a225761726d2057696e746572204a61636b6574202d20532c20526564223b7d, 1571907827),
(60, '7d58cb81-fbfa-4465-a68f-92515036ce2f', 0, 'cart_entity_added', 'commerce_cart', 14, 'commerce_order', 0x613a313a7b733a32323a227075726368617365645f656e746974795f6c6162656c223b733a32343a224170706c65206950686f6e65362b202d204d2c20426c7565223b7d, 1574027697),
(61, '38b06ffe-12a0-4d19-9c65-3f0d86688092', 0, 'cart_item_removed', 'commerce_cart', 14, 'commerce_order', 0x613a313a7b733a32323a227075726368617365645f656e746974795f6c6162656c223b733a32343a224170706c65206950686f6e65362b202d204d2c20426c7565223b7d, 1574027760),
(62, 'e5925c7f-6497-4629-9e29-5446ac8e78ff', 0, 'cart_entity_added', 'commerce_cart', 15, 'commerce_order', 0x613a313a7b733a32323a227075726368617365645f656e746974795f6c6162656c223b733a32343a224170706c65206950686f6e65362b202d204d2c20426c7565223b7d, 1574080121),
(63, 'b47d4432-6f3d-49cc-8ad4-6af6a910e4c0', 0, 'cart_entity_added', 'commerce_cart', 16, 'commerce_order', 0x613a313a7b733a32323a227075726368617365645f656e746974795f6c6162656c223b733a32373a225761726d2057696e746572204a61636b6574202d20532c20526564223b7d, 1574290364),
(64, '35d59117-ba21-49b2-aef9-86b4e89bcedd', 0, 'cart_entity_added', 'commerce_cart', 17, 'commerce_order', 0x613a313a7b733a32323a227075726368617365645f656e746974795f6c6162656c223b733a32363a224170706c65204970686f6e65203673202d204d2c205768697465223b7d, 1575486056),
(65, '2563461d-d591-4c27-a354-b5e684205a25', 0, 'cart_entity_added', 'commerce_cart', 18, 'commerce_order', 0x613a313a7b733a32323a227075726368617365645f656e746974795f6c6162656c223b733a32353a224170706c65206950686f6e652036202d204d2c205768697465223b7d, 1576332867),
(66, '3232b273-e7e5-4d93-a457-f60a024cdb04', 0, 'cart_entity_added', 'commerce_cart', 18, 'commerce_order', 0x613a313a7b733a32323a227075726368617365645f656e746974795f6c6162656c223b733a31373a22486f7573652031202d20584c2c20526564223b7d, 1576402283),
(67, 'fcb99355-34c1-4c37-a8e7-1d05babaa41b', 0, 'cart_entity_added', 'commerce_cart', 19, 'commerce_order', 0x613a313a7b733a32323a227075726368617365645f656e746974795f6c6162656c223b733a32373a225761726d2057696e746572204a61636b6574202d20532c20526564223b7d, 1577083290),
(68, 'e495614a-59fe-4d3b-b0c6-e4c81f17ac3f', 0, 'cart_entity_added', 'commerce_cart', 20, 'commerce_order', 0x613a313a7b733a32323a227075726368617365645f656e746974795f6c6162656c223b733a32343a224163636573736f726965732034202d20532c205768697465223b7d, 1579109716),
(69, 'd54d343c-c552-4c93-8785-2bd49e69da15', 0, 'cart_entity_added', 'commerce_cart', 21, 'commerce_order', 0x613a313a7b733a32323a227075726368617365645f656e746974795f6c6162656c223b733a32363a224170706c65204970686f6e65203673202d204d2c205768697465223b7d, 1579867118),
(70, 'cceb6753-95ff-4009-8791-3ea00585ca1f', 0, 'order_placed', 'commerce_order', 21, 'commerce_order', 0x613a303a7b7d, 1579980595),
(71, 'eca9defd-0560-41b2-8658-a86213ada668', 87, 'order_assigned', 'commerce_order', 21, 'commerce_order', 0x613a313a7b733a343a2275736572223b733a31333a2272616a6573686a686137383638223b7d, 1579980624),
(72, '0731a284-7fd4-4434-9298-56e012f2fb70', 0, 'cart_entity_added', 'commerce_cart', 22, 'commerce_order', 0x613a313a7b733a32323a227075726368617365645f656e746974795f6c6162656c223b733a32343a224170706c65206950686f6e65362b202d204d2c20426c7565223b7d, 1581688971),
(73, 'd2ee3bf5-0ccb-4a06-9e70-a7d5c83a518f', 0, 'cart_entity_added', 'commerce_cart', 23, 'commerce_order', 0x613a313a7b733a32323a227075726368617365645f656e746974795f6c6162656c223b733a32373a225761726d2057696e746572204a61636b6574202d20532c20526564223b7d, 1582025940),
(74, '551e099c-ad8b-4bec-84a5-3825a380ab18', 0, 'cart_entity_added', 'commerce_cart', 24, 'commerce_order', 0x613a313a7b733a32323a227075726368617365645f656e746974795f6c6162656c223b733a32343a224170706c65206950686f6e65362b202d204d2c20426c7565223b7d, 1583144417),
(75, 'bce5688f-e300-46d0-93e6-31753bb6952a', 0, 'cart_entity_added', 'commerce_cart', 25, 'commerce_order', 0x613a313a7b733a32323a227075726368617365645f656e746974795f6c6162656c223b733a32303a22576174636865732031202d204d2c205768697465223b7d, 1583352453),
(76, '9aaf0006-f4c7-499b-844e-74256aa02d8e', 0, 'cart_item_removed', 'commerce_cart', 25, 'commerce_order', 0x613a313a7b733a32323a227075726368617365645f656e746974795f6c6162656c223b733a32303a22576174636865732031202d204d2c205768697465223b7d, 1583352484);

-- --------------------------------------------------------

--
-- Структура таблицы `commerce_number_pattern_sequence`
--

CREATE TABLE `commerce_number_pattern_sequence` (
  `entity_id` varchar(128) CHARACTER SET ascii NOT NULL DEFAULT '' COMMENT 'The number pattern entity id.',
  `store_id` int(10) UNSIGNED NOT NULL COMMENT 'The store ID.',
  `number` int(10) UNSIGNED NOT NULL COMMENT 'The sequential number.',
  `generated` int(10) UNSIGNED NOT NULL DEFAULT '0' COMMENT 'The Unix timestamp when the number was generated.'
) ENGINE=InnoDB DEFAULT CHARSET=utf8mb4 COMMENT='Stores sequential numbers for number patterns.';

-- --------------------------------------------------------

--
-- Структура таблицы `commerce_order`
--

CREATE TABLE `commerce_order` (
  `order_id` int(10) UNSIGNED NOT NULL,
  `type` varchar(32) CHARACTER SET ascii NOT NULL COMMENT 'The ID of the target entity.',
  `uuid` varchar(128) CHARACTER SET ascii NOT NULL,
  `order_number` varchar(255) DEFAULT NULL,
  `store_id` int(10) UNSIGNED DEFAULT NULL COMMENT 'The ID of the target entity.',
  `uid` int(10) UNSIGNED DEFAULT NULL COMMENT 'The ID of the target entity.',
  `mail` varchar(254) DEFAULT NULL,
  `ip_address` varchar(128) DEFAULT NULL,
  `billing_profile__target_id` int(10) UNSIGNED DEFAULT NULL COMMENT 'The ID of the target entity.',
  `billing_profile__target_revision_id` int(10) UNSIGNED DEFAULT NULL COMMENT 'The revision ID of the target entity.',
  `total_price__number` decimal(19,6) DEFAULT NULL COMMENT 'The number.',
  `total_price__currency_code` varchar(3) DEFAULT NULL COMMENT 'The currency code.',
  `state` varchar(255) CHARACTER SET ascii DEFAULT NULL,
  `data` longblob,
  `created` int(11) DEFAULT NULL,
  `changed` int(11) DEFAULT NULL,
  `placed` int(11) DEFAULT NULL,
  `completed` int(11) DEFAULT NULL,
  `cart` tinyint(4) DEFAULT NULL,
  `checkout_flow` varchar(255) CHARACTER SET ascii DEFAULT NULL COMMENT 'The ID of the target entity.',
  `checkout_step` varchar(255) DEFAULT NULL,
  `payment_gateway` varchar(255) CHARACTER SET ascii DEFAULT NULL COMMENT 'The ID of the target entity.',
  `locked` tinyint(4) DEFAULT NULL,
  `payment_method` int(10) UNSIGNED DEFAULT NULL COMMENT 'The ID of the target entity.',
  `total_paid__number` decimal(19,6) DEFAULT NULL COMMENT 'The number.',
  `total_paid__currency_code` varchar(3) DEFAULT NULL COMMENT 'The currency code.'
) ENGINE=InnoDB DEFAULT CHARSET=utf8mb4 COMMENT='The base table for commerce_order entities.';

--
-- Дамп данных таблицы `commerce_order`
--

INSERT INTO `commerce_order` (`order_id`, `type`, `uuid`, `order_number`, `store_id`, `uid`, `mail`, `ip_address`, `billing_profile__target_id`, `billing_profile__target_revision_id`, `total_price__number`, `total_price__currency_code`, `state`, `data`, `created`, `changed`, `placed`, `completed`, `cart`, `checkout_flow`, `checkout_step`, `payment_gateway`, `locked`, `payment_method`, `total_paid__number`, `total_paid__currency_code`) VALUES
(1, 'default', '0ac33319-efe1-4c41-b6cc-83e5782149dc', NULL, 1, 1, 'dron84.84@gmail.com', '127.0.0.1', 1, 1, '2636.650000', 'USD', 'draft', 0x613a313a7b733a32313a22706169645f6576656e745f64697370617463686564223b623a303b7d, 1493998809, 1586388262, NULL, NULL, 1, 'default', NULL, 'payment_gateway_example', NULL, NULL, NULL, NULL),
(2, 'default', 'd1ea75ee-9217-49bd-ad79-0e4f045a6f3d', NULL, 1, 0, NULL, '127.0.0.1', NULL, NULL, '1092.000000', 'USD', 'draft', 0x613a303a7b7d, 1494003367, 1494020100, NULL, NULL, 1, NULL, NULL, NULL, NULL, NULL, NULL, NULL),
(3, 'default', '60ac26a2-c2f1-4774-8abe-927359b94e7f', NULL, 1, 0, NULL, '127.0.0.1', NULL, NULL, '99.000000', 'USD', 'draft', 0x613a303a7b7d, 1494435365, 1494435368, NULL, NULL, 1, NULL, NULL, NULL, NULL, NULL, NULL, NULL),
(4, 'default', '92aff2e1-6b23-47dd-a13e-86f7fdc7e284', NULL, 1, 0, NULL, '81.45.174.92', NULL, NULL, '568.000000', 'USD', 'draft', 0x613a303a7b7d, 1499696578, 1499696579, NULL, NULL, 1, NULL, NULL, NULL, NULL, NULL, NULL, NULL),
(5, 'default', '1dee4b58-637a-4fd7-983e-8b7664a6cb37', NULL, 1, 0, NULL, '188.153.166.54', NULL, NULL, '699.000000', 'USD', 'draft', 0x613a303a7b7d, 1499847428, 1500453044, NULL, NULL, 1, NULL, NULL, NULL, NULL, NULL, NULL, NULL),
(6, 'default', '5c3ce5ee-bad9-47b1-8cc6-f3482840d807', NULL, 1, 0, NULL, '79.8.238.182', NULL, NULL, NULL, NULL, 'draft', 0x613a303a7b7d, 1500648339, 1500648570, NULL, NULL, 1, 'default', NULL, NULL, NULL, NULL, NULL, NULL),
(7, 'default', '9c9b884e-c4e7-481c-8663-b1e4194f248c', NULL, 1, 0, NULL, '91.221.66.146', NULL, NULL, '1198.000000', 'USD', 'draft', 0x613a303a7b7d, 1501678781, 1501683487, NULL, NULL, 1, NULL, NULL, NULL, NULL, NULL, NULL, NULL),
(8, 'default', '7de0a709-2a8c-432a-8f9e-de4f10fce92b', NULL, 1, 0, NULL, '103.55.146.132', NULL, NULL, NULL, NULL, 'draft', 0x613a303a7b7d, 1501736772, 1501736822, NULL, NULL, 1, NULL, NULL, NULL, NULL, NULL, NULL, NULL),
(9, 'default', '4f806add-edf4-4022-8007-caa0ee432be8', NULL, 1, 1, 'support2@nikadevs.com', '127.0.0.1', NULL, NULL, NULL, NULL, 'draft', 0x613a313a7b733a32313a22706169645f6576656e745f64697370617463686564223b623a303b7d, 1505720894, 1586388263, NULL, NULL, 1, NULL, NULL, NULL, NULL, NULL, NULL, NULL),
(10, 'default', 'cd5a7b66-a268-4c36-869e-ca23bcb76279', NULL, 1, 1, 'support2@nikadevs.com', '127.0.0.1', NULL, NULL, NULL, NULL, 'draft', 0x613a313a7b733a32313a22706169645f6576656e745f64697370617463686564223b623a303b7d, 1505721621, 1586388263, NULL, NULL, 1, 'default', NULL, NULL, NULL, NULL, NULL, NULL),
(11, 'default', '198a8e6a-fea4-4541-8551-853e8c30cd4e', NULL, 1, 0, NULL, '127.0.0.1', NULL, NULL, NULL, NULL, 'draft', 0x613a303a7b7d, 1506677768, 1506929859, NULL, NULL, 1, NULL, NULL, NULL, NULL, NULL, NULL, NULL),
(12, 'default', '320fe9ff-3496-4b63-b6a0-603b980fca47', NULL, 1, 0, NULL, '127.0.0.1', NULL, NULL, '860.000000', 'USD', 'draft', 0x613a303a7b7d, 1508492504, 1508492505, NULL, NULL, 1, NULL, NULL, NULL, NULL, NULL, NULL, NULL),
(13, 'default', '5878c626-83f8-4597-bc68-ba7f8a170352', NULL, 1, 0, NULL, '5.117.238.255', NULL, NULL, '79.000000', 'USD', 'draft', 0x613a313a7b733a32313a22706169645f6576656e745f64697370617463686564223b623a303b7d, 1571907827, 1571907827, NULL, NULL, 1, NULL, NULL, NULL, 0, NULL, NULL, NULL),
(14, 'default', '2772da6e-da5a-4f12-8462-dc07f0279f70', NULL, 1, 0, NULL, '83.222.58.59', NULL, NULL, NULL, NULL, 'draft', 0x613a313a7b733a32313a22706169645f6576656e745f64697370617463686564223b623a303b7d, 1574027697, 1574027761, NULL, NULL, 1, 'default', NULL, NULL, 0, NULL, NULL, NULL),
(15, 'default', 'e1c947e3-fdd8-4795-8128-d435bf39da00', NULL, 1, 0, 'ylentzos@gmail.com', '82.46.113.125', 2, 2, '860.000000', 'USD', 'draft', 0x613a313a7b733a32313a22706169645f6576656e745f64697370617463686564223b623a303b7d, 1574080121, 1574080959, NULL, NULL, 1, 'default', 'review', 'payment_gateway_example', 0, NULL, NULL, NULL),
(16, 'default', 'd016691e-0654-4e55-91ac-80cdd41d18c2', NULL, 1, 0, NULL, '91.126.19.17', NULL, NULL, '79.000000', 'USD', 'draft', 0x613a313a7b733a32313a22706169645f6576656e745f64697370617463686564223b623a303b7d, 1574290364, 1574290364, NULL, NULL, 1, NULL, NULL, NULL, 0, NULL, NULL, NULL),
(17, 'default', '741cf4c9-cf90-4208-8f83-4314214ba1b1', NULL, 1, 0, NULL, '103.10.226.144', NULL, NULL, '2250.000000', 'USD', 'draft', 0x613a313a7b733a32313a22706169645f6576656e745f64697370617463686564223b623a303b7d, 1575486056, 1575486259, NULL, NULL, 1, 'default', 'order_information', NULL, 0, NULL, NULL, NULL),
(18, 'default', 'c03c3c91-fbfa-4596-8a48-a3d9192887f0', NULL, 1, 0, NULL, '154.117.216.98', NULL, NULL, '1053.000000', 'USD', 'draft', 0x613a313a7b733a32313a22706169645f6576656e745f64697370617463686564223b623a303b7d, 1576332867, 1576571936, NULL, NULL, 1, 'default', 'order_information', NULL, 0, NULL, NULL, NULL),
(19, 'default', 'f29fd6a8-e412-40f6-ad35-90950fdb6e8e', NULL, 1, 0, NULL, '119.28.154.168', NULL, NULL, '79.000000', 'USD', 'draft', 0x613a313a7b733a32313a22706169645f6576656e745f64697370617463686564223b623a303b7d, 1577083290, 1577083306, NULL, NULL, 1, 'default', 'order_information', NULL, 0, NULL, NULL, NULL),
(20, 'default', 'f88c1313-22dc-4d4e-9fd3-72181f113fe8', NULL, 1, 0, NULL, '82.46.113.125', NULL, NULL, '587.000000', 'USD', 'draft', 0x613a313a7b733a32313a22706169645f6576656e745f64697370617463686564223b623a303b7d, 1579109716, 1579109716, NULL, NULL, 1, NULL, NULL, NULL, 0, NULL, NULL, NULL),
(21, 'default', '89f1e055-7474-4964-a72b-cd70a2a75ca1', '21', 1, 87, 'rajeshjha7868@gmail.com', '203.194.99.22', 3, 3, '3000.000000', 'USD', 'completed', 0x613a313a7b733a32313a22706169645f6576656e745f64697370617463686564223b623a313b7d, 1579867118, 1579980624, 1579980595, 1579980595, 0, 'default', 'complete', 'payment_gateway_example', 0, NULL, '3000.000000', 'USD'),
(22, 'default', '3ec67028-5478-4389-8f33-b187f3c9b7af', NULL, 1, 0, NULL, '82.241.34.40', NULL, NULL, '860.000000', 'USD', 'draft', 0x613a313a7b733a32313a22706169645f6576656e745f64697370617463686564223b623a303b7d, 1581688971, 1581688983, NULL, NULL, 1, 'default', 'order_information', NULL, 0, NULL, NULL, NULL),
(23, 'default', '1886ca2f-7847-4b67-849c-8c0f56994e20', NULL, 1, 0, NULL, '82.241.34.40', NULL, NULL, '79.000000', 'USD', 'draft', 0x613a313a7b733a32313a22706169645f6576656e745f64697370617463686564223b623a303b7d, 1582025940, 1582025956, NULL, NULL, 1, 'default', 'order_information', NULL, 0, NULL, NULL, NULL),
(24, 'default', 'ac4ca4db-dea0-47f3-ab96-58a9fb8d3f9a', NULL, 1, 0, NULL, '178.122.126.167', NULL, NULL, '860.000000', 'USD', 'draft', 0x613a313a7b733a32313a22706169645f6576656e745f64697370617463686564223b623a303b7d, 1583144417, 1583309302, NULL, NULL, 1, 'default', 'order_information', NULL, 0, NULL, NULL, NULL),
(25, 'default', '965fc01b-ea7d-4365-a72d-90e6a9c54eda', NULL, 1, 0, NULL, '5.54.220.156', NULL, NULL, NULL, NULL, 'draft', 0x613a313a7b733a32313a22706169645f6576656e745f64697370617463686564223b623a303b7d, 1583352453, 1583571351, NULL, NULL, 1, NULL, NULL, NULL, 0, NULL, NULL, NULL);

-- --------------------------------------------------------

--
-- Структура таблицы `commerce_order_item`
--

CREATE TABLE `commerce_order_item` (
  `order_item_id` int(10) UNSIGNED NOT NULL,
  `type` varchar(32) CHARACTER SET ascii NOT NULL COMMENT 'The ID of the target entity.',
  `uuid` varchar(128) CHARACTER SET ascii NOT NULL,
  `order_id` int(10) UNSIGNED DEFAULT NULL COMMENT 'The ID of the target entity.',
  `purchased_entity` int(10) UNSIGNED DEFAULT NULL COMMENT 'The ID of the target entity.',
  `title` varchar(512) DEFAULT NULL,
  `quantity` decimal(10,2) DEFAULT NULL,
  `unit_price__number` decimal(19,6) DEFAULT NULL COMMENT 'The number.',
  `unit_price__currency_code` varchar(3) DEFAULT NULL COMMENT 'The currency code.',
  `total_price__number` decimal(19,6) DEFAULT NULL COMMENT 'The number.',
  `total_price__currency_code` varchar(3) DEFAULT NULL COMMENT 'The currency code.',
  `data` longblob,
  `created` int(11) DEFAULT NULL,
  `changed` int(11) DEFAULT NULL,
  `overridden_unit_price` tinyint(4) DEFAULT NULL,
  `uses_legacy_adjustments` tinyint(4) DEFAULT NULL
) ENGINE=InnoDB DEFAULT CHARSET=utf8mb4 COMMENT='The base table for commerce_order_item entities.';

--
-- Дамп данных таблицы `commerce_order_item`
--

INSERT INTO `commerce_order_item` (`order_item_id`, `type`, `uuid`, `order_id`, `purchased_entity`, `title`, `quantity`, `unit_price__number`, `unit_price__currency_code`, `total_price__number`, `total_price__currency_code`, `data`, `created`, `changed`, `overridden_unit_price`, `uses_legacy_adjustments`) VALUES
(2, 'default', '114ac468-0944-4adb-a501-af658ff1f404', 2, 27, 'Samsung Note 4', '1.00', '568.000000', 'USD', '568.000000', 'USD', 0x613a303a7b7d, 1494003367, 1494020100, NULL, 1),
(3, 'default', '1bafbab0-2845-4cb0-918b-fb52c90a9790', 2, 4, 'Watches 1', '1.00', '524.000000', 'USD', '524.000000', 'USD', 0x613a303a7b7d, 1494003375, 1494020100, NULL, 1),
(6, 'default', '62b7b204-e958-4725-904b-bf97d9d10750', 3, 2, 'Warm Winter Jacket', '1.00', '99.000000', 'USD', '99.000000', 'USD', 0x613a303a7b7d, 1494435365, 1494435365, NULL, 1),
(8, 'default', 'bf90a383-6092-489b-8ab4-8bb4aafa185b', 1, 27, 'Samsung Note 4 - M, Black', '1.00', '568.000000', 'USD', '568.000000', 'USD', 0x613a303a7b7d, 1494453281, 1533540663, 0, 0),
(11, 'default', '678535cd-a4e3-4c77-95c6-3195bd8daa8d', 1, 24, 'Accessories 1 - S, Blue', '3.00', '689.550000', 'USD', '2068.650000', 'USD', 0x613a303a7b7d, 1494597746, 1533540663, 0, 0),
(12, 'default', 'bfbe9339-e592-49ac-bc6d-8069b2ff5312', 4, 30, 'Apple iPhone 6 - M, White', '1.00', '568.000000', 'USD', '568.000000', 'USD', 0x613a303a7b7d, 1499696578, 1499696578, NULL, 1),
(14, 'default', '7977a544-081b-4908-b340-5a14a743d340', 5, 22, 'Accessories 3 - L, Red', '1.00', '699.000000', 'USD', '699.000000', 'USD', 0x613a303a7b7d, 1499932442, 1500453043, NULL, 1),
(21, 'default', '5eda9b76-6ecd-4bda-bc5b-e8895bb06f7d', 7, 3, 'Watches 3 - L, Black', '1.00', '630.000000', 'USD', '630.000000', 'USD', 0x613a303a7b7d, 1501678781, 1501683487, NULL, 1),
(22, 'default', '69e80d31-6ce1-4b5a-83ed-1cdacbf5d7e8', 7, 30, 'Apple iPhone 6 - M, White', '1.00', '568.000000', 'USD', '568.000000', 'USD', 0x613a303a7b7d, 1501678864, 1501683487, NULL, 1),
(25, 'default', '65c2fbc7-f239-4fd2-a4f6-26647eb82f05', 12, 31, 'Apple iPhone6+ - M, Blue', '1.00', '860.000000', 'USD', '860.000000', 'USD', 0x613a303a7b7d, 1508492504, 1508492504, NULL, 1),
(26, 'default', '54448f8c-2755-41a2-8469-63d436ea0bc2', 13, 2, 'Warm Winter Jacket - S, Red', '1.00', '79.000000', 'USD', '79.000000', 'USD', 0x613a303a7b7d, 1571907827, 1571907827, 0, 0),
(28, 'default', '5d970ce0-b793-4951-9699-88ff7be0ae9b', 15, 31, 'Apple iPhone6+ - M, Blue', '1.00', '860.000000', 'USD', '860.000000', 'USD', 0x613a303a7b7d, 1574080121, 1574080121, 0, 0),
(29, 'default', '49a75400-92e9-4715-99db-609e223c4049', 16, 2, 'Warm Winter Jacket - S, Red', '1.00', '79.000000', 'USD', '79.000000', 'USD', 0x613a303a7b7d, 1574290364, 1574290364, 0, 0),
(30, 'default', '690d539f-824e-47e7-b2e1-41914af683f8', 17, 26, 'Apple Iphone 6s - M, White', '3.00', '750.000000', 'USD', '2250.000000', 'USD', 0x613a303a7b7d, 1575486056, 1575486073, 0, 0),
(31, 'default', 'b243b44a-c656-4af3-aeda-d94891971d3e', 18, 30, 'Apple iPhone 6 - M, White', '1.00', '568.000000', 'USD', '568.000000', 'USD', 0x613a303a7b7d, 1576332867, 1576332867, 0, 0),
(32, 'default', '24fc5a47-1459-4db4-85c3-0ce0b5ade31c', 18, 6, 'House 1 - XL, Red', '1.00', '485.000000', 'USD', '485.000000', 'USD', 0x613a303a7b7d, 1576402283, 1576402283, 0, 0),
(33, 'default', 'f2e3d0e0-f3f7-4740-8ad8-7c5f93a1887d', 19, 2, 'Warm Winter Jacket - S, Red', '1.00', '79.000000', 'USD', '79.000000', 'USD', 0x613a303a7b7d, 1577083290, 1577083290, 0, 0),
(34, 'default', 'ad99fd63-a58a-4956-a07b-8f1357782749', 20, 21, 'Accessories 4 - S, White', '1.00', '587.000000', 'USD', '587.000000', 'USD', 0x613a303a7b7d, 1579109716, 1579109716, 0, 0),
(35, 'default', '95b39a1d-ad1b-4e24-a5eb-ea0e38f6f908', 21, 26, 'Apple Iphone 6s - M, White', '4.00', '750.000000', 'USD', '3000.000000', 'USD', 0x613a303a7b7d, 1579867118, 1579976483, 0, 0),
(36, 'default', '097d2f66-d8a8-48d5-af3e-5fdb1a79c133', 22, 31, 'Apple iPhone6+ - M, Blue', '1.00', '860.000000', 'USD', '860.000000', 'USD', 0x613a303a7b7d, 1581688971, 1581688971, 0, 0),
(37, 'default', '70dbefe0-f0a4-421d-89fa-1d890fe1c770', 23, 2, 'Warm Winter Jacket - S, Red', '1.00', '79.000000', 'USD', '79.000000', 'USD', 0x613a303a7b7d, 1582025940, 1582025940, 0, 0),
(38, 'default', 'bf46ae4c-4cbf-40e1-a0c6-faac8d7a7f2a', 24, 31, 'Apple iPhone6+ - M, Blue', '1.00', '860.000000', 'USD', '860.000000', 'USD', 0x613a303a7b7d, 1583144417, 1583144417, 0, 0);

-- --------------------------------------------------------

--
-- Структура таблицы `commerce_order_item__adjustments`
--

CREATE TABLE `commerce_order_item__adjustments` (
  `bundle` varchar(128) CHARACTER SET ascii NOT NULL DEFAULT '' COMMENT 'The field instance bundle to which this row belongs, used when deleting a field instance',
  `deleted` tinyint(4) NOT NULL DEFAULT '0' COMMENT 'A boolean indicating whether this data item has been deleted',
  `entity_id` int(10) UNSIGNED NOT NULL COMMENT 'The entity id this data is attached to',
  `revision_id` int(10) UNSIGNED NOT NULL COMMENT 'The entity revision id this data is attached to, which for an unversioned entity type is the same as the entity id',
  `langcode` varchar(32) CHARACTER SET ascii NOT NULL DEFAULT '' COMMENT 'The language code for this data item.',
  `delta` int(10) UNSIGNED NOT NULL COMMENT 'The sequence number for this data item, used for multi-value fields',
  `adjustments_value` blob NOT NULL COMMENT 'The adjustment value.'
) ENGINE=InnoDB DEFAULT CHARSET=utf8mb4 COMMENT='Data storage for commerce_order_item field adjustments.';

-- --------------------------------------------------------

--
-- Структура таблицы `commerce_order__adjustments`
--

CREATE TABLE `commerce_order__adjustments` (
  `bundle` varchar(128) CHARACTER SET ascii NOT NULL DEFAULT '' COMMENT 'The field instance bundle to which this row belongs, used when deleting a field instance',
  `deleted` tinyint(4) NOT NULL DEFAULT '0' COMMENT 'A boolean indicating whether this data item has been deleted',
  `entity_id` int(10) UNSIGNED NOT NULL COMMENT 'The entity id this data is attached to',
  `revision_id` int(10) UNSIGNED NOT NULL COMMENT 'The entity revision id this data is attached to, which for an unversioned entity type is the same as the entity id',
  `langcode` varchar(32) CHARACTER SET ascii NOT NULL DEFAULT '' COMMENT 'The language code for this data item.',
  `delta` int(10) UNSIGNED NOT NULL COMMENT 'The sequence number for this data item, used for multi-value fields',
  `adjustments_value` blob NOT NULL COMMENT 'The adjustment value.'
) ENGINE=InnoDB DEFAULT CHARSET=utf8mb4 COMMENT='Data storage for commerce_order field adjustments.';

-- --------------------------------------------------------

--
-- Структура таблицы `commerce_order__coupons`
--

CREATE TABLE `commerce_order__coupons` (
  `bundle` varchar(128) CHARACTER SET ascii NOT NULL DEFAULT '' COMMENT 'The field instance bundle to which this row belongs, used when deleting a field instance',
  `deleted` tinyint(4) NOT NULL DEFAULT '0' COMMENT 'A boolean indicating whether this data item has been deleted',
  `entity_id` int(10) UNSIGNED NOT NULL COMMENT 'The entity id this data is attached to',
  `revision_id` int(10) UNSIGNED NOT NULL COMMENT 'The entity revision id this data is attached to, which for an unversioned entity type is the same as the entity id',
  `langcode` varchar(32) CHARACTER SET ascii NOT NULL DEFAULT '' COMMENT 'The language code for this data item.',
  `delta` int(10) UNSIGNED NOT NULL COMMENT 'The sequence number for this data item, used for multi-value fields',
  `coupons_target_id` int(10) UNSIGNED NOT NULL COMMENT 'The ID of the target entity.'
) ENGINE=InnoDB DEFAULT CHARSET=utf8mb4 COMMENT='Data storage for commerce_order field coupons.';

-- --------------------------------------------------------

--
-- Структура таблицы `commerce_order__order_items`
--

CREATE TABLE `commerce_order__order_items` (
  `bundle` varchar(128) CHARACTER SET ascii NOT NULL DEFAULT '' COMMENT 'The field instance bundle to which this row belongs, used when deleting a field instance',
  `deleted` tinyint(4) NOT NULL DEFAULT '0' COMMENT 'A boolean indicating whether this data item has been deleted',
  `entity_id` int(10) UNSIGNED NOT NULL COMMENT 'The entity id this data is attached to',
  `revision_id` int(10) UNSIGNED NOT NULL COMMENT 'The entity revision id this data is attached to, which for an unversioned entity type is the same as the entity id',
  `langcode` varchar(32) CHARACTER SET ascii NOT NULL DEFAULT '' COMMENT 'The language code for this data item.',
  `delta` int(10) UNSIGNED NOT NULL COMMENT 'The sequence number for this data item, used for multi-value fields',
  `order_items_target_id` int(10) UNSIGNED NOT NULL COMMENT 'The ID of the target entity.'
) ENGINE=InnoDB DEFAULT CHARSET=utf8mb4 COMMENT='Data storage for commerce_order field order_items.';

--
-- Дамп данных таблицы `commerce_order__order_items`
--

INSERT INTO `commerce_order__order_items` (`bundle`, `deleted`, `entity_id`, `revision_id`, `langcode`, `delta`, `order_items_target_id`) VALUES
('default', 0, 1, 1, 'und', 0, 8),
('default', 0, 1, 1, 'und', 1, 11),
('default', 0, 2, 2, 'und', 0, 2),
('default', 0, 2, 2, 'und', 1, 3),
('default', 0, 3, 3, 'und', 0, 6),
('default', 0, 4, 4, 'und', 0, 12),
('default', 0, 5, 5, 'und', 0, 14),
('default', 0, 7, 7, 'und', 0, 21),
('default', 0, 7, 7, 'und', 1, 22),
('default', 0, 12, 12, 'und', 0, 25),
('default', 0, 13, 13, 'und', 0, 26),
('default', 0, 15, 15, 'und', 0, 28),
('default', 0, 16, 16, 'und', 0, 29),
('default', 0, 17, 17, 'und', 0, 30),
('default', 0, 18, 18, 'und', 0, 31),
('default', 0, 18, 18, 'und', 1, 32),
('default', 0, 19, 19, 'und', 0, 33),
('default', 0, 20, 20, 'und', 0, 34),
('default', 0, 21, 21, 'und', 0, 35),
('default', 0, 22, 22, 'und', 0, 36),
('default', 0, 23, 23, 'und', 0, 37),
('default', 0, 24, 24, 'und', 0, 38);

-- --------------------------------------------------------

--
-- Структура таблицы `commerce_payment`
--

CREATE TABLE `commerce_payment` (
  `payment_id` int(10) UNSIGNED NOT NULL,
  `type` varchar(255) NOT NULL,
  `uuid` varchar(128) CHARACTER SET ascii NOT NULL,
  `payment_gateway` varchar(255) CHARACTER SET ascii DEFAULT NULL COMMENT 'The ID of the target entity.',
  `payment_method` int(10) UNSIGNED DEFAULT NULL COMMENT 'The ID of the target entity.',
  `order_id` int(10) UNSIGNED DEFAULT NULL COMMENT 'The ID of the target entity.',
  `remote_id` varchar(255) DEFAULT NULL,
  `remote_state` varchar(255) DEFAULT NULL,
  `amount__number` decimal(19,6) DEFAULT NULL COMMENT 'The number.',
  `amount__currency_code` varchar(3) DEFAULT NULL COMMENT 'The currency code.',
  `refunded_amount__number` decimal(19,6) DEFAULT NULL COMMENT 'The number.',
  `refunded_amount__currency_code` varchar(3) DEFAULT NULL COMMENT 'The currency code.',
  `state` varchar(255) CHARACTER SET ascii DEFAULT NULL,
  `test` tinyint(4) DEFAULT NULL,
  `authorized` int(11) DEFAULT NULL,
  `captured` int(11) DEFAULT NULL,
  `payment_gateway_mode` varchar(255) DEFAULT NULL,
  `expires` int(11) DEFAULT NULL,
  `completed` int(11) DEFAULT NULL
) ENGINE=InnoDB DEFAULT CHARSET=utf8mb4 COMMENT='The base table for commerce_payment entities.';

--
-- Дамп данных таблицы `commerce_payment`
--

INSERT INTO `commerce_payment` (`payment_id`, `type`, `uuid`, `payment_gateway`, `payment_method`, `order_id`, `remote_id`, `remote_state`, `amount__number`, `amount__currency_code`, `refunded_amount__number`, `refunded_amount__currency_code`, `state`, `test`, `authorized`, `captured`, `payment_gateway_mode`, `expires`, `completed`) VALUES
(1, 'payment_default', 'da2b0f27-32f8-4079-8f9b-e1d6b0f001a8', 'payment_gateway_example', NULL, 21, NULL, NULL, '3000.000000', 'USD', '0.000000', 'USD', 'completed', NULL, NULL, NULL, 'test', 0, 1579980595);

-- --------------------------------------------------------

--
-- Структура таблицы `commerce_payment_method`
--

CREATE TABLE `commerce_payment_method` (
  `method_id` int(10) UNSIGNED NOT NULL,
  `type` varchar(255) NOT NULL,
  `uuid` varchar(128) CHARACTER SET ascii NOT NULL,
  `payment_gateway` varchar(255) CHARACTER SET ascii DEFAULT NULL COMMENT 'The ID of the target entity.',
  `remote_id` varchar(255) DEFAULT NULL,
  `billing_profile__target_id` int(10) UNSIGNED DEFAULT NULL COMMENT 'The ID of the target entity.',
  `billing_profile__target_revision_id` int(10) UNSIGNED DEFAULT NULL COMMENT 'The revision ID of the target entity.',
  `reusable` tinyint(4) DEFAULT NULL,
  `is_default` tinyint(4) DEFAULT NULL,
  `expires` int(11) DEFAULT NULL,
  `created` int(11) DEFAULT NULL,
  `changed` int(11) DEFAULT NULL,
  `payment_gateway_mode` varchar(255) DEFAULT NULL,
  `uid` int(10) UNSIGNED NOT NULL COMMENT 'The ID of the target entity.'
) ENGINE=InnoDB DEFAULT CHARSET=utf8mb4 COMMENT='The base table for commerce_payment_method entities.';

-- --------------------------------------------------------

--
-- Структура таблицы `commerce_payment_method__card_exp_month`
--

CREATE TABLE `commerce_payment_method__card_exp_month` (
  `bundle` varchar(128) CHARACTER SET ascii NOT NULL DEFAULT '' COMMENT 'The field instance bundle to which this row belongs, used when deleting a field instance',
  `deleted` tinyint(4) NOT NULL DEFAULT '0' COMMENT 'A boolean indicating whether this data item has been deleted',
  `entity_id` int(10) UNSIGNED NOT NULL COMMENT 'The entity id this data is attached to',
  `revision_id` int(10) UNSIGNED NOT NULL COMMENT 'The entity revision id this data is attached to, which for an unversioned entity type is the same as the entity id',
  `langcode` varchar(32) CHARACTER SET ascii NOT NULL DEFAULT '' COMMENT 'The language code for this data item.',
  `delta` int(10) UNSIGNED NOT NULL COMMENT 'The sequence number for this data item, used for multi-value fields',
  `card_exp_month_value` tinyint(4) NOT NULL
) ENGINE=InnoDB DEFAULT CHARSET=utf8mb4 COMMENT='Data storage for commerce_payment_method field card_exp…';

-- --------------------------------------------------------

--
-- Структура таблицы `commerce_payment_method__card_exp_year`
--

CREATE TABLE `commerce_payment_method__card_exp_year` (
  `bundle` varchar(128) CHARACTER SET ascii NOT NULL DEFAULT '' COMMENT 'The field instance bundle to which this row belongs, used when deleting a field instance',
  `deleted` tinyint(4) NOT NULL DEFAULT '0' COMMENT 'A boolean indicating whether this data item has been deleted',
  `entity_id` int(10) UNSIGNED NOT NULL COMMENT 'The entity id this data is attached to',
  `revision_id` int(10) UNSIGNED NOT NULL COMMENT 'The entity revision id this data is attached to, which for an unversioned entity type is the same as the entity id',
  `langcode` varchar(32) CHARACTER SET ascii NOT NULL DEFAULT '' COMMENT 'The language code for this data item.',
  `delta` int(10) UNSIGNED NOT NULL COMMENT 'The sequence number for this data item, used for multi-value fields',
  `card_exp_year_value` smallint(6) NOT NULL
) ENGINE=InnoDB DEFAULT CHARSET=utf8mb4 COMMENT='Data storage for commerce_payment_method field card_exp…';

-- --------------------------------------------------------

--
-- Структура таблицы `commerce_payment_method__card_number`
--

CREATE TABLE `commerce_payment_method__card_number` (
  `bundle` varchar(128) CHARACTER SET ascii NOT NULL DEFAULT '' COMMENT 'The field instance bundle to which this row belongs, used when deleting a field instance',
  `deleted` tinyint(4) NOT NULL DEFAULT '0' COMMENT 'A boolean indicating whether this data item has been deleted',
  `entity_id` int(10) UNSIGNED NOT NULL COMMENT 'The entity id this data is attached to',
  `revision_id` int(10) UNSIGNED NOT NULL COMMENT 'The entity revision id this data is attached to, which for an unversioned entity type is the same as the entity id',
  `langcode` varchar(32) CHARACTER SET ascii NOT NULL DEFAULT '' COMMENT 'The language code for this data item.',
  `delta` int(10) UNSIGNED NOT NULL COMMENT 'The sequence number for this data item, used for multi-value fields',
  `card_number_value` varchar(255) NOT NULL
) ENGINE=InnoDB DEFAULT CHARSET=utf8mb4 COMMENT='Data storage for commerce_payment_method field card_number.';

-- --------------------------------------------------------

--
-- Структура таблицы `commerce_payment_method__card_type`
--

CREATE TABLE `commerce_payment_method__card_type` (
  `bundle` varchar(128) CHARACTER SET ascii NOT NULL DEFAULT '' COMMENT 'The field instance bundle to which this row belongs, used when deleting a field instance',
  `deleted` tinyint(4) NOT NULL DEFAULT '0' COMMENT 'A boolean indicating whether this data item has been deleted',
  `entity_id` int(10) UNSIGNED NOT NULL COMMENT 'The entity id this data is attached to',
  `revision_id` int(10) UNSIGNED NOT NULL COMMENT 'The entity revision id this data is attached to, which for an unversioned entity type is the same as the entity id',
  `langcode` varchar(32) CHARACTER SET ascii NOT NULL DEFAULT '' COMMENT 'The language code for this data item.',
  `delta` int(10) UNSIGNED NOT NULL COMMENT 'The sequence number for this data item, used for multi-value fields',
  `card_type_value` varchar(255) NOT NULL
) ENGINE=InnoDB DEFAULT CHARSET=utf8mb4 COMMENT='Data storage for commerce_payment_method field card_type.';

-- --------------------------------------------------------

--
-- Структура таблицы `commerce_payment_method__paypal_mail`
--

CREATE TABLE `commerce_payment_method__paypal_mail` (
  `bundle` varchar(128) CHARACTER SET ascii NOT NULL DEFAULT '' COMMENT 'The field instance bundle to which this row belongs, used when deleting a field instance',
  `deleted` tinyint(4) NOT NULL DEFAULT '0' COMMENT 'A boolean indicating whether this data item has been deleted',
  `entity_id` int(10) UNSIGNED NOT NULL COMMENT 'The entity id this data is attached to',
  `revision_id` int(10) UNSIGNED NOT NULL COMMENT 'The entity revision id this data is attached to, which for an unversioned entity type is the same as the entity id',
  `langcode` varchar(32) CHARACTER SET ascii NOT NULL DEFAULT '' COMMENT 'The language code for this data item.',
  `delta` int(10) UNSIGNED NOT NULL COMMENT 'The sequence number for this data item, used for multi-value fields',
  `paypal_mail_value` varchar(254) NOT NULL
) ENGINE=InnoDB DEFAULT CHARSET=utf8mb4 COMMENT='Data storage for commerce_payment_method field paypal_mail.';

-- --------------------------------------------------------

--
-- Структура таблицы `commerce_product`
--

CREATE TABLE `commerce_product` (
  `product_id` int(10) UNSIGNED NOT NULL,
  `type` varchar(32) CHARACTER SET ascii NOT NULL COMMENT 'The ID of the target entity.',
  `uuid` varchar(128) CHARACTER SET ascii NOT NULL,
  `langcode` varchar(12) CHARACTER SET ascii NOT NULL
) ENGINE=InnoDB DEFAULT CHARSET=utf8mb4 COMMENT='The base table for commerce_product entities.';

--
-- Дамп данных таблицы `commerce_product`
--

INSERT INTO `commerce_product` (`product_id`, `type`, `uuid`, `langcode`) VALUES
(2, 'product_display', '7e08ebd6-84bb-45ce-a332-01261566036e', 'und'),
(3, 'product_display', '146a4fb5-22e5-4df6-9a4e-e2d2827a7dc3', 'und'),
(4, 'product_display', 'dcb78db5-f463-49ab-9ebb-7a8164055e11', 'und'),
(5, 'product_display', '2d81d461-5e25-4d23-9cbc-2fcfed563215', 'und'),
(6, 'product_display', '2d132cbb-0a9c-4e69-848c-dffa91ae7262', 'und'),
(8, 'product_display', '42630b02-23af-4f1f-8011-00017eee7261', 'und'),
(9, 'product_display', '9b356376-f117-4026-9d04-bb5d7f4d5dd6', 'und'),
(10, 'product_display', '94201943-fd6c-47d5-a3e2-c2b5b6e71c08', 'und'),
(11, 'product_display', '884d10e4-7357-4cfc-b7d1-37b6fa8d9a17', 'und'),
(12, 'product_display', '00c3a241-4ed2-484d-855b-9adbf399ff18', 'und'),
(13, 'product_display', '884f1df6-b264-4205-9aa5-a6982f9e9874', 'und'),
(14, 'product_display', 'd0d6b055-b661-4dbc-a409-334601c9a84e', 'und'),
(15, 'product_display', '573afac2-60be-4350-b014-3929f59dbfd0', 'und'),
(16, 'product_display', 'b5220b53-5a11-4c94-98b3-dd94173197f2', 'und'),
(17, 'product_display', 'dc23fa21-ecf7-461a-a987-197a91f41cc3', 'und'),
(18, 'product_display', 'd6b76275-9316-44f1-a6d6-6b6472f81b47', 'und'),
(19, 'product_display', '50e07d65-15df-467e-8eea-6b9f988b344e', 'und'),
(20, 'product_display', 'ec1f2901-92dc-447b-b9ae-4a2af489d1e7', 'und'),
(21, 'product_display', '09dbd701-2bc9-4586-a39f-d36842033ff4', 'und'),
(22, 'product_display', '2401241b-aeda-4b09-8291-a68aa040f6f4', 'und'),
(23, 'product_display', '755678a0-a680-40b8-b45f-b8fd8d3ae233', 'und'),
(24, 'product_display', '7ab89682-4d97-479e-a889-3a715350da3a', 'und'),
(25, 'product_display', 'ab715714-2dde-47b4-8b5d-d8102e4e7942', 'und'),
(26, 'product_display', '6cd6c5aa-e608-4b3f-8a2a-3264251f91d4', 'und'),
(27, 'product_display', '9bc390a9-3b5c-4076-a93a-b7c21305761f', 'und'),
(28, 'product_display', '5b99933f-7403-44ce-9996-34ec859b0560', 'und'),
(29, 'product_display', 'e763187b-0bcd-4ecb-9ee1-3248ba1aca64', 'und'),
(30, 'product_display', '569b1b3f-93bb-4b27-a66b-aba0bbc976f9', 'und'),
(31, 'product_display', '35519d92-2c57-4237-9157-6cc7b89d56c1', 'und');

-- --------------------------------------------------------

--
-- Структура таблицы `commerce_product_attribute_value`
--

CREATE TABLE `commerce_product_attribute_value` (
  `attribute_value_id` int(10) UNSIGNED NOT NULL,
  `attribute` varchar(32) CHARACTER SET ascii NOT NULL COMMENT 'The ID of the target entity.',
  `uuid` varchar(128) CHARACTER SET ascii NOT NULL,
  `langcode` varchar(12) CHARACTER SET ascii NOT NULL
) ENGINE=InnoDB DEFAULT CHARSET=utf8mb4 COMMENT='The base table for commerce_product_attribute_value…';

--
-- Дамп данных таблицы `commerce_product_attribute_value`
--

INSERT INTO `commerce_product_attribute_value` (`attribute_value_id`, `attribute`, `uuid`, `langcode`) VALUES
(5, 'size', 'fc56215e-aeea-45aa-ad43-0a058aad60bc', 'en'),
(6, 'size', '8b38349b-1adc-48ac-a69e-e5e744021471', 'en'),
(7, 'size', '2a9efb7b-bbc3-42f5-8d6e-ca7ee2e973f6', 'en'),
(8, 'size', '097580bb-90d4-42ec-9db3-3a18071d719d', 'en'),
(9, 'color', '50cdde24-6868-423a-809d-f87c54d0a068', 'en'),
(10, 'color', '49dad00b-49f0-446d-bea7-20539b2ae58e', 'en'),
(11, 'color', 'bcaa93fc-8a98-4e25-8ab1-f742d1fc7180', 'en'),
(12, 'color', 'c8179deb-629e-4f76-bc18-f4c8cbcc62bf', 'en');

-- --------------------------------------------------------

--
-- Структура таблицы `commerce_product_attribute_value_field_data`
--

CREATE TABLE `commerce_product_attribute_value_field_data` (
  `attribute_value_id` int(10) UNSIGNED NOT NULL,
  `attribute` varchar(32) CHARACTER SET ascii NOT NULL COMMENT 'The ID of the target entity.',
  `langcode` varchar(12) CHARACTER SET ascii NOT NULL,
  `name` varchar(255) DEFAULT NULL,
  `weight` int(11) DEFAULT NULL,
  `created` int(11) DEFAULT NULL,
  `changed` int(11) DEFAULT NULL,
  `default_langcode` tinyint(4) NOT NULL
) ENGINE=InnoDB DEFAULT CHARSET=utf8mb4 COMMENT='The data table for commerce_product_attribute_value…';

--
-- Дамп данных таблицы `commerce_product_attribute_value_field_data`
--

INSERT INTO `commerce_product_attribute_value_field_data` (`attribute_value_id`, `attribute`, `langcode`, `name`, `weight`, `created`, `changed`, `default_langcode`) VALUES
(5, 'size', 'en', 'S', 1, 1498585367, 1498585367, 1),
(6, 'size', 'en', 'M', 2, 1498585367, 1498585367, 1),
(7, 'size', 'en', 'L', 3, 1498585367, 1498585367, 1),
(8, 'size', 'en', 'XL', 4, 1498585367, 1498585367, 1),
(9, 'color', 'en', 'Red', 1, 1498585449, 1498585449, 1),
(10, 'color', 'en', 'Blue', 2, 1498585449, 1498585449, 1),
(11, 'color', 'en', 'White', 3, 1498585449, 1498585449, 1),
(12, 'color', 'en', 'Black', 4, 1498585449, 1498585449, 1);

-- --------------------------------------------------------

--
-- Структура таблицы `commerce_product_field_data`
--

CREATE TABLE `commerce_product_field_data` (
  `product_id` int(10) UNSIGNED NOT NULL,
  `type` varchar(32) CHARACTER SET ascii NOT NULL COMMENT 'The ID of the target entity.',
  `langcode` varchar(12) CHARACTER SET ascii NOT NULL,
  `uid` int(10) UNSIGNED NOT NULL COMMENT 'The ID of the target entity.',
  `title` varchar(255) DEFAULT NULL,
  `status` tinyint(4) NOT NULL,
  `created` int(11) DEFAULT NULL,
  `changed` int(11) DEFAULT NULL,
  `default_langcode` tinyint(4) NOT NULL
) ENGINE=InnoDB DEFAULT CHARSET=utf8mb4 COMMENT='The data table for commerce_product entities.';

--
-- Дамп данных таблицы `commerce_product_field_data`
--

INSERT INTO `commerce_product_field_data` (`product_id`, `type`, `langcode`, `uid`, `title`, `status`, `created`, `changed`, `default_langcode`) VALUES
(2, 'product_display', 'und', 1, 'Warm Winter Jacket', 1, 1490826106, 1510915527, 1),
(3, 'product_display', 'und', 1, 'Watches 3', 1, 1490826397, 1498934351, 1),
(4, 'product_display', 'und', 1, 'Watches 1', 1, 1490826583, 1498934665, 1),
(5, 'product_display', 'und', 1, 'Watches 2', 1, 1490828129, 1498934798, 1),
(6, 'product_display', 'und', 1, 'House 1', 1, 1490828233, 1498935374, 1),
(8, 'product_display', 'und', 1, 'Phone 2', 1, 1490828431, 1498935756, 1),
(9, 'product_display', 'und', 1, 'Phone 3', 1, 1490829560, 1498935875, 1),
(10, 'product_display', 'und', 1, 'Phone 1', 1, 1490829657, 1498936007, 1),
(11, 'product_display', 'und', 1, 'Imac 4', 1, 1490829753, 1498936214, 1),
(12, 'product_display', 'und', 1, 'Imac 3', 1, 1490829844, 1498936392, 1),
(13, 'product_display', 'und', 1, 'Imac 2', 1, 1490829939, 1498939135, 1),
(14, 'product_display', 'und', 1, 'House 5', 1, 1490830020, 1498939283, 1),
(15, 'product_display', 'und', 1, 'House 3', 1, 1490830152, 1498939450, 1),
(16, 'product_display', 'und', 1, 'House 2', 1, 1490830255, 1498939954, 1),
(17, 'product_display', 'und', 1, 'Accessories 8', 1, 1490830968, 1498940112, 1),
(18, 'product_display', 'und', 1, 'Accessories 7', 1, 1490831075, 1498940232, 1),
(19, 'product_display', 'und', 1, 'Accessories 6', 1, 1490831150, 1498940423, 1),
(20, 'product_display', 'und', 1, 'Accessories 5', 1, 1490831226, 1498940570, 1),
(21, 'product_display', 'und', 1, 'Accessories 4', 1, 1490831304, 1498940705, 1),
(22, 'product_display', 'und', 1, 'Accessories 3', 1, 1490831378, 1498941112, 1),
(23, 'product_display', 'und', 1, 'Accessories 2', 1, 1490831451, 1498941423, 1),
(24, 'product_display', 'und', 1, 'Accessories 1', 1, 1490831534, 1498941730, 1),
(25, 'product_display', 'und', 1, 'Samsung Galaxy S7', 1, 1490831611, 1498942185, 1),
(26, 'product_display', 'und', 1, 'Apple Iphone 6s', 1, 1490831795, 1498998873, 1),
(27, 'product_display', 'und', 1, 'Samsung Note 4', 1, 1490831962, 1498999529, 1),
(28, 'product_display', 'und', 1, 'MOTO 360 WATCHES', 1, 1490832108, 1498999939, 1),
(29, 'product_display', 'und', 1, 'MOTO 360 WATCH', 1, 1490832198, 1499000122, 1),
(30, 'product_display', 'und', 1, 'Apple iPhone 6', 1, 1490832292, 1499000307, 1),
(31, 'product_display', 'und', 1, 'Apple iPhone6+', 1, 1490832410, 1499000546, 1);

-- --------------------------------------------------------

--
-- Структура таблицы `commerce_product_variation`
--

CREATE TABLE `commerce_product_variation` (
  `variation_id` int(10) UNSIGNED NOT NULL,
  `type` varchar(32) CHARACTER SET ascii NOT NULL COMMENT 'The ID of the target entity.',
  `uuid` varchar(128) CHARACTER SET ascii NOT NULL,
  `langcode` varchar(12) CHARACTER SET ascii NOT NULL
) ENGINE=InnoDB DEFAULT CHARSET=utf8mb4 COMMENT='The base table for commerce_product_variation entities.';

--
-- Дамп данных таблицы `commerce_product_variation`
--

INSERT INTO `commerce_product_variation` (`variation_id`, `type`, `uuid`, `langcode`) VALUES
(2, 'product', '343847ca-7964-4006-a8b3-faec26036908', 'en'),
(3, 'product', 'd358b9e9-5284-4f3a-839c-30df60ebdd09', 'en'),
(4, 'product', 'd9925154-0510-4057-9c8e-555883d336b3', 'en'),
(5, 'product', 'da37a8cf-7346-468f-955a-a90476919f1f', 'en'),
(6, 'product', '5f803a04-aba2-4a91-87b1-2530ed5820ca', 'en'),
(8, 'product', 'c57aafde-1a64-49a9-9b0a-0afdff05e692', 'en'),
(9, 'product', 'a5326de8-61d1-4855-82af-8b08489ce8a6', 'en'),
(10, 'product', 'f373090f-d48f-4903-ae7d-72ceb9b3a514', 'en'),
(11, 'product', '32ccbd1d-831d-4c24-ad7f-c97d258aac17', 'en'),
(12, 'product', '38346880-b8d7-4c2e-9568-75e8be5d00be', 'en'),
(13, 'product', 'b7354c37-074c-478d-a85c-88242032a4f1', 'en'),
(14, 'product', '78868078-274f-445e-bdad-dcb0a298ae32', 'en'),
(15, 'product', 'f8c2d0d5-7f02-4319-a85d-18f4236d5f01', 'en'),
(16, 'product', 'df01c06e-a013-4fee-baed-b93dc2f709fc', 'en'),
(17, 'product', '267f6aed-99a9-48b0-a2e6-6e9b2d83d288', 'en'),
(18, 'product', '1c0fa515-7194-4716-aaba-ed5325a07903', 'en'),
(19, 'product', 'd045b006-4bcf-42b4-9a5a-6bca020921a0', 'en'),
(20, 'product', '11102104-ec76-4553-8f3e-338771fff911', 'en'),
(21, 'product', 'd5e49343-6553-4d14-bec9-523b69077cf7', 'en'),
(22, 'product', 'eacc393d-0440-4047-8677-5d721a8a1e29', 'en'),
(23, 'product', '771b48a2-f966-4eea-8891-08424c54e8d4', 'en'),
(24, 'product', 'e194b799-9559-41e2-bfbf-31b210d54189', 'en'),
(25, 'product', 'e070301a-df7d-4e53-842f-6bfd550f2686', 'en'),
(26, 'product', '2f4176ab-2d5a-4c3a-abf9-f1556ad54745', 'en'),
(27, 'product', '83134c31-7f22-42fe-94c6-642972e75766', 'en'),
(28, 'product', 'ac560757-6a62-4b75-b6d8-2a97a81c59a3', 'en'),
(29, 'product', '0f3ee5b1-b344-4301-8927-db2a859952b5', 'en'),
(30, 'product', '937fbdbb-237d-486c-9e2c-e101e90d1625', 'en'),
(31, 'product', '5d31e6d2-1630-41aa-a724-5dcbe5a54dfd', 'en'),
(32, 'product', '0f1efbc2-8418-44c4-9671-dbe22b4bb975', 'und'),
(33, 'product', 'b84426f6-639f-4a7b-b6c1-4acbda6dfa62', 'und'),
(34, 'product', 'cbd4f217-d2ff-4e40-9735-443cf83633f3', 'und'),
(35, 'product', '7132d6f5-4e19-4230-94b4-11a345bf23c0', 'und');

-- --------------------------------------------------------

--
-- Структура таблицы `commerce_product_variation_field_data`
--

CREATE TABLE `commerce_product_variation_field_data` (
  `variation_id` int(10) UNSIGNED NOT NULL,
  `type` varchar(32) CHARACTER SET ascii NOT NULL COMMENT 'The ID of the target entity.',
  `langcode` varchar(12) CHARACTER SET ascii NOT NULL,
  `uid` int(10) UNSIGNED NOT NULL COMMENT 'The ID of the target entity.',
  `product_id` int(10) UNSIGNED DEFAULT NULL COMMENT 'The ID of the target entity.',
  `sku` varchar(255) DEFAULT NULL,
  `title` varchar(255) DEFAULT NULL,
  `price__number` decimal(19,6) DEFAULT NULL COMMENT 'The number.',
  `price__currency_code` varchar(3) DEFAULT NULL COMMENT 'The currency code.',
  `status` tinyint(4) NOT NULL,
  `created` int(11) DEFAULT NULL,
  `changed` int(11) DEFAULT NULL,
  `default_langcode` tinyint(4) NOT NULL,
  `list_price__number` decimal(19,6) DEFAULT NULL COMMENT 'The number.',
  `list_price__currency_code` varchar(3) DEFAULT NULL COMMENT 'The currency code.'
) ENGINE=InnoDB DEFAULT CHARSET=utf8mb4 COMMENT='The data table for commerce_product_variation entities.';

--
-- Дамп данных таблицы `commerce_product_variation_field_data`
--

INSERT INTO `commerce_product_variation_field_data` (`variation_id`, `type`, `langcode`, `uid`, `product_id`, `sku`, `title`, `price__number`, `price__currency_code`, `status`, `created`, `changed`, `default_langcode`, `list_price__number`, `list_price__currency_code`) VALUES
(2, 'product', 'en', 1, 2, '1410SL', 'Warm Winter Jacket - S, Red', '79.000000', 'USD', 1, 1490826366, 1510915527, 1, NULL, NULL),
(3, 'product', 'en', 1, 3, 'watches3', 'Watches 3 - L, Black', '630.000000', 'USD', 1, 1490826527, 1498934286, 1, NULL, NULL),
(4, 'product', 'en', 1, 4, 'Watches 1', 'Watches 1 - M, White', '524.000000', 'USD', 1, 1490826989, 1498934665, 1, NULL, NULL),
(5, 'product', 'en', 1, 5, 'watches2', 'Watches 2 - M, Blue', '650.000000', 'USD', 1, 1490828196, 1498934798, 1, NULL, NULL),
(6, 'product', 'en', 1, 6, 'House 1', 'House 1 - XL, Red', '485.000000', 'USD', 1, 1490828293, 1498935374, 1, NULL, NULL),
(8, 'product', 'en', 1, 8, 'Phone 2', 'Phone 2 - S, White', '678.000000', 'USD', 1, 1490828488, 1498935756, 1, NULL, NULL),
(9, 'product', 'en', 1, 9, 'Phone 3', 'Phone 3 - L, Red', '568.000000', 'USD', 1, 1490829626, 1498935875, 1, NULL, NULL),
(10, 'product', 'en', 1, 10, 'Phone 1', 'Phone 1 - M, White', '435.000000', 'USD', 1, 1490829731, 1498936007, 1, NULL, NULL),
(11, 'product', 'en', 1, 11, 'Imac 4', 'Imac 4 - XL, Black', '688.000000', 'USD', 1, 1490829824, 1498936214, 1, NULL, NULL),
(12, 'product', 'en', 1, 12, 'Imac 3', 'Imac 3 - S, Blue', '856.000000', 'USD', 1, 1490829920, 1498936392, 1, NULL, NULL),
(13, 'product', 'en', 1, 13, 'Imac 2', 'Imac 2 - XL, Black', '358.000000', 'USD', 1, 1490829995, 1498939135, 1, NULL, NULL),
(14, 'product', 'en', 1, 14, 'House 5', 'House 5 - S, Blue', '467.000000', 'USD', 1, 1490830131, 1498939283, 1, NULL, NULL),
(15, 'product', 'en', 1, 15, 'House 3', 'House 3 - L, Red', '790.000000', 'USD', 1, 1490830237, 1498939450, 1, NULL, NULL),
(16, 'product', 'en', 1, 16, 'House 2', 'House 2 - L, White', '246.000000', 'USD', 1, 1490830333, 1498939954, 1, NULL, NULL),
(17, 'product', 'en', 1, 17, 'Accessories 8', 'Accessories 8 - L, Red', '499.000000', 'USD', 1, 1490831060, 1498940112, 1, NULL, NULL),
(18, 'product', 'en', 1, 18, 'Accessories 7', 'Accessories 7 - S, Black', '599.000000', 'USD', 1, 1490831137, 1498940232, 1, NULL, NULL),
(19, 'product', 'en', 1, 19, 'Accessories 6', 'Accessories 6 - XL, Blue', '276.000000', 'USD', 1, 1490831209, 1498940423, 1, NULL, NULL),
(20, 'product', 'en', 1, 20, 'Accessories 5', 'Accessories 5 - M, Blue', '477.000000', 'USD', 1, 1490831292, 1498940570, 1, NULL, NULL),
(21, 'product', 'en', 1, 21, 'Accessories 4', 'Accessories 4 - S, White', '587.000000', 'USD', 1, 1490831361, 1498940705, 1, NULL, NULL),
(22, 'product', 'en', 1, 22, 'Accessories 3', 'Accessories 3 - L, Red', '699.000000', 'USD', 1, 1490831429, 1498941112, 1, NULL, NULL),
(23, 'product', 'en', 1, 23, 'Accessories 2', 'Accessories 2 - L, Black', '283.000000', 'USD', 1, 1490831519, 1498941423, 1, NULL, NULL),
(24, 'product', 'en', 1, 24, 'Accessories 1', 'Accessories 1 - S, Blue', '689.550000', 'USD', 1, 1490831595, 1498941730, 1, NULL, NULL),
(25, 'product', 'en', 1, 25, 'Samsung Galaxy S7', 'Samsung Galaxy S7 - L, Black', '548.000000', 'USD', 1, 1490831756, 1498942185, 1, NULL, NULL),
(26, 'product', 'en', 1, 26, 'Apple Iphone 6s', 'Apple Iphone 6s - M, White', '750.000000', 'USD', 1, 1490831939, 1498998873, 1, NULL, NULL),
(27, 'product', 'en', 1, 27, 'Samsung Note 4', 'Samsung Note 4 - M, Black', '568.000000', 'USD', 1, 1490832091, 1498999529, 1, NULL, NULL),
(28, 'product', 'en', 1, 28, 'MOTO 360 WATCHES', 'MOTO 360 WATCHES - L, Red', '648.000000', 'USD', 1, 1490832180, 1498999939, 1, NULL, NULL),
(29, 'product', 'en', 1, 29, 'MOTO 360 WATCH', 'MOTO 360 WATCH - L, Black', '546.000000', 'USD', 1, 1490832250, 1499000122, 1, NULL, NULL),
(30, 'product', 'en', 1, 30, 'Apple iPhone 6', 'Apple iPhone 6 - M, White', '568.000000', 'USD', 1, 1490832390, 1499000307, 1, NULL, NULL),
(31, 'product', 'en', 1, 31, 'Apple iPhone6+', 'Apple iPhone6+ - M, Blue', '860.000000', 'USD', 1, 1490832534, 1499000546, 1, NULL, NULL),
(32, 'product', 'und', 1, 2, '1410SL2', 'Warm Winter Jacket - M, Blue', '89.000000', 'USD', 1, 1498584795, 1510915527, 1, NULL, NULL),
(33, 'product', 'und', 1, 2, '1410SL3', 'Warm Winter Jacket - L, White', '99.000000', 'USD', 1, 1498586086, 1498933741, 1, NULL, NULL),
(34, 'product', 'und', 1, 2, '1410SL4', 'Warm Winter Jacket - XL, Black', '99.000000', 'USD', 1, 1498586223, 1498933741, 1, NULL, NULL),
(35, 'product', 'und', 1, 2, '1410SL5', 'Warm Winter Jacket - M, Black', '99.000000', 'USD', 1, 1498586412, 1498933741, 1, NULL, NULL);

-- --------------------------------------------------------

--
-- Структура таблицы `commerce_product_variation__attribute_color`
--

CREATE TABLE `commerce_product_variation__attribute_color` (
  `bundle` varchar(128) CHARACTER SET ascii NOT NULL DEFAULT '' COMMENT 'The field instance bundle to which this row belongs, used when deleting a field instance',
  `deleted` tinyint(4) NOT NULL DEFAULT '0' COMMENT 'A boolean indicating whether this data item has been deleted',
  `entity_id` int(10) UNSIGNED NOT NULL COMMENT 'The entity id this data is attached to',
  `revision_id` int(10) UNSIGNED NOT NULL COMMENT 'The entity revision id this data is attached to, which for an unversioned entity type is the same as the entity id',
  `langcode` varchar(32) CHARACTER SET ascii NOT NULL DEFAULT '' COMMENT 'The language code for this data item.',
  `delta` int(10) UNSIGNED NOT NULL COMMENT 'The sequence number for this data item, used for multi-value fields',
  `attribute_color_target_id` int(10) UNSIGNED NOT NULL COMMENT 'The ID of the target entity.'
) ENGINE=InnoDB DEFAULT CHARSET=utf8mb4 COMMENT='Data storage for commerce_product_variation field attribute…';

--
-- Дамп данных таблицы `commerce_product_variation__attribute_color`
--

INSERT INTO `commerce_product_variation__attribute_color` (`bundle`, `deleted`, `entity_id`, `revision_id`, `langcode`, `delta`, `attribute_color_target_id`) VALUES
('product', 0, 2, 2, 'en', 0, 9),
('product', 0, 3, 3, 'en', 0, 12),
('product', 0, 4, 4, 'en', 0, 11),
('product', 0, 5, 5, 'en', 0, 10),
('product', 0, 6, 6, 'en', 0, 9),
('product', 0, 8, 8, 'en', 0, 11),
('product', 0, 9, 9, 'en', 0, 9),
('product', 0, 10, 10, 'en', 0, 11),
('product', 0, 11, 11, 'en', 0, 12),
('product', 0, 12, 12, 'en', 0, 10),
('product', 0, 13, 13, 'en', 0, 12),
('product', 0, 14, 14, 'en', 0, 10),
('product', 0, 15, 15, 'en', 0, 9),
('product', 0, 16, 16, 'en', 0, 11),
('product', 0, 17, 17, 'en', 0, 9),
('product', 0, 18, 18, 'en', 0, 12),
('product', 0, 19, 19, 'en', 0, 10),
('product', 0, 20, 20, 'en', 0, 10),
('product', 0, 21, 21, 'en', 0, 11),
('product', 0, 22, 22, 'en', 0, 9),
('product', 0, 23, 23, 'en', 0, 12),
('product', 0, 24, 24, 'en', 0, 10),
('product', 0, 25, 25, 'en', 0, 12),
('product', 0, 26, 26, 'en', 0, 11),
('product', 0, 27, 27, 'en', 0, 12),
('product', 0, 28, 28, 'en', 0, 9),
('product', 0, 29, 29, 'en', 0, 12),
('product', 0, 30, 30, 'en', 0, 11),
('product', 0, 31, 31, 'en', 0, 10),
('product', 0, 32, 32, 'und', 0, 10),
('product', 0, 33, 33, 'und', 0, 11),
('product', 0, 34, 34, 'und', 0, 12),
('product', 0, 35, 35, 'und', 0, 12);

-- --------------------------------------------------------

--
-- Структура таблицы `commerce_product_variation__attribute_size`
--

CREATE TABLE `commerce_product_variation__attribute_size` (
  `bundle` varchar(128) CHARACTER SET ascii NOT NULL DEFAULT '' COMMENT 'The field instance bundle to which this row belongs, used when deleting a field instance',
  `deleted` tinyint(4) NOT NULL DEFAULT '0' COMMENT 'A boolean indicating whether this data item has been deleted',
  `entity_id` int(10) UNSIGNED NOT NULL COMMENT 'The entity id this data is attached to',
  `revision_id` int(10) UNSIGNED NOT NULL COMMENT 'The entity revision id this data is attached to, which for an unversioned entity type is the same as the entity id',
  `langcode` varchar(32) CHARACTER SET ascii NOT NULL DEFAULT '' COMMENT 'The language code for this data item.',
  `delta` int(10) UNSIGNED NOT NULL COMMENT 'The sequence number for this data item, used for multi-value fields',
  `attribute_size_target_id` int(10) UNSIGNED NOT NULL COMMENT 'The ID of the target entity.'
) ENGINE=InnoDB DEFAULT CHARSET=utf8mb4 COMMENT='Data storage for commerce_product_variation field attribute…';

--
-- Дамп данных таблицы `commerce_product_variation__attribute_size`
--

INSERT INTO `commerce_product_variation__attribute_size` (`bundle`, `deleted`, `entity_id`, `revision_id`, `langcode`, `delta`, `attribute_size_target_id`) VALUES
('product', 0, 2, 2, 'en', 0, 5),
('product', 0, 3, 3, 'en', 0, 7),
('product', 0, 4, 4, 'en', 0, 6),
('product', 0, 5, 5, 'en', 0, 6),
('product', 0, 6, 6, 'en', 0, 8),
('product', 0, 8, 8, 'en', 0, 5),
('product', 0, 9, 9, 'en', 0, 7),
('product', 0, 10, 10, 'en', 0, 6),
('product', 0, 11, 11, 'en', 0, 8),
('product', 0, 12, 12, 'en', 0, 5),
('product', 0, 13, 13, 'en', 0, 8),
('product', 0, 14, 14, 'en', 0, 5),
('product', 0, 15, 15, 'en', 0, 7),
('product', 0, 16, 16, 'en', 0, 7),
('product', 0, 17, 17, 'en', 0, 7),
('product', 0, 18, 18, 'en', 0, 5),
('product', 0, 19, 19, 'en', 0, 8),
('product', 0, 20, 20, 'en', 0, 6),
('product', 0, 21, 21, 'en', 0, 5),
('product', 0, 22, 22, 'en', 0, 7),
('product', 0, 23, 23, 'en', 0, 7),
('product', 0, 24, 24, 'en', 0, 5),
('product', 0, 25, 25, 'en', 0, 7),
('product', 0, 26, 26, 'en', 0, 6),
('product', 0, 27, 27, 'en', 0, 6),
('product', 0, 28, 28, 'en', 0, 7),
('product', 0, 29, 29, 'en', 0, 7),
('product', 0, 30, 30, 'en', 0, 6),
('product', 0, 31, 31, 'en', 0, 6),
('product', 0, 32, 32, 'und', 0, 6),
('product', 0, 33, 33, 'und', 0, 7),
('product', 0, 34, 34, 'und', 0, 8),
('product', 0, 35, 35, 'und', 0, 6);

-- --------------------------------------------------------

--
-- Структура таблицы `commerce_product_variation__field_images`
--

CREATE TABLE `commerce_product_variation__field_images` (
  `bundle` varchar(128) CHARACTER SET ascii NOT NULL DEFAULT '' COMMENT 'The field instance bundle to which this row belongs, used when deleting a field instance',
  `deleted` tinyint(4) NOT NULL DEFAULT '0' COMMENT 'A boolean indicating whether this data item has been deleted',
  `entity_id` int(10) UNSIGNED NOT NULL COMMENT 'The entity id this data is attached to',
  `revision_id` int(10) UNSIGNED NOT NULL COMMENT 'The entity revision id this data is attached to, which for an unversioned entity type is the same as the entity id',
  `langcode` varchar(32) CHARACTER SET ascii NOT NULL DEFAULT '' COMMENT 'The language code for this data item.',
  `delta` int(10) UNSIGNED NOT NULL COMMENT 'The sequence number for this data item, used for multi-value fields',
  `field_images_target_id` int(10) UNSIGNED NOT NULL COMMENT 'The ID of the file entity.',
  `field_images_alt` varchar(512) DEFAULT NULL COMMENT 'Alternative image text, for the image''s ''alt'' attribute.',
  `field_images_title` varchar(1024) DEFAULT NULL COMMENT 'Image title text, for the image''s ''title'' attribute.',
  `field_images_width` int(10) UNSIGNED DEFAULT NULL COMMENT 'The width of the image in pixels.',
  `field_images_height` int(10) UNSIGNED DEFAULT NULL COMMENT 'The height of the image in pixels.'
) ENGINE=InnoDB DEFAULT CHARSET=utf8mb4 COMMENT='Data storage for commerce_product_variation field field…';

--
-- Дамп данных таблицы `commerce_product_variation__field_images`
--

INSERT INTO `commerce_product_variation__field_images` (`bundle`, `deleted`, `entity_id`, `revision_id`, `langcode`, `delta`, `field_images_target_id`, `field_images_alt`, `field_images_title`, `field_images_width`, `field_images_height`) VALUES
('product', 0, 2, 2, 'en', 0, 115, 'Product', '', 700, 900),
('product', 0, 2, 2, 'en', 1, 117, 'Product', '', 700, 900),
('product', 0, 2, 2, 'en', 2, 118, 'Product', '', 700, 900),
('product', 0, 2, 2, 'en', 3, 116, 'Product', '', 700, 900),
('product', 0, 3, 3, 'en', 0, 121, 'Product', '', 600, 600),
('product', 0, 4, 4, 'en', 0, 122, 'Product', '', 600, 600),
('product', 0, 5, 5, 'en', 0, 123, 'Product', '', 600, 600),
('product', 0, 6, 6, 'en', 0, 124, 'Product', '', 1200, 900),
('product', 0, 8, 8, 'en', 0, 126, 'Product', '', 600, 600),
('product', 0, 9, 9, 'en', 0, 127, 'Product', '', 600, 600),
('product', 0, 10, 10, 'en', 0, 128, 'Product', '', 600, 600),
('product', 0, 11, 11, 'en', 0, 129, 'Product', '', 600, 600),
('product', 0, 12, 12, 'en', 0, 130, 'Product', '', 1200, 900),
('product', 0, 13, 13, 'en', 0, 131, 'Product', '', 600, 500),
('product', 0, 14, 14, 'en', 0, 132, 'Product', '', 1200, 900),
('product', 0, 15, 15, 'en', 0, 133, 'Product', '', 1200, 900),
('product', 0, 16, 16, 'en', 0, 134, 'Product', '', 1200, 900),
('product', 0, 17, 17, 'en', 0, 135, 'Product', '', 1200, 900),
('product', 0, 18, 18, 'en', 0, 136, 'Product', '', 1920, 1080),
('product', 0, 19, 19, 'en', 0, 137, 'Product', '', 1200, 900),
('product', 0, 20, 20, 'en', 0, 138, 'Product', '', 1200, 900),
('product', 0, 21, 21, 'en', 0, 139, 'Product', '', 1200, 900),
('product', 0, 22, 22, 'en', 0, 140, 'Product', '', 1200, 900),
('product', 0, 23, 23, 'en', 0, 141, 'Product', '', 1200, 900),
('product', 0, 24, 24, 'en', 0, 142, 'Product', '', 1200, 900),
('product', 0, 25, 25, 'en', 0, 146, 'Product', '', 600, 600),
('product', 0, 25, 25, 'en', 1, 144, 'Product', '', 500, 500),
('product', 0, 25, 25, 'en', 2, 143, 'Product', '', 600, 600),
('product', 0, 25, 25, 'en', 3, 145, 'Product', '', 500, 500),
('product', 0, 26, 26, 'en', 0, 144, 'Product', '', 500, 500),
('product', 0, 26, 26, 'en', 1, 147, 'Product', '', 600, 600),
('product', 0, 26, 26, 'en', 2, 146, 'Product', '', 600, 600),
('product', 0, 26, 26, 'en', 3, 148, 'Product', '', 500, 500),
('product', 0, 27, 27, 'en', 0, 143, 'Product', '', 600, 600),
('product', 0, 27, 27, 'en', 1, 146, 'Product', '', 600, 600),
('product', 0, 27, 27, 'en', 2, 145, 'Product', '', 500, 500),
('product', 0, 27, 27, 'en', 3, 148, 'Product', '', 500, 500),
('product', 0, 28, 28, 'en', 0, 149, 'Product', '', 1200, 650),
('product', 0, 29, 29, 'en', 0, 150, 'Product', '', 1200, 650),
('product', 0, 30, 30, 'en', 0, 147, 'Product', '', 600, 600),
('product', 0, 30, 30, 'en', 1, 146, 'Product', '', 600, 600),
('product', 0, 31, 31, 'en', 0, 148, 'Product', '', 500, 500),
('product', 0, 31, 31, 'en', 1, 147, 'Product', '', 600, 600),
('product', 0, 31, 31, 'en', 2, 144, 'Product', '', 500, 500),
('product', 0, 31, 31, 'en', 3, 146, 'Product', '', 600, 600),
('product', 0, 32, 32, 'und', 0, 115, 'Product', '', 700, 900),
('product', 0, 32, 32, 'und', 1, 117, 'Product', '', 700, 900),
('product', 0, 32, 32, 'und', 2, 118, 'Product', '', 700, 900),
('product', 0, 32, 32, 'und', 3, 116, 'Product', '', 700, 900),
('product', 0, 33, 33, 'und', 0, 115, 'Product', '', 700, 900),
('product', 0, 34, 34, 'und', 0, 115, 'Product', '', 700, 900),
('product', 0, 35, 35, 'und', 0, 115, 'Product', '', 700, 900);

-- --------------------------------------------------------

--
-- Структура таблицы `commerce_product_variation__field_old_price`
--

CREATE TABLE `commerce_product_variation__field_old_price` (
  `bundle` varchar(128) CHARACTER SET ascii NOT NULL DEFAULT '' COMMENT 'The field instance bundle to which this row belongs, used when deleting a field instance',
  `deleted` tinyint(4) NOT NULL DEFAULT '0' COMMENT 'A boolean indicating whether this data item has been deleted',
  `entity_id` int(10) UNSIGNED NOT NULL COMMENT 'The entity id this data is attached to',
  `revision_id` int(10) UNSIGNED NOT NULL COMMENT 'The entity revision id this data is attached to, which for an unversioned entity type is the same as the entity id',
  `langcode` varchar(32) CHARACTER SET ascii NOT NULL DEFAULT '' COMMENT 'The language code for this data item.',
  `delta` int(10) UNSIGNED NOT NULL COMMENT 'The sequence number for this data item, used for multi-value fields',
  `field_old_price_number` decimal(19,6) DEFAULT NULL COMMENT 'The number.',
  `field_old_price_currency_code` varchar(3) DEFAULT NULL COMMENT 'The currency code.'
) ENGINE=InnoDB DEFAULT CHARSET=utf8mb4 COMMENT='Data storage for commerce_product_variation field field_old…';

--
-- Дамп данных таблицы `commerce_product_variation__field_old_price`
--

INSERT INTO `commerce_product_variation__field_old_price` (`bundle`, `deleted`, `entity_id`, `revision_id`, `langcode`, `delta`, `field_old_price_number`, `field_old_price_currency_code`) VALUES
('product', 0, 2, 2, 'en', 0, '100.000000', 'USD'),
('product', 0, 25, 25, 'en', 0, '600.000000', 'USD'),
('product', 0, 26, 26, 'en', 0, '850.000000', 'USD'),
('product', 0, 27, 27, 'en', 0, '638.000000', 'USD'),
('product', 0, 30, 30, 'en', 0, '650.000000', 'USD'),
('product', 0, 31, 31, 'en', 0, '960.000000', 'USD'),
('product', 0, 32, 32, 'und', 0, '100.000000', 'USD'),
('product', 0, 33, 33, 'und', 0, '100.000000', 'USD'),
('product', 0, 34, 34, 'und', 0, '100.000000', 'USD'),
('product', 0, 35, 35, 'und', 0, '100.000000', 'USD');

-- --------------------------------------------------------

--
-- Структура таблицы `commerce_product_variation__field_stock_amount`
--

CREATE TABLE `commerce_product_variation__field_stock_amount` (
  `bundle` varchar(128) CHARACTER SET ascii NOT NULL DEFAULT '' COMMENT 'The field instance bundle to which this row belongs, used when deleting a field instance',
  `deleted` tinyint(4) NOT NULL DEFAULT '0' COMMENT 'A boolean indicating whether this data item has been deleted',
  `entity_id` int(10) UNSIGNED NOT NULL COMMENT 'The entity id this data is attached to',
  `revision_id` int(10) UNSIGNED NOT NULL COMMENT 'The entity revision id this data is attached to, which for an unversioned entity type is the same as the entity id',
  `langcode` varchar(32) CHARACTER SET ascii NOT NULL DEFAULT '' COMMENT 'The language code for this data item.',
  `delta` int(10) UNSIGNED NOT NULL COMMENT 'The sequence number for this data item, used for multi-value fields',
  `field_stock_amount_value` int(11) NOT NULL
) ENGINE=InnoDB DEFAULT CHARSET=utf8mb4 COMMENT='Data storage for commerce_product_variation field field…';

--
-- Дамп данных таблицы `commerce_product_variation__field_stock_amount`
--

INSERT INTO `commerce_product_variation__field_stock_amount` (`bundle`, `deleted`, `entity_id`, `revision_id`, `langcode`, `delta`, `field_stock_amount_value`) VALUES
('product', 0, 2, 2, 'en', 0, 3),
('product', 0, 8, 8, 'en', 0, 3),
('product', 0, 9, 9, 'en', 0, 4),
('product', 0, 10, 10, 'en', 0, 2),
('product', 0, 11, 11, 'en', 0, 6),
('product', 0, 12, 12, 'en', 0, 6),
('product', 0, 13, 13, 'en', 0, 2),
('product', 0, 14, 14, 'en', 0, 1),
('product', 0, 15, 15, 'en', 0, 2),
('product', 0, 17, 17, 'en', 0, 6),
('product', 0, 19, 19, 'en', 0, 4),
('product', 0, 21, 21, 'en', 0, 5),
('product', 0, 22, 22, 'en', 0, 6),
('product', 0, 23, 23, 'en', 0, 1),
('product', 0, 29, 29, 'en', 0, 3),
('product', 0, 32, 32, 'und', 0, 5),
('product', 0, 33, 33, 'und', 0, 3),
('product', 0, 34, 34, 'und', 0, 2),
('product', 0, 35, 35, 'und', 0, 4);

-- --------------------------------------------------------

--
-- Структура таблицы `commerce_product__body`
--

CREATE TABLE `commerce_product__body` (
  `bundle` varchar(128) CHARACTER SET ascii NOT NULL DEFAULT '' COMMENT 'The field instance bundle to which this row belongs, used when deleting a field instance',
  `deleted` tinyint(4) NOT NULL DEFAULT '0' COMMENT 'A boolean indicating whether this data item has been deleted',
  `entity_id` int(10) UNSIGNED NOT NULL COMMENT 'The entity id this data is attached to',
  `revision_id` int(10) UNSIGNED NOT NULL COMMENT 'The entity revision id this data is attached to, which for an unversioned entity type is the same as the entity id',
  `langcode` varchar(32) CHARACTER SET ascii NOT NULL DEFAULT '' COMMENT 'The language code for this data item.',
  `delta` int(10) UNSIGNED NOT NULL COMMENT 'The sequence number for this data item, used for multi-value fields',
  `body_value` longtext NOT NULL,
  `body_summary` longtext,
  `body_format` varchar(255) CHARACTER SET ascii DEFAULT NULL
) ENGINE=InnoDB DEFAULT CHARSET=utf8mb4 COMMENT='Data storage for commerce_product field body.';

--
-- Дамп данных таблицы `commerce_product__body`
--

INSERT INTO `commerce_product__body` (`bundle`, `deleted`, `entity_id`, `revision_id`, `langcode`, `delta`, `body_value`, `body_summary`, `body_format`) VALUES
('product_display', 0, 2, 2, 'und', 0, '[html format=\"ckeditor\" different_values=\"0\" undefined=\"|{p class=\'rtecenter\'|}Lorem ipsum dolor sit amet, consectetuer adipiscing elit, sed diam nonummy nibh euismod tincidunt ut laoreet dolore magna aliquam erat volutpat. Ut wisi enim ad minim veniam, quis nostrud exerci tation ullamcorper suscipit lobortis nisl ut aliquip ex ea commodo consequat.|{/p|}|{p class=\'rtecenter\'|}Lorem ipsum dolor sit amet, consectetuer adipiscing elit, sed diam nonummy nibh euismod tincidunt ut laoreet dolore magna aliquam erat volutpat. Ut wisi enim ad minim veniam, quis nostrud exerci tation ullamcorper suscipit lobortis nisl ut aliquip ex ea commodo consequat. Lorem ipsum dolor sit amet, consectetuer adipiscing elit, sed diam nonummy nibh euismod tincidunt ut laoreet dolore magna aliquam erat volutpat. Ut wisi enim ad minim veniam, quis nostrud exerci tation ullamcorper suscipit lobortis nisl ut aliquip ex ea commodo consequat.|{/p|}\"]<p class=\"rtecenter\">Lorem ipsum dolor sit amet, consectetuer adipiscing elit, sed diam nonummy nibh euismod tincidunt ut laoreet dolore magna aliquam erat volutpat. Ut wisi enim ad minim veniam, quis nostrud exerci tation ullamcorper suscipit lobortis nisl ut aliquip ex ea commodo consequat.</p><p class=\"rtecenter\">Lorem ipsum dolor sit amet, consectetuer adipiscing elit, sed diam nonummy nibh euismod tincidunt ut laoreet dolore magna aliquam erat volutpat. Ut wisi enim ad minim veniam, quis nostrud exerci tation ullamcorper suscipit lobortis nisl ut aliquip ex ea commodo consequat. Lorem ipsum dolor sit amet, consectetuer adipiscing elit, sed diam nonummy nibh euismod tincidunt ut laoreet dolore magna aliquam erat volutpat. Ut wisi enim ad minim veniam, quis nostrud exerci tation ullamcorper suscipit lobortis nisl ut aliquip ex ea commodo consequat.</p>[/html]\r\n[nd_div vertical_align=\"0\" bg_color=\"c-bg-dark\" full_width=\"1\" different_values=\"0\" style_margin_top=\"60\" bg_full_width=\"1\"]\r\n[nd_container different_values=\"0\" style_padding_top=\"20\" style_padding_bottom=\"20\"]\r\n[row different_values=\"0\"]\r\n[col desktop=\"6\" different_values=\"0\"]\r\n[nd_image float=\" \" fid=\"119\" different_values=\"0\"]\r\n[/nd_image]\r\n[/col]\r\n[col desktop=\"6\" different_values=\"0\"]\r\n[nd_title title=\"INCREDIBLY VERSATILE\" underline=\"c-line-left c-theme-bg\" label_align=\"c-left\" bg_color=\"blue\" different_values=\"0\" color=\"c-font-white\" style_margin_top=\"40\"]\r\n[/nd_title]\r\n[html format=\"ckeditor\" p_color=\"c-font-grey\" different_values=\"0\"]<p>Lorem ipsum dolor sit amet, consectetuer adipiscing elit, sed diam nonummy nibh euismod tincidunt ut laoreet dolore magna aliquam erat volutpat. Ut wisi enim ad minim veniam, quis nostrud exerci tation ullamcorper suscipit lobortis nisl ut aliquip ex ea commodo consequat. Lorem ipsum dolor sit amet, consectetuer adipiscing elit, sed diam nonummy nibh euismod tincidunt ut laoreet dolore magna aliquam erat volutpat. Ut wisi enim ad minim veniam, quis nostrud exerci tation ullamcorper suscipit lobortis nisl ut aliquip ex ea commodo consequat.</p>[/html]\r\n[nd_button button_type=\"button\" size=\"btn-lg\" color=\"c-theme-btn\" text=\"Add to cart\" link=\"#top\" variants=\" btn-default\" uppercase=\"1\" bold=\"1\" block=\"0\" different_values=\"0\" display=\"c-btn-square\" style_margin_top=\"20\"]\r\n[/nd_button]\r\n[/col]\r\n[/row]\r\n[/nd_container]\r\n[/nd_div]\r\n[nd_div vertical_align=\"0\" bg_color=\"c-bg-grey\" full_width=\"1\" different_values=\"0\" bg_full_width=\"1\"]\r\n[nd_container different_values=\"0\" style_padding_top=\"20\"]\r\n[row different_values=\"0\"]\r\n[col desktop=\"6\" different_values=\"0\" text_align=\"right\"]\r\n[nd_title title=\"HIGH QUALITY\" underline=\"c-line-right c-theme-bg\" label_align=\"c-right\" bg_color=\"blue\" different_values=\"0\" style_margin_top=\"40\"]\r\n[/nd_title]\r\n[html format=\"ckeditor\" different_values=\"0\"]<p class=\"rteright\">Lorem ipsum dolor sit amet, consectetuer adipiscing elit, sed diam nonummy nibh euismod tincidunt ut laoreet dolore magna aliquam erat volutpat. Ut wisi enim ad minim veniam, quis nostrud exerci tation ullamcorper suscipit lobortis nisl ut aliquip ex ea commodo consequat. Lorem ipsum dolor sit amet, consectetuer adipiscing elit, sed diam nonummy nibh euismod tincidunt ut laoreet dolore magna aliquam erat volutpat. Ut wisi enim ad minim veniam, quis nostrud exerci tation ullamcorper suscipit lobortis nisl ut aliquip ex ea commodo consequat.</p>[/html]\r\n[nd_button button_type=\"button\" size=\"btn-lg\" color=\"c-theme-btn\" text=\"Add to cart\" link=\"#top\" variants=\" btn-default\" uppercase=\"1\" bold=\"1\" block=\"0\" different_values=\"0\" display=\"c-btn-square\" style_margin_top=\"20\" text_align=\"right\" extra_classes=\"c-float-r\"]\r\n[/nd_button]\r\n[/col]\r\n[col desktop=\"6\" different_values=\"0\"]\r\n[nd_image float=\" \" fid=\"120\" different_values=\"0\"]\r\n[/nd_image]\r\n[/col]\r\n[/row]\r\n[/nd_container]\r\n[/nd_div]\r\n ', '', 'shortcode_dynamic'),
('product_display', 0, 28, 28, 'und', 0, '<p>Lorem ipsum dolor sit amet, consectetuer adipiscing elit sed diam nonummy et nibh euismod aliquam erat volutpat.</p>\r\n\r\n<p>Dolor sit amet, consectetuer adipiscing elit sed diam nonummy</p>\r\n\r\n<hr />\r\n<p>&nbsp;</p>\r\n', '', 'full_html'),
('product_display', 0, 29, 29, 'und', 0, '<p>Lorem ipsum dolor sit amet, consectetuer adipiscing elit sed diam nonummy et nibh euismod aliquam erat volutpat.</p>\r\n\r\n<p>Dolor sit amet, consectetuer adipiscing elit sed diam nonummy</p>\r\n\r\n<hr />\r\n<p>&nbsp;</p>\r\n', '', 'full_html');

-- --------------------------------------------------------

--
-- Структура таблицы `commerce_product__field_colors`
--

CREATE TABLE `commerce_product__field_colors` (
  `bundle` varchar(128) CHARACTER SET ascii NOT NULL DEFAULT '' COMMENT 'The field instance bundle to which this row belongs, used when deleting a field instance',
  `deleted` tinyint(4) NOT NULL DEFAULT '0' COMMENT 'A boolean indicating whether this data item has been deleted',
  `entity_id` int(10) UNSIGNED NOT NULL COMMENT 'The entity id this data is attached to',
  `revision_id` int(10) UNSIGNED NOT NULL COMMENT 'The entity revision id this data is attached to, which for an unversioned entity type is the same as the entity id',
  `langcode` varchar(32) CHARACTER SET ascii NOT NULL DEFAULT '' COMMENT 'The language code for this data item.',
  `delta` int(10) UNSIGNED NOT NULL COMMENT 'The sequence number for this data item, used for multi-value fields',
  `field_colors_value` varchar(255) NOT NULL
) ENGINE=InnoDB DEFAULT CHARSET=utf8mb4 COMMENT='Data storage for commerce_product field field_colors.';

-- --------------------------------------------------------

--
-- Структура таблицы `commerce_product__field_new_label`
--

CREATE TABLE `commerce_product__field_new_label` (
  `bundle` varchar(128) CHARACTER SET ascii NOT NULL DEFAULT '' COMMENT 'The field instance bundle to which this row belongs, used when deleting a field instance',
  `deleted` tinyint(4) NOT NULL DEFAULT '0' COMMENT 'A boolean indicating whether this data item has been deleted',
  `entity_id` int(10) UNSIGNED NOT NULL COMMENT 'The entity id this data is attached to',
  `revision_id` int(10) UNSIGNED NOT NULL COMMENT 'The entity revision id this data is attached to, which for an unversioned entity type is the same as the entity id',
  `langcode` varchar(32) CHARACTER SET ascii NOT NULL DEFAULT '' COMMENT 'The language code for this data item.',
  `delta` int(10) UNSIGNED NOT NULL COMMENT 'The sequence number for this data item, used for multi-value fields',
  `field_new_label_value` tinyint(4) NOT NULL
) ENGINE=InnoDB DEFAULT CHARSET=utf8mb4 COMMENT='Data storage for commerce_product field field_new_label.';

--
-- Дамп данных таблицы `commerce_product__field_new_label`
--

INSERT INTO `commerce_product__field_new_label` (`bundle`, `deleted`, `entity_id`, `revision_id`, `langcode`, `delta`, `field_new_label_value`) VALUES
('product_display', 0, 2, 2, 'und', 0, 1),
('product_display', 0, 3, 3, 'und', 0, 0),
('product_display', 0, 4, 4, 'und', 0, 0),
('product_display', 0, 5, 5, 'und', 0, 0),
('product_display', 0, 6, 6, 'und', 0, 0),
('product_display', 0, 8, 8, 'und', 0, 0),
('product_display', 0, 9, 9, 'und', 0, 0),
('product_display', 0, 10, 10, 'und', 0, 0),
('product_display', 0, 11, 11, 'und', 0, 0),
('product_display', 0, 12, 12, 'und', 0, 0),
('product_display', 0, 13, 13, 'und', 0, 0),
('product_display', 0, 14, 14, 'und', 0, 0),
('product_display', 0, 15, 15, 'und', 0, 0),
('product_display', 0, 16, 16, 'und', 0, 0),
('product_display', 0, 17, 17, 'und', 0, 0),
('product_display', 0, 18, 18, 'und', 0, 0),
('product_display', 0, 19, 19, 'und', 0, 0),
('product_display', 0, 20, 20, 'und', 0, 0),
('product_display', 0, 21, 21, 'und', 0, 0),
('product_display', 0, 22, 22, 'und', 0, 0),
('product_display', 0, 23, 23, 'und', 0, 0),
('product_display', 0, 24, 24, 'und', 0, 0),
('product_display', 0, 25, 25, 'und', 0, 0),
('product_display', 0, 26, 26, 'und', 0, 1),
('product_display', 0, 27, 27, 'und', 0, 1),
('product_display', 0, 28, 28, 'und', 0, 0),
('product_display', 0, 29, 29, 'und', 0, 0),
('product_display', 0, 30, 30, 'und', 0, 0),
('product_display', 0, 31, 31, 'und', 0, 1);

-- --------------------------------------------------------

--
-- Структура таблицы `commerce_product__field_product_category`
--

CREATE TABLE `commerce_product__field_product_category` (
  `bundle` varchar(128) CHARACTER SET ascii NOT NULL DEFAULT '' COMMENT 'The field instance bundle to which this row belongs, used when deleting a field instance',
  `deleted` tinyint(4) NOT NULL DEFAULT '0' COMMENT 'A boolean indicating whether this data item has been deleted',
  `entity_id` int(10) UNSIGNED NOT NULL COMMENT 'The entity id this data is attached to',
  `revision_id` int(10) UNSIGNED NOT NULL COMMENT 'The entity revision id this data is attached to, which for an unversioned entity type is the same as the entity id',
  `langcode` varchar(32) CHARACTER SET ascii NOT NULL DEFAULT '' COMMENT 'The language code for this data item.',
  `delta` int(10) UNSIGNED NOT NULL COMMENT 'The sequence number for this data item, used for multi-value fields',
  `field_product_category_target_id` int(10) UNSIGNED NOT NULL COMMENT 'The ID of the target entity.'
) ENGINE=InnoDB DEFAULT CHARSET=utf8mb4 COMMENT='Data storage for commerce_product field field_product…';

--
-- Дамп данных таблицы `commerce_product__field_product_category`
--

INSERT INTO `commerce_product__field_product_category` (`bundle`, `deleted`, `entity_id`, `revision_id`, `langcode`, `delta`, `field_product_category_target_id`) VALUES
('product_display', 0, 2, 2, 'und', 0, 13),
('product_display', 0, 2, 2, 'und', 1, 14),
('product_display', 0, 3, 3, 'und', 0, 20),
('product_display', 0, 4, 4, 'und', 0, 20),
('product_display', 0, 5, 5, 'und', 0, 20),
('product_display', 0, 6, 6, 'und', 0, 13),
('product_display', 0, 8, 8, 'und', 0, 19),
('product_display', 0, 9, 9, 'und', 0, 19),
('product_display', 0, 10, 10, 'und', 0, 19),
('product_display', 0, 11, 11, 'und', 0, 12),
('product_display', 0, 11, 11, 'und', 1, 13),
('product_display', 0, 12, 12, 'und', 0, 13),
('product_display', 0, 12, 12, 'und', 1, 14),
('product_display', 0, 13, 13, 'und', 0, 14),
('product_display', 0, 13, 13, 'und', 1, 17),
('product_display', 0, 14, 14, 'und', 0, 14),
('product_display', 0, 15, 15, 'und', 0, 17),
('product_display', 0, 16, 16, 'und', 0, 17),
('product_display', 0, 17, 17, 'und', 0, 12),
('product_display', 0, 18, 18, 'und', 0, 12),
('product_display', 0, 19, 19, 'und', 0, 11),
('product_display', 0, 21, 21, 'und', 0, 11),
('product_display', 0, 22, 22, 'und', 0, 11),
('product_display', 0, 23, 23, 'und', 0, 11),
('product_display', 0, 24, 24, 'und', 0, 11),
('product_display', 0, 25, 25, 'und', 0, 13),
('product_display', 0, 25, 25, 'und', 1, 14),
('product_display', 0, 26, 26, 'und', 0, 13),
('product_display', 0, 26, 26, 'und', 1, 14),
('product_display', 0, 26, 26, 'und', 2, 16),
('product_display', 0, 27, 27, 'und', 0, 14),
('product_display', 0, 27, 27, 'und', 1, 16),
('product_display', 0, 27, 27, 'und', 2, 17),
('product_display', 0, 28, 28, 'und', 0, 21),
('product_display', 0, 29, 29, 'und', 0, 21),
('product_display', 0, 30, 30, 'und', 0, 12),
('product_display', 0, 30, 30, 'und', 1, 13),
('product_display', 0, 31, 31, 'und', 0, 14),
('product_display', 0, 31, 31, 'und', 1, 16),
('product_display', 0, 31, 31, 'und', 2, 17),
('product_display', 0, 31, 31, 'und', 3, 18);

-- --------------------------------------------------------

--
-- Структура таблицы `commerce_product__field_rating`
--

CREATE TABLE `commerce_product__field_rating` (
  `bundle` varchar(128) CHARACTER SET ascii NOT NULL DEFAULT '' COMMENT 'The field instance bundle to which this row belongs, used when deleting a field instance',
  `deleted` tinyint(4) NOT NULL DEFAULT '0' COMMENT 'A boolean indicating whether this data item has been deleted',
  `entity_id` int(10) UNSIGNED NOT NULL COMMENT 'The entity id this data is attached to',
  `revision_id` int(10) UNSIGNED NOT NULL COMMENT 'The entity revision id this data is attached to, which for an unversioned entity type is the same as the entity id',
  `langcode` varchar(32) CHARACTER SET ascii NOT NULL DEFAULT '' COMMENT 'The language code for this data item.',
  `delta` int(10) UNSIGNED NOT NULL COMMENT 'The sequence number for this data item, used for multi-value fields',
  `field_rating_rating` int(10) UNSIGNED DEFAULT NULL,
  `field_rating_target` int(10) UNSIGNED DEFAULT NULL
) ENGINE=InnoDB DEFAULT CHARSET=utf8mb4 COMMENT='Data storage for commerce_product field field_rating.';

--
-- Дамп данных таблицы `commerce_product__field_rating`
--

INSERT INTO `commerce_product__field_rating` (`bundle`, `deleted`, `entity_id`, `revision_id`, `langcode`, `delta`, `field_rating_rating`, `field_rating_target`) VALUES
('product_display', 0, 2, 2, 'und', 0, 20, NULL),
('product_display', 0, 3, 3, 'und', 0, 20, NULL),
('product_display', 0, 4, 4, 'und', 0, 20, NULL),
('product_display', 0, 5, 5, 'und', 0, 20, NULL),
('product_display', 0, 6, 6, 'und', 0, 20, NULL),
('product_display', 0, 8, 8, 'und', 0, 20, NULL),
('product_display', 0, 9, 9, 'und', 0, 20, NULL),
('product_display', 0, 10, 10, 'und', 0, 20, NULL),
('product_display', 0, 11, 11, 'und', 0, 20, NULL),
('product_display', 0, 12, 12, 'und', 0, 20, NULL),
('product_display', 0, 13, 13, 'und', 0, 20, NULL),
('product_display', 0, 14, 14, 'und', 0, 20, NULL),
('product_display', 0, 15, 15, 'und', 0, 20, NULL),
('product_display', 0, 16, 16, 'und', 0, 20, NULL),
('product_display', 0, 17, 17, 'und', 0, 20, NULL),
('product_display', 0, 18, 18, 'und', 0, 20, NULL),
('product_display', 0, 19, 19, 'und', 0, 20, NULL),
('product_display', 0, 20, 20, 'und', 0, 20, NULL),
('product_display', 0, 21, 21, 'und', 0, 20, NULL),
('product_display', 0, 22, 22, 'und', 0, 20, NULL),
('product_display', 0, 23, 23, 'und', 0, 20, NULL),
('product_display', 0, 24, 24, 'und', 0, 20, NULL),
('product_display', 0, 25, 25, 'und', 0, 20, NULL),
('product_display', 0, 26, 26, 'und', 0, 20, NULL),
('product_display', 0, 27, 27, 'und', 0, 20, NULL),
('product_display', 0, 28, 28, 'und', 0, 20, NULL),
('product_display', 0, 29, 29, 'und', 0, 20, NULL),
('product_display', 0, 30, 30, 'und', 0, 20, NULL),
('product_display', 0, 31, 31, 'und', 0, 20, NULL);

-- --------------------------------------------------------

--
-- Структура таблицы `commerce_product__field_reviews`
--

CREATE TABLE `commerce_product__field_reviews` (
  `bundle` varchar(128) CHARACTER SET ascii NOT NULL DEFAULT '' COMMENT 'The field instance bundle to which this row belongs, used when deleting a field instance',
  `deleted` tinyint(4) NOT NULL DEFAULT '0' COMMENT 'A boolean indicating whether this data item has been deleted',
  `entity_id` int(10) UNSIGNED NOT NULL COMMENT 'The entity id this data is attached to',
  `revision_id` int(10) UNSIGNED NOT NULL COMMENT 'The entity revision id this data is attached to, which for an unversioned entity type is the same as the entity id',
  `langcode` varchar(32) CHARACTER SET ascii NOT NULL DEFAULT '' COMMENT 'The language code for this data item.',
  `delta` int(10) UNSIGNED NOT NULL COMMENT 'The sequence number for this data item, used for multi-value fields',
  `field_reviews_status` int(11) NOT NULL DEFAULT '0' COMMENT 'Whether comments are allowed on this entity: 0 = no, 1 = closed (read only), 2 = open (read/write).'
) ENGINE=InnoDB DEFAULT CHARSET=utf8mb4 COMMENT='Data storage for commerce_product field field_reviews.';

-- --------------------------------------------------------

--
-- Структура таблицы `commerce_product__field_sale_label`
--

CREATE TABLE `commerce_product__field_sale_label` (
  `bundle` varchar(128) CHARACTER SET ascii NOT NULL DEFAULT '' COMMENT 'The field instance bundle to which this row belongs, used when deleting a field instance',
  `deleted` tinyint(4) NOT NULL DEFAULT '0' COMMENT 'A boolean indicating whether this data item has been deleted',
  `entity_id` int(10) UNSIGNED NOT NULL COMMENT 'The entity id this data is attached to',
  `revision_id` int(10) UNSIGNED NOT NULL COMMENT 'The entity revision id this data is attached to, which for an unversioned entity type is the same as the entity id',
  `langcode` varchar(32) CHARACTER SET ascii NOT NULL DEFAULT '' COMMENT 'The language code for this data item.',
  `delta` int(10) UNSIGNED NOT NULL COMMENT 'The sequence number for this data item, used for multi-value fields',
  `field_sale_label_value` tinyint(4) NOT NULL
) ENGINE=InnoDB DEFAULT CHARSET=utf8mb4 COMMENT='Data storage for commerce_product field field_sale_label.';

--
-- Дамп данных таблицы `commerce_product__field_sale_label`
--

INSERT INTO `commerce_product__field_sale_label` (`bundle`, `deleted`, `entity_id`, `revision_id`, `langcode`, `delta`, `field_sale_label_value`) VALUES
('product_display', 0, 2, 2, 'und', 0, 1),
('product_display', 0, 3, 3, 'und', 0, 0),
('product_display', 0, 4, 4, 'und', 0, 0),
('product_display', 0, 5, 5, 'und', 0, 0),
('product_display', 0, 6, 6, 'und', 0, 0),
('product_display', 0, 8, 8, 'und', 0, 0),
('product_display', 0, 9, 9, 'und', 0, 0),
('product_display', 0, 10, 10, 'und', 0, 0),
('product_display', 0, 11, 11, 'und', 0, 0),
('product_display', 0, 12, 12, 'und', 0, 0),
('product_display', 0, 13, 13, 'und', 0, 0),
('product_display', 0, 14, 14, 'und', 0, 0),
('product_display', 0, 15, 15, 'und', 0, 0),
('product_display', 0, 16, 16, 'und', 0, 0),
('product_display', 0, 17, 17, 'und', 0, 0),
('product_display', 0, 18, 18, 'und', 0, 0),
('product_display', 0, 19, 19, 'und', 0, 0),
('product_display', 0, 20, 20, 'und', 0, 0),
('product_display', 0, 21, 21, 'und', 0, 0),
('product_display', 0, 22, 22, 'und', 0, 0),
('product_display', 0, 23, 23, 'und', 0, 0),
('product_display', 0, 24, 24, 'und', 0, 0),
('product_display', 0, 25, 25, 'und', 0, 0),
('product_display', 0, 26, 26, 'und', 0, 0),
('product_display', 0, 27, 27, 'und', 0, 1),
('product_display', 0, 28, 28, 'und', 0, 0),
('product_display', 0, 29, 29, 'und', 0, 0),
('product_display', 0, 30, 30, 'und', 0, 0),
('product_display', 0, 31, 31, 'und', 0, 1);

-- --------------------------------------------------------

--
-- Структура таблицы `commerce_product__field_short_description`
--

CREATE TABLE `commerce_product__field_short_description` (
  `bundle` varchar(128) CHARACTER SET ascii NOT NULL DEFAULT '' COMMENT 'The field instance bundle to which this row belongs, used when deleting a field instance',
  `deleted` tinyint(4) NOT NULL DEFAULT '0' COMMENT 'A boolean indicating whether this data item has been deleted',
  `entity_id` int(10) UNSIGNED NOT NULL COMMENT 'The entity id this data is attached to',
  `revision_id` int(10) UNSIGNED NOT NULL COMMENT 'The entity revision id this data is attached to, which for an unversioned entity type is the same as the entity id',
  `langcode` varchar(32) CHARACTER SET ascii NOT NULL DEFAULT '' COMMENT 'The language code for this data item.',
  `delta` int(10) UNSIGNED NOT NULL COMMENT 'The sequence number for this data item, used for multi-value fields',
  `field_short_description_value` longtext NOT NULL,
  `field_short_description_format` varchar(255) CHARACTER SET ascii DEFAULT NULL
) ENGINE=InnoDB DEFAULT CHARSET=utf8mb4 COMMENT='Data storage for commerce_product field field_short…';

--
-- Дамп данных таблицы `commerce_product__field_short_description`
--

INSERT INTO `commerce_product__field_short_description` (`bundle`, `deleted`, `entity_id`, `revision_id`, `langcode`, `delta`, `field_short_description_value`, `field_short_description_format`) VALUES
('product_display', 0, 2, 2, 'und', 0, '<p>Lorem ipsum dolor ut sit ame dolore adipiscing elit, sed nonumy nibh sed euismod laoreet dolore magna aliquarm erat volutpat Nostrud duis molestie at dolore.</p>\r\n', 'ckeditor'),
('product_display', 0, 3, 3, 'und', 0, '<p>Lorem ipsum dolor sit amet, consectetur adipiscing elit, eiusmod tempor incididunt ut labore et dolore magna aliqua. Lorem ipsum dolor sit amet.</p>\r\n', 'ckeditor'),
('product_display', 0, 5, 5, 'und', 0, '<p>Lorem ipsum dolor sit amet, consectetur adipiscing elit, eiusmod tempor incididunt ut labore et dolore magna aliqua. Lorem ipsum dolor sit amet.</p>\r\n', 'ckeditor'),
('product_display', 0, 6, 6, 'und', 0, '<p>Lorem ipsum dolor ut sit ame dolore adipiscing elit, sed nonumy nibh sed euismod laoreet dolore magna aliquarm erat volutpat Nostrud duis molestie at dolore.</p>\r\n', 'ckeditor'),
('product_display', 0, 8, 8, 'und', 0, '<p>Lorem ipsum dolor ut sit ame dolore adipiscing elit, sed nonumy nibh sed euismod laoreet dolore magna aliquarm erat volutpat Nostrud duis molestie at dolore.</p>\r\n', 'ckeditor'),
('product_display', 0, 9, 9, 'und', 0, '<p>Lorem ipsum dolor ut sit ame dolore adipiscing elit, sed nonumy nibh sed euismod laoreet dolore magna aliquarm erat volutpat Nostrud duis molestie at dolore.</p>\r\n', 'ckeditor'),
('product_display', 0, 10, 10, 'und', 0, '<p>Lorem ipsum dolor ut sit ame dolore adipiscing elit, sed nonumy nibh sed euismod laoreet dolore magna aliquarm erat volutpat Nostrud duis molestie at dolore.</p>\r\n', 'ckeditor'),
('product_display', 0, 11, 11, 'und', 0, '<p>Lorem ipsum dolor ut sit ame dolore adipiscing elit, sed nonumy nibh sed euismod laoreet dolore magna aliquarm erat volutpat Nostrud duis molestie at dolore.</p>\r\n', 'ckeditor'),
('product_display', 0, 12, 12, 'und', 0, '<p>Lorem ipsum dolor ut sit ame dolore adipiscing elit, sed nonumy nibh sed euismod laoreet dolore magna aliquarm erat volutpat Nostrud duis molestie at dolore.</p>\r\n', 'ckeditor'),
('product_display', 0, 13, 13, 'und', 0, '<p>Lorem ipsum dolor ut sit ame dolore adipiscing elit, sed nonumy nibh sed euismod laoreet dolore magna aliquarm erat volutpat Nostrud duis molestie at dolore.</p>\r\n', 'ckeditor'),
('product_display', 0, 14, 14, 'und', 0, '<p>Lorem ipsum dolor ut sit ame dolore adipiscing elit, sed nonumy nibh sed euismod laoreet dolore magna aliquarm erat volutpat Nostrud duis molestie at dolore.</p>\r\n', 'ckeditor'),
('product_display', 0, 15, 15, 'und', 0, '<p>Lorem ipsum dolor ut sit ame dolore adipiscing elit, sed nonumy nibh sed euismod laoreet dolore magna aliquarm erat volutpat Nostrud duis molestie at dolore.</p>\r\n', 'ckeditor'),
('product_display', 0, 16, 16, 'und', 0, '<p>Lorem ipsum dolor ut sit ame dolore adipiscing elit, sed nonumy nibh sed euismod laoreet dolore magna aliquarm erat volutpat Nostrud duis molestie at dolore.</p>\r\n', 'ckeditor'),
('product_display', 0, 17, 17, 'und', 0, '<p>Lorem ipsum dolor ut sit ame dolore adipiscing elit, sed nonumy nibh sed euismod laoreet dolore magna aliquarm erat volutpat Nostrud duis molestie at dolore.</p>\r\n', 'ckeditor'),
('product_display', 0, 18, 18, 'und', 0, '<p>Lorem ipsum dolor ut sit ame dolore adipiscing elit, sed nonumy nibh sed euismod laoreet dolore magna aliquarm erat volutpat Nostrud duis molestie at dolore.</p>\r\n', 'ckeditor'),
('product_display', 0, 19, 19, 'und', 0, '<p>Lorem ipsum dolor ut sit ame dolore adipiscing elit, sed nonumy nibh sed euismod laoreet dolore magna aliquarm erat volutpat Nostrud duis molestie at dolore.</p>\r\n', 'ckeditor'),
('product_display', 0, 20, 20, 'und', 0, '<p>Lorem ipsum dolor ut sit ame dolore adipiscing elit, sed nonumy nibh sed euismod laoreet dolore magna aliquarm erat volutpat Nostrud duis molestie at dolore.</p>\r\n', 'ckeditor'),
('product_display', 0, 21, 21, 'und', 0, '<p>Lorem ipsum dolor ut sit ame dolore adipiscing elit, sed nonumy nibh sed euismod laoreet dolore magna aliquarm erat volutpat Nostrud duis molestie at dolore.</p>\r\n', 'ckeditor'),
('product_display', 0, 22, 22, 'und', 0, '<p>Lorem ipsum dolor ut sit ame dolore adipiscing elit, sed nonumy nibh sed euismod laoreet dolore magna aliquarm erat volutpat Nostrud duis molestie at dolore.</p>\r\n', 'ckeditor'),
('product_display', 0, 23, 23, 'und', 0, '<p>Lorem ipsum dolor ut sit ame dolore adipiscing elit, sed nonumy nibh sed euismod laoreet dolore magna aliquarm erat volutpat Nostrud duis molestie at dolore.</p>\r\n', 'ckeditor'),
('product_display', 0, 24, 24, 'und', 0, '<p>Lorem ipsum dolor ut sit ame dolore adipiscing elit, sed nonumy nibh sed euismod laoreet dolore magna aliquarm erat volutpat Nostrud duis molestie at dolore.</p>\r\n', 'ckeditor'),
('product_display', 0, 25, 25, 'und', 0, '<p>Lorem ipsum dolor ut sit ame dolore adipiscing elit, sed nonumy nibh sed euismod laoreet dolore magna aliquarm erat volutpat Nostrud duis molestie at dolore.</p>\r\n', 'ckeditor'),
('product_display', 0, 26, 26, 'und', 0, '<p>Lorem ipsum dolor sit amet, consectetur adipiscing elit, eiusmod tempor incididunt ut labore et dolore magna aliqua. Lorem ipsum dolor sit amet.</p>\r\n', 'ckeditor'),
('product_display', 0, 27, 27, 'und', 0, '<p>Lorem ipsum dolor sit amet, consectetur adipiscing elit, eiusmod tempor incididunt ut labore et dolore magna aliqua. Lorem ipsum dolor sit amet.</p>\r\n', 'ckeditor');

-- --------------------------------------------------------

--
-- Структура таблицы `commerce_product__field_sizes`
--

CREATE TABLE `commerce_product__field_sizes` (
  `bundle` varchar(128) CHARACTER SET ascii NOT NULL DEFAULT '' COMMENT 'The field instance bundle to which this row belongs, used when deleting a field instance',
  `deleted` tinyint(4) NOT NULL DEFAULT '0' COMMENT 'A boolean indicating whether this data item has been deleted',
  `entity_id` int(10) UNSIGNED NOT NULL COMMENT 'The entity id this data is attached to',
  `revision_id` int(10) UNSIGNED NOT NULL COMMENT 'The entity revision id this data is attached to, which for an unversioned entity type is the same as the entity id',
  `langcode` varchar(32) CHARACTER SET ascii NOT NULL DEFAULT '' COMMENT 'The language code for this data item.',
  `delta` int(10) UNSIGNED NOT NULL COMMENT 'The sequence number for this data item, used for multi-value fields',
  `field_sizes_value` varchar(255) NOT NULL
) ENGINE=InnoDB DEFAULT CHARSET=utf8mb4 COMMENT='Data storage for commerce_product field field_sizes.';

-- --------------------------------------------------------

--
-- Структура таблицы `commerce_product__stores`
--

CREATE TABLE `commerce_product__stores` (
  `bundle` varchar(128) CHARACTER SET ascii NOT NULL DEFAULT '' COMMENT 'The field instance bundle to which this row belongs, used when deleting a field instance',
  `deleted` tinyint(4) NOT NULL DEFAULT '0' COMMENT 'A boolean indicating whether this data item has been deleted',
  `entity_id` int(10) UNSIGNED NOT NULL COMMENT 'The entity id this data is attached to',
  `revision_id` int(10) UNSIGNED NOT NULL COMMENT 'The entity revision id this data is attached to, which for an unversioned entity type is the same as the entity id',
  `langcode` varchar(32) CHARACTER SET ascii NOT NULL DEFAULT '' COMMENT 'The language code for this data item.',
  `delta` int(10) UNSIGNED NOT NULL COMMENT 'The sequence number for this data item, used for multi-value fields',
  `stores_target_id` int(10) UNSIGNED NOT NULL COMMENT 'The ID of the target entity.'
) ENGINE=InnoDB DEFAULT CHARSET=utf8mb4 COMMENT='Data storage for commerce_product field stores.';

--
-- Дамп данных таблицы `commerce_product__stores`
--

INSERT INTO `commerce_product__stores` (`bundle`, `deleted`, `entity_id`, `revision_id`, `langcode`, `delta`, `stores_target_id`) VALUES
('product_display', 0, 2, 2, 'und', 0, 1),
('product_display', 0, 3, 3, 'und', 0, 1),
('product_display', 0, 4, 4, 'und', 0, 1),
('product_display', 0, 5, 5, 'und', 0, 1),
('product_display', 0, 6, 6, 'und', 0, 1),
('product_display', 0, 8, 8, 'und', 0, 1),
('product_display', 0, 9, 9, 'und', 0, 1),
('product_display', 0, 10, 10, 'und', 0, 1),
('product_display', 0, 11, 11, 'und', 0, 1),
('product_display', 0, 12, 12, 'und', 0, 1),
('product_display', 0, 13, 13, 'und', 0, 1),
('product_display', 0, 14, 14, 'und', 0, 1),
('product_display', 0, 15, 15, 'und', 0, 1),
('product_display', 0, 16, 16, 'und', 0, 1),
('product_display', 0, 17, 17, 'und', 0, 1),
('product_display', 0, 18, 18, 'und', 0, 1),
('product_display', 0, 19, 19, 'und', 0, 1),
('product_display', 0, 20, 20, 'und', 0, 1),
('product_display', 0, 21, 21, 'und', 0, 1),
('product_display', 0, 22, 22, 'und', 0, 1),
('product_display', 0, 23, 23, 'und', 0, 1),
('product_display', 0, 24, 24, 'und', 0, 1),
('product_display', 0, 25, 25, 'und', 0, 1),
('product_display', 0, 26, 26, 'und', 0, 1),
('product_display', 0, 27, 27, 'und', 0, 1),
('product_display', 0, 28, 28, 'und', 0, 1),
('product_display', 0, 29, 29, 'und', 0, 1),
('product_display', 0, 30, 30, 'und', 0, 1),
('product_display', 0, 31, 31, 'und', 0, 1);

-- --------------------------------------------------------

--
-- Структура таблицы `commerce_product__variations`
--

CREATE TABLE `commerce_product__variations` (
  `bundle` varchar(128) CHARACTER SET ascii NOT NULL DEFAULT '' COMMENT 'The field instance bundle to which this row belongs, used when deleting a field instance',
  `deleted` tinyint(4) NOT NULL DEFAULT '0' COMMENT 'A boolean indicating whether this data item has been deleted',
  `entity_id` int(10) UNSIGNED NOT NULL COMMENT 'The entity id this data is attached to',
  `revision_id` int(10) UNSIGNED NOT NULL COMMENT 'The entity revision id this data is attached to, which for an unversioned entity type is the same as the entity id',
  `langcode` varchar(32) CHARACTER SET ascii NOT NULL DEFAULT '' COMMENT 'The language code for this data item.',
  `delta` int(10) UNSIGNED NOT NULL COMMENT 'The sequence number for this data item, used for multi-value fields',
  `variations_target_id` int(10) UNSIGNED NOT NULL COMMENT 'The ID of the target entity.'
) ENGINE=InnoDB DEFAULT CHARSET=utf8mb4 COMMENT='Data storage for commerce_product field variations.';

--
-- Дамп данных таблицы `commerce_product__variations`
--

INSERT INTO `commerce_product__variations` (`bundle`, `deleted`, `entity_id`, `revision_id`, `langcode`, `delta`, `variations_target_id`) VALUES
('product_display', 0, 2, 2, 'und', 0, 2),
('product_display', 0, 2, 2, 'und', 1, 32),
('product_display', 0, 2, 2, 'und', 2, 33),
('product_display', 0, 2, 2, 'und', 3, 34),
('product_display', 0, 2, 2, 'und', 4, 35),
('product_display', 0, 3, 3, 'und', 0, 3),
('product_display', 0, 4, 4, 'und', 0, 4),
('product_display', 0, 5, 5, 'und', 0, 5),
('product_display', 0, 6, 6, 'und', 0, 6),
('product_display', 0, 8, 8, 'und', 0, 8),
('product_display', 0, 9, 9, 'und', 0, 9),
('product_display', 0, 10, 10, 'und', 0, 10),
('product_display', 0, 11, 11, 'und', 0, 11),
('product_display', 0, 12, 12, 'und', 0, 12),
('product_display', 0, 13, 13, 'und', 0, 13),
('product_display', 0, 14, 14, 'und', 0, 14),
('product_display', 0, 15, 15, 'und', 0, 15),
('product_display', 0, 16, 16, 'und', 0, 16),
('product_display', 0, 17, 17, 'und', 0, 17),
('product_display', 0, 18, 18, 'und', 0, 18),
('product_display', 0, 19, 19, 'und', 0, 19),
('product_display', 0, 20, 20, 'und', 0, 20),
('product_display', 0, 21, 21, 'und', 0, 21),
('product_display', 0, 22, 22, 'und', 0, 22),
('product_display', 0, 23, 23, 'und', 0, 23),
('product_display', 0, 24, 24, 'und', 0, 24),
('product_display', 0, 25, 25, 'und', 0, 25),
('product_display', 0, 26, 26, 'und', 0, 26),
('product_display', 0, 27, 27, 'und', 0, 27),
('product_display', 0, 28, 28, 'und', 0, 28),
('product_display', 0, 29, 29, 'und', 0, 29),
('product_display', 0, 30, 30, 'und', 0, 30),
('product_display', 0, 31, 31, 'und', 0, 31);

-- --------------------------------------------------------

--
-- Структура таблицы `commerce_promotion`
--

CREATE TABLE `commerce_promotion` (
  `promotion_id` int(10) UNSIGNED NOT NULL,
  `uuid` varchar(128) CHARACTER SET ascii NOT NULL,
  `langcode` varchar(12) CHARACTER SET ascii NOT NULL
) ENGINE=InnoDB DEFAULT CHARSET=utf8mb4 COMMENT='The base table for commerce_promotion entities.';

-- --------------------------------------------------------

--
-- Структура таблицы `commerce_promotion_coupon`
--

CREATE TABLE `commerce_promotion_coupon` (
  `id` int(10) UNSIGNED NOT NULL,
  `uuid` varchar(128) CHARACTER SET ascii NOT NULL,
  `promotion_id` int(10) UNSIGNED DEFAULT NULL COMMENT 'The ID of the target entity.',
  `code` varchar(50) DEFAULT NULL,
  `status` tinyint(4) NOT NULL,
  `usage_limit` int(11) DEFAULT NULL
) ENGINE=InnoDB DEFAULT CHARSET=utf8mb4 COMMENT='The base table for commerce_promotion_coupon entities.';

-- --------------------------------------------------------

--
-- Структура таблицы `commerce_promotion_field_data`
--

CREATE TABLE `commerce_promotion_field_data` (
  `promotion_id` int(10) UNSIGNED NOT NULL,
  `langcode` varchar(12) CHARACTER SET ascii NOT NULL,
  `name` varchar(255) DEFAULT NULL,
  `description` longtext,
  `offer__target_plugin_id` varchar(255) CHARACTER SET ascii DEFAULT NULL COMMENT 'The plugin ID.',
  `offer__target_plugin_configuration` blob COMMENT 'The plugin configuration.',
  `usage_limit` int(11) DEFAULT NULL,
  `start_date` varchar(20) DEFAULT NULL COMMENT 'The date value.',
  `end_date` varchar(20) DEFAULT NULL COMMENT 'The date value.',
  `status` tinyint(4) NOT NULL,
  `default_langcode` tinyint(4) NOT NULL,
  `weight` int(11) DEFAULT NULL,
  `compatibility` varchar(255) DEFAULT NULL,
  `condition_operator` varchar(255) DEFAULT NULL,
  `display_name` varchar(255) DEFAULT NULL
) ENGINE=InnoDB DEFAULT CHARSET=utf8mb4 COMMENT='The data table for commerce_promotion entities.';

-- --------------------------------------------------------

--
-- Структура таблицы `commerce_promotion_usage`
--

CREATE TABLE `commerce_promotion_usage` (
  `usage_id` int(10) UNSIGNED NOT NULL COMMENT 'Primary Key: Usage ID.',
  `promotion_id` int(10) UNSIGNED NOT NULL DEFAULT '0' COMMENT 'The commerce_promotion.promotion_id.',
  `coupon_id` int(10) UNSIGNED DEFAULT '0' COMMENT 'The commerce_promotion_coupon.id.',
  `order_id` int(10) UNSIGNED NOT NULL DEFAULT '0' COMMENT 'The commerce_order.order_id.',
  `mail` varchar(254) DEFAULT NULL COMMENT 'The customer email.'
) ENGINE=InnoDB DEFAULT CHARSET=utf8mb4 COMMENT='Stores promotion usage.';

-- --------------------------------------------------------

--
-- Структура таблицы `commerce_promotion__conditions`
--

CREATE TABLE `commerce_promotion__conditions` (
  `bundle` varchar(128) CHARACTER SET ascii NOT NULL DEFAULT '' COMMENT 'The field instance bundle to which this row belongs, used when deleting a field instance',
  `deleted` tinyint(4) NOT NULL DEFAULT '0' COMMENT 'A boolean indicating whether this data item has been deleted',
  `entity_id` int(10) UNSIGNED NOT NULL COMMENT 'The entity id this data is attached to',
  `revision_id` int(10) UNSIGNED NOT NULL COMMENT 'The entity revision id this data is attached to, which for an unversioned entity type is the same as the entity id',
  `langcode` varchar(32) CHARACTER SET ascii NOT NULL DEFAULT '' COMMENT 'The language code for this data item.',
  `delta` int(10) UNSIGNED NOT NULL COMMENT 'The sequence number for this data item, used for multi-value fields',
  `conditions_target_plugin_id` varchar(255) CHARACTER SET ascii DEFAULT NULL COMMENT 'The plugin ID.',
  `conditions_target_plugin_configuration` blob COMMENT 'The plugin configuration.'
) ENGINE=InnoDB DEFAULT CHARSET=utf8mb4 COMMENT='Data storage for commerce_promotion field conditions.';

-- --------------------------------------------------------

--
-- Структура таблицы `commerce_promotion__coupons`
--

CREATE TABLE `commerce_promotion__coupons` (
  `bundle` varchar(128) CHARACTER SET ascii NOT NULL DEFAULT '' COMMENT 'The field instance bundle to which this row belongs, used when deleting a field instance',
  `deleted` tinyint(4) NOT NULL DEFAULT '0' COMMENT 'A boolean indicating whether this data item has been deleted',
  `entity_id` int(10) UNSIGNED NOT NULL COMMENT 'The entity id this data is attached to',
  `revision_id` int(10) UNSIGNED NOT NULL COMMENT 'The entity revision id this data is attached to, which for an unversioned entity type is the same as the entity id',
  `langcode` varchar(32) CHARACTER SET ascii NOT NULL DEFAULT '' COMMENT 'The language code for this data item.',
  `delta` int(10) UNSIGNED NOT NULL COMMENT 'The sequence number for this data item, used for multi-value fields',
  `coupons_target_id` int(10) UNSIGNED NOT NULL COMMENT 'The ID of the target entity.'
) ENGINE=InnoDB DEFAULT CHARSET=utf8mb4 COMMENT='Data storage for commerce_promotion field coupons.';

-- --------------------------------------------------------

--
-- Структура таблицы `commerce_promotion__order_types`
--

CREATE TABLE `commerce_promotion__order_types` (
  `bundle` varchar(128) CHARACTER SET ascii NOT NULL DEFAULT '' COMMENT 'The field instance bundle to which this row belongs, used when deleting a field instance',
  `deleted` tinyint(4) NOT NULL DEFAULT '0' COMMENT 'A boolean indicating whether this data item has been deleted',
  `entity_id` int(10) UNSIGNED NOT NULL COMMENT 'The entity id this data is attached to',
  `revision_id` int(10) UNSIGNED NOT NULL COMMENT 'The entity revision id this data is attached to, which for an unversioned entity type is the same as the entity id',
  `langcode` varchar(32) CHARACTER SET ascii NOT NULL DEFAULT '' COMMENT 'The language code for this data item.',
  `delta` int(10) UNSIGNED NOT NULL COMMENT 'The sequence number for this data item, used for multi-value fields',
  `order_types_target_id` varchar(32) CHARACTER SET ascii NOT NULL COMMENT 'The ID of the target entity.'
) ENGINE=InnoDB DEFAULT CHARSET=utf8mb4 COMMENT='Data storage for commerce_promotion field order_types.';

-- --------------------------------------------------------

--
-- Структура таблицы `commerce_promotion__stores`
--

CREATE TABLE `commerce_promotion__stores` (
  `bundle` varchar(128) CHARACTER SET ascii NOT NULL DEFAULT '' COMMENT 'The field instance bundle to which this row belongs, used when deleting a field instance',
  `deleted` tinyint(4) NOT NULL DEFAULT '0' COMMENT 'A boolean indicating whether this data item has been deleted',
  `entity_id` int(10) UNSIGNED NOT NULL COMMENT 'The entity id this data is attached to',
  `revision_id` int(10) UNSIGNED NOT NULL COMMENT 'The entity revision id this data is attached to, which for an unversioned entity type is the same as the entity id',
  `langcode` varchar(32) CHARACTER SET ascii NOT NULL DEFAULT '' COMMENT 'The language code for this data item.',
  `delta` int(10) UNSIGNED NOT NULL COMMENT 'The sequence number for this data item, used for multi-value fields',
  `stores_target_id` int(10) UNSIGNED NOT NULL COMMENT 'The ID of the target entity.'
) ENGINE=InnoDB DEFAULT CHARSET=utf8mb4 COMMENT='Data storage for commerce_promotion field stores.';

-- --------------------------------------------------------

--
-- Структура таблицы `commerce_store`
--

CREATE TABLE `commerce_store` (
  `store_id` int(10) UNSIGNED NOT NULL,
  `type` varchar(32) CHARACTER SET ascii NOT NULL COMMENT 'The ID of the target entity.',
  `uuid` varchar(128) CHARACTER SET ascii NOT NULL,
  `langcode` varchar(12) CHARACTER SET ascii NOT NULL
) ENGINE=InnoDB DEFAULT CHARSET=utf8mb4 COMMENT='The base table for commerce_store entities.';

--
-- Дамп данных таблицы `commerce_store`
--

INSERT INTO `commerce_store` (`store_id`, `type`, `uuid`, `langcode`) VALUES
(1, 'online', '32401397-8308-469f-b25e-a3e106b28b90', 'en');

-- --------------------------------------------------------

--
-- Структура таблицы `commerce_store_field_data`
--

CREATE TABLE `commerce_store_field_data` (
  `store_id` int(10) UNSIGNED NOT NULL,
  `type` varchar(32) CHARACTER SET ascii NOT NULL COMMENT 'The ID of the target entity.',
  `langcode` varchar(12) CHARACTER SET ascii NOT NULL,
  `uid` int(10) UNSIGNED NOT NULL COMMENT 'The ID of the target entity.',
  `name` varchar(255) DEFAULT NULL,
  `mail` varchar(254) DEFAULT NULL,
  `default_currency` varchar(255) CHARACTER SET ascii DEFAULT NULL COMMENT 'The ID of the target entity.',
  `address__langcode` varchar(32) DEFAULT NULL,
  `address__country_code` varchar(2) DEFAULT NULL,
  `address__administrative_area` varchar(255) DEFAULT NULL,
  `address__locality` varchar(255) DEFAULT NULL,
  `address__dependent_locality` varchar(255) DEFAULT NULL,
  `address__postal_code` varchar(255) DEFAULT NULL,
  `address__sorting_code` varchar(255) DEFAULT NULL,
  `address__address_line1` varchar(255) DEFAULT NULL,
  `address__address_line2` varchar(255) DEFAULT NULL,
  `address__organization` varchar(255) DEFAULT NULL,
  `address__given_name` varchar(255) DEFAULT NULL,
  `address__additional_name` varchar(255) DEFAULT NULL,
  `address__family_name` varchar(255) DEFAULT NULL,
  `default_langcode` tinyint(4) NOT NULL,
  `timezone` varchar(255) DEFAULT NULL,
  `is_default` tinyint(4) DEFAULT NULL
) ENGINE=InnoDB DEFAULT CHARSET=utf8mb4 COMMENT='The data table for commerce_store entities.';

--
-- Дамп данных таблицы `commerce_store_field_data`
--

INSERT INTO `commerce_store_field_data` (`store_id`, `type`, `langcode`, `uid`, `name`, `mail`, `default_currency`, `address__langcode`, `address__country_code`, `address__administrative_area`, `address__locality`, `address__dependent_locality`, `address__postal_code`, `address__sorting_code`, `address__address_line1`, `address__address_line2`, `address__organization`, `address__given_name`, `address__additional_name`, `address__family_name`, `default_langcode`, `timezone`, `is_default`) VALUES
(1, 'online', 'en', 1, 'Jango Store', 'dron84.84@gmail.com', 'USD', '', 'US', 'CA', 'Los Angeles', NULL, '90210', NULL, 'Sunset 15', '', '', '', NULL, '', 1, 'Europe/Helsinki', 1);

-- --------------------------------------------------------

--
-- Структура таблицы `commerce_store__billing_countries`
--

CREATE TABLE `commerce_store__billing_countries` (
  `bundle` varchar(128) CHARACTER SET ascii NOT NULL DEFAULT '' COMMENT 'The field instance bundle to which this row belongs, used when deleting a field instance',
  `deleted` tinyint(4) NOT NULL DEFAULT '0' COMMENT 'A boolean indicating whether this data item has been deleted',
  `entity_id` int(10) UNSIGNED NOT NULL COMMENT 'The entity id this data is attached to',
  `revision_id` int(10) UNSIGNED NOT NULL COMMENT 'The entity revision id this data is attached to, which for an unversioned entity type is the same as the entity id',
  `langcode` varchar(32) CHARACTER SET ascii NOT NULL DEFAULT '' COMMENT 'The language code for this data item.',
  `delta` int(10) UNSIGNED NOT NULL COMMENT 'The sequence number for this data item, used for multi-value fields',
  `billing_countries_value` varchar(255) NOT NULL
) ENGINE=InnoDB DEFAULT CHARSET=utf8mb4 COMMENT='Data storage for commerce_store field billing_countries.';

--
-- Дамп данных таблицы `commerce_store__billing_countries`
--

INSERT INTO `commerce_store__billing_countries` (`bundle`, `deleted`, `entity_id`, `revision_id`, `langcode`, `delta`, `billing_countries_value`) VALUES
('online', 0, 1, 1, 'en', 0, 'CA'),
('online', 0, 1, 1, 'en', 1, 'FR'),
('online', 0, 1, 1, 'en', 2, 'DE'),
('online', 0, 1, 1, 'en', 3, 'IT'),
('online', 0, 1, 1, 'en', 4, 'ES'),
('online', 0, 1, 1, 'en', 5, 'GB'),
('online', 0, 1, 1, 'en', 6, 'US');

-- --------------------------------------------------------

--
-- Структура таблицы `config`
--

CREATE TABLE `config` (
  `collection` varchar(255) CHARACTER SET ascii NOT NULL DEFAULT '' COMMENT 'Primary Key: Config object collection.',
  `name` varchar(255) CHARACTER SET ascii NOT NULL DEFAULT '' COMMENT 'Primary Key: Config object name.',
  `data` longblob COMMENT 'A serialized configuration object data.'
) ENGINE=InnoDB DEFAULT CHARSET=utf8mb4 COMMENT='The base table for configuration data.';

--
-- Дамп данных таблицы `config`
--

INSERT INTO `config` (`collection`, `name`, `data`) VALUES
('', 'automated_cron.settings', 0x613a323a7b733a383a22696e74657276616c223b693a31303830303b733a353a225f636f7265223b613a313a7b733a31393a2264656661756c745f636f6e6669675f68617368223b733a34333a2266556b73524f743446666b41553942563468563258766854425353326e544e725a53345537532d744b7273223b7d7d),
('', 'blazy.settings', 0x613a353a7b733a393a2261646d696e5f637373223b623a313b733a31363a22726573706f6e736976655f696d616765223b623a303b733a393a226f6e655f706978656c223b623a313b733a353a22626c617a79223b613a333a7b733a31333a226c6f6164496e76697369626c65223b623a303b733a363a226f6666736574223b693a3130303b733a32333a227361766556696577706f72744f666673657444656c6179223b693a35303b7d733a353a225f636f7265223b613a313a7b733a31393a2264656661756c745f636f6e6669675f68617368223b733a34333a22715366664337304f446276304265684e4d535f374b31734f33344f6f677642736e70684b6b426556355738223b7d7d),
('', 'block.block.blogsidebar', 0x613a31323a7b733a343a2275756964223b733a33363a2231396364393030352d626433342d343036332d613634382d373365653730316366663366223b733a383a226c616e67636f6465223b733a323a22656e223b733a363a22737461747573223b623a313b733a31323a22646570656e64656e63696573223b613a333a7b733a373a22636f6e74656e74223b613a313a7b693a303b733a35363a22626c6f636b5f636f6e74656e743a62617369633a35613261623830662d623333302d346662302d386261392d306662343166613833633131223b7d733a363a226d6f64756c65223b613a323a7b693a303b733a31333a22626c6f636b5f636f6e74656e74223b693a313b733a363a2273797374656d223b7d733a353a227468656d65223b613a313a7b693a303b733a393a226a616e676f5f737562223b7d7d733a323a226964223b733a31313a22626c6f6773696465626172223b733a353a227468656d65223b733a393a226a616e676f5f737562223b733a363a22726567696f6e223b733a373a2273696465626172223b733a363a22776569676874223b693a2d33353b733a383a2270726f7669646572223b4e3b733a363a22706c7567696e223b733a35303a22626c6f636b5f636f6e74656e743a35613261623830662d623333302d346662302d386261392d306662343166613833633131223b733a383a2273657474696e6773223b613a373a7b733a323a226964223b733a35303a22626c6f636b5f636f6e74656e743a35613261623830662d623333302d346662302d386261392d306662343166613833633131223b733a353a226c6162656c223b733a31323a22426c6f672053696465626172223b733a383a2270726f7669646572223b733a31333a22626c6f636b5f636f6e74656e74223b733a31333a226c6162656c5f646973706c6179223b733a313a2230223b733a363a22737461747573223b623a313b733a343a22696e666f223b733a303a22223b733a393a22766965775f6d6f6465223b733a343a2266756c6c223b7d733a31303a227669736962696c697479223b613a313a7b733a31323a22726571756573745f70617468223b613a343a7b733a323a226964223b733a31323a22726571756573745f70617468223b733a353a227061676573223b733a34313a222f626c6f672f2a0d0a2f626c6f672d6c6973742d766965770d0a2f626c6f672d677269642d76696577223b733a363a226e6567617465223b623a303b733a31353a22636f6e746578745f6d617070696e67223b613a303a7b7d7d7d7d),
('', 'block.block.breadcrumbsbgimagev1', 0x613a31323a7b733a343a2275756964223b733a33363a2265656164613562332d373362382d343638342d386261312d306237353138393233316334223b733a383a226c616e67636f6465223b733a323a22656e223b733a363a22737461747573223b623a313b733a31323a22646570656e64656e63696573223b613a333a7b733a373a22636f6e74656e74223b613a313a7b693a303b733a35363a22626c6f636b5f636f6e74656e743a62617369633a30363237323431632d643832622d343164312d383762642d373838313236613335326164223b7d733a363a226d6f64756c65223b613a323a7b693a303b733a31333a22626c6f636b5f636f6e74656e74223b693a313b733a363a2273797374656d223b7d733a353a227468656d65223b613a313a7b693a303b733a393a226a616e676f5f737562223b7d7d733a323a226964223b733a32303a2262726561646372756d62736267696d6167657631223b733a353a227468656d65223b733a393a226a616e676f5f737562223b733a363a22726567696f6e223b733a363a22686561646572223b733a363a22776569676874223b693a31313b733a383a2270726f7669646572223b4e3b733a363a22706c7567696e223b733a35303a22626c6f636b5f636f6e74656e743a30363237323431632d643832622d343164312d383762642d373838313236613335326164223b733a383a2273657474696e6773223b613a373a7b733a323a226964223b733a35303a22626c6f636b5f636f6e74656e743a30363237323431632d643832622d343164312d383762642d373838313236613335326164223b733a353a226c6162656c223b733a32353a2242726561646372756d6273202d20424720496d616765205631223b733a383a2270726f7669646572223b733a31333a22626c6f636b5f636f6e74656e74223b733a31333a226c6162656c5f646973706c6179223b733a313a2230223b733a363a22737461747573223b623a313b733a343a22696e666f223b733a303a22223b733a393a22766965775f6d6f6465223b733a343a2266756c6c223b7d733a31303a227669736962696c697479223b613a313a7b733a31323a22726571756573745f70617468223b613a343a7b733a323a226964223b733a31323a22726571756573745f70617468223b733a353a227061676573223b733a37353a222f6e6f64652f3131372f330d0a2f61626f75742d75732d320d0a2f61626f75742d75732d330d0a2f61626f75742d75732d340d0a2f6661712d2a0d0a2f70726f647563742d6c61756e6368223b733a363a226e6567617465223b623a303b733a31353a22636f6e746578745f6d617070696e67223b613a303a7b7d7d7d7d),
('', 'block.block.breadcrumbsbgimagev10', 0x613a31323a7b733a343a2275756964223b733a33363a2261656231393962652d306437362d343630642d393561662d373964313464623664616434223b733a383a226c616e67636f6465223b733a323a22656e223b733a363a22737461747573223b623a313b733a31323a22646570656e64656e63696573223b613a333a7b733a373a22636f6e74656e74223b613a313a7b693a303b733a35363a22626c6f636b5f636f6e74656e743a62617369633a65623232326537382d386339352d346635302d383336632d646632653235363934353732223b7d733a363a226d6f64756c65223b613a323a7b693a303b733a31333a22626c6f636b5f636f6e74656e74223b693a313b733a363a2273797374656d223b7d733a353a227468656d65223b613a313a7b693a303b733a393a226a616e676f5f737562223b7d7d733a323a226964223b733a32313a2262726561646372756d62736267696d616765763130223b733a353a227468656d65223b733a393a226a616e676f5f737562223b733a363a22726567696f6e223b733a363a22686561646572223b733a363a22776569676874223b693a32303b733a383a2270726f7669646572223b4e3b733a363a22706c7567696e223b733a35303a22626c6f636b5f636f6e74656e743a65623232326537382d386339352d346635302d383336632d646632653235363934353732223b733a383a2273657474696e6773223b613a373a7b733a323a226964223b733a35303a22626c6f636b5f636f6e74656e743a65623232326537382d386339352d346635302d383336632d646632653235363934353732223b733a353a226c6162656c223b733a32363a2242726561646372756d6273202d20424720496d61676520563130223b733a383a2270726f7669646572223b733a31333a22626c6f636b5f636f6e74656e74223b733a31333a226c6162656c5f646973706c6179223b733a313a2230223b733a363a22737461747573223b623a313b733a343a22696e666f223b733a303a22223b733a393a22766965775f6d6f6465223b733a343a2266756c6c223b7d733a31303a227669736962696c697479223b613a313a7b733a31323a22726571756573745f70617468223b613a343a7b733a323a226964223b733a31323a22726571756573745f70617468223b733a353a227061676573223b733a31323a222f6e6f64652f3131372f3132223b733a363a226e6567617465223b623a303b733a31353a22636f6e746578745f6d617070696e67223b613a303a7b7d7d7d7d),
('', 'block.block.breadcrumbsbgimagev2', 0x613a31323a7b733a343a2275756964223b733a33363a2239386632396634362d626239662d343234642d396263332d343966373632663262616633223b733a383a226c616e67636f6465223b733a323a22656e223b733a363a22737461747573223b623a313b733a31323a22646570656e64656e63696573223b613a333a7b733a373a22636f6e74656e74223b613a313a7b693a303b733a35363a22626c6f636b5f636f6e74656e743a62617369633a64363533656437362d316530352d346138382d616138372d393035616531336462346462223b7d733a363a226d6f64756c65223b613a323a7b693a303b733a31333a22626c6f636b5f636f6e74656e74223b693a313b733a363a2273797374656d223b7d733a353a227468656d65223b613a313a7b693a303b733a393a226a616e676f5f737562223b7d7d733a323a226964223b733a32303a2262726561646372756d62736267696d6167657632223b733a353a227468656d65223b733a393a226a616e676f5f737562223b733a363a22726567696f6e223b733a363a22686561646572223b733a363a22776569676874223b693a31323b733a383a2270726f7669646572223b4e3b733a363a22706c7567696e223b733a35303a22626c6f636b5f636f6e74656e743a64363533656437362d316530352d346138382d616138372d393035616531336462346462223b733a383a2273657474696e6773223b613a373a7b733a323a226964223b733a35303a22626c6f636b5f636f6e74656e743a64363533656437362d316530352d346138382d616138372d393035616531336462346462223b733a353a226c6162656c223b733a32353a2242726561646372756d6273202d20424720496d616765205632223b733a383a2270726f7669646572223b733a31333a22626c6f636b5f636f6e74656e74223b733a31333a226c6162656c5f646973706c6179223b733a313a2230223b733a363a22737461747573223b623a313b733a343a22696e666f223b733a303a22223b733a393a22766965775f6d6f6465223b733a343a2266756c6c223b7d733a31303a227669736962696c697479223b613a313a7b733a31323a22726571756573745f70617468223b613a343a7b733a323a226964223b733a31323a22726571756573745f70617468223b733a353a227061676573223b733a31313a222f6e6f64652f3131372f34223b733a363a226e6567617465223b623a303b733a31353a22636f6e746578745f6d617070696e67223b613a303a7b7d7d7d7d),
('', 'block.block.breadcrumbsbgimagev3', 0x613a31323a7b733a343a2275756964223b733a33363a2264616266613131342d356335622d346435612d626631632d353861313334303266613634223b733a383a226c616e67636f6465223b733a323a22656e223b733a363a22737461747573223b623a313b733a31323a22646570656e64656e63696573223b613a333a7b733a373a22636f6e74656e74223b613a313a7b693a303b733a35363a22626c6f636b5f636f6e74656e743a62617369633a33633337643832312d383637312d346138322d626366362d646330663834356337346536223b7d733a363a226d6f64756c65223b613a323a7b693a303b733a31333a22626c6f636b5f636f6e74656e74223b693a313b733a363a2273797374656d223b7d733a353a227468656d65223b613a313a7b693a303b733a393a226a616e676f5f737562223b7d7d733a323a226964223b733a32303a2262726561646372756d62736267696d6167657633223b733a353a227468656d65223b733a393a226a616e676f5f737562223b733a363a22726567696f6e223b733a363a22686561646572223b733a363a22776569676874223b693a31333b733a383a2270726f7669646572223b4e3b733a363a22706c7567696e223b733a35303a22626c6f636b5f636f6e74656e743a33633337643832312d383637312d346138322d626366362d646330663834356337346536223b733a383a2273657474696e6773223b613a373a7b733a323a226964223b733a35303a22626c6f636b5f636f6e74656e743a33633337643832312d383637312d346138322d626366362d646330663834356337346536223b733a353a226c6162656c223b733a32353a2242726561646372756d6273202d20424720496d616765205633223b733a383a2270726f7669646572223b733a31333a22626c6f636b5f636f6e74656e74223b733a31333a226c6162656c5f646973706c6179223b733a313a2230223b733a363a22737461747573223b623a313b733a343a22696e666f223b733a303a22223b733a393a22766965775f6d6f6465223b733a343a2266756c6c223b7d733a31303a227669736962696c697479223b613a313a7b733a31323a22726571756573745f70617468223b613a343a7b733a323a226964223b733a31323a22726571756573745f70617468223b733a353a227061676573223b733a31313a222f6e6f64652f3131372f35223b733a363a226e6567617465223b623a303b733a31353a22636f6e746578745f6d617070696e67223b613a303a7b7d7d7d7d),
('', 'block.block.breadcrumbsbgimagev4', 0x613a31323a7b733a343a2275756964223b733a33363a2234396439623063342d333365362d343734372d393437642d323462373762623734656364223b733a383a226c616e67636f6465223b733a323a22656e223b733a363a22737461747573223b623a313b733a31323a22646570656e64656e63696573223b613a333a7b733a373a22636f6e74656e74223b613a313a7b693a303b733a35363a22626c6f636b5f636f6e74656e743a62617369633a39353662306339302d646564662d346638622d393937312d303430636139323431393138223b7d733a363a226d6f64756c65223b613a323a7b693a303b733a31333a22626c6f636b5f636f6e74656e74223b693a313b733a363a2273797374656d223b7d733a353a227468656d65223b613a313a7b693a303b733a393a226a616e676f5f737562223b7d7d733a323a226964223b733a32303a2262726561646372756d62736267696d6167657634223b733a353a227468656d65223b733a393a226a616e676f5f737562223b733a363a22726567696f6e223b733a363a22686561646572223b733a363a22776569676874223b693a31343b733a383a2270726f7669646572223b4e3b733a363a22706c7567696e223b733a35303a22626c6f636b5f636f6e74656e743a39353662306339302d646564662d346638622d393937312d303430636139323431393138223b733a383a2273657474696e6773223b613a373a7b733a323a226964223b733a35303a22626c6f636b5f636f6e74656e743a39353662306339302d646564662d346638622d393937312d303430636139323431393138223b733a353a226c6162656c223b733a32353a2242726561646372756d6273202d20424720496d616765205634223b733a383a2270726f7669646572223b733a31333a22626c6f636b5f636f6e74656e74223b733a31333a226c6162656c5f646973706c6179223b733a313a2230223b733a363a22737461747573223b623a313b733a343a22696e666f223b733a303a22223b733a393a22766965775f6d6f6465223b733a343a2266756c6c223b7d733a31303a227669736962696c697479223b613a313a7b733a31323a22726571756573745f70617468223b613a343a7b733a323a226964223b733a31323a22726571756573745f70617468223b733a353a227061676573223b733a31313a222f6e6f64652f3131372f36223b733a363a226e6567617465223b623a303b733a31353a22636f6e746578745f6d617070696e67223b613a303a7b7d7d7d7d),
('', 'block.block.breadcrumbsbgimagev5', 0x613a31323a7b733a343a2275756964223b733a33363a2233613936313661332d393032362d343062302d616266322d643830663961346565636366223b733a383a226c616e67636f6465223b733a323a22656e223b733a363a22737461747573223b623a313b733a31323a22646570656e64656e63696573223b613a333a7b733a373a22636f6e74656e74223b613a313a7b693a303b733a35363a22626c6f636b5f636f6e74656e743a62617369633a64323362303232362d643237392d346666392d616530362d303433393633393830636533223b7d733a363a226d6f64756c65223b613a323a7b693a303b733a31333a22626c6f636b5f636f6e74656e74223b693a313b733a363a2273797374656d223b7d733a353a227468656d65223b613a313a7b693a303b733a393a226a616e676f5f737562223b7d7d733a323a226964223b733a32303a2262726561646372756d62736267696d6167657635223b733a353a227468656d65223b733a393a226a616e676f5f737562223b733a363a22726567696f6e223b733a363a22686561646572223b733a363a22776569676874223b693a31353b733a383a2270726f7669646572223b4e3b733a363a22706c7567696e223b733a35303a22626c6f636b5f636f6e74656e743a64323362303232362d643237392d346666392d616530362d303433393633393830636533223b733a383a2273657474696e6773223b613a373a7b733a323a226964223b733a35303a22626c6f636b5f636f6e74656e743a64323362303232362d643237392d346666392d616530362d303433393633393830636533223b733a353a226c6162656c223b733a32353a2242726561646372756d6273202d20424720496d616765205635223b733a383a2270726f7669646572223b733a31333a22626c6f636b5f636f6e74656e74223b733a31333a226c6162656c5f646973706c6179223b733a313a2230223b733a363a22737461747573223b623a313b733a343a22696e666f223b733a303a22223b733a393a22766965775f6d6f6465223b733a343a2266756c6c223b7d733a31303a227669736962696c697479223b613a313a7b733a31323a22726571756573745f70617468223b613a343a7b733a323a226964223b733a31323a22726571756573745f70617468223b733a353a227061676573223b733a32343a222f6e6f64652f3131372f370d0a2f61626f75742d75732d31223b733a363a226e6567617465223b623a303b733a31353a22636f6e746578745f6d617070696e67223b613a303a7b7d7d7d7d),
('', 'block.block.breadcrumbsbgimagev6', 0x613a31323a7b733a343a2275756964223b733a33363a2265376661663861382d396231632d343736322d396431312d393564663266333165633735223b733a383a226c616e67636f6465223b733a323a22656e223b733a363a22737461747573223b623a313b733a31323a22646570656e64656e63696573223b613a333a7b733a373a22636f6e74656e74223b613a313a7b693a303b733a35363a22626c6f636b5f636f6e74656e743a62617369633a61653166366232352d666537332d343238362d616334352d303262376562653466336139223b7d733a363a226d6f64756c65223b613a323a7b693a303b733a31333a22626c6f636b5f636f6e74656e74223b693a313b733a363a2273797374656d223b7d733a353a227468656d65223b613a313a7b693a303b733a393a226a616e676f5f737562223b7d7d733a323a226964223b733a32303a2262726561646372756d62736267696d6167657636223b733a353a227468656d65223b733a393a226a616e676f5f737562223b733a363a22726567696f6e223b733a363a22686561646572223b733a363a22776569676874223b693a31363b733a383a2270726f7669646572223b4e3b733a363a22706c7567696e223b733a35303a22626c6f636b5f636f6e74656e743a61653166366232352d666537332d343238362d616334352d303262376562653466336139223b733a383a2273657474696e6773223b613a373a7b733a323a226964223b733a35303a22626c6f636b5f636f6e74656e743a61653166366232352d666537332d343238362d616334352d303262376562653466336139223b733a353a226c6162656c223b733a32353a2242726561646372756d6273202d20424720496d616765205636223b733a383a2270726f7669646572223b733a31333a22626c6f636b5f636f6e74656e74223b733a31333a226c6162656c5f646973706c6179223b733a313a2230223b733a363a22737461747573223b623a313b733a343a22696e666f223b733a303a22223b733a393a22766965775f6d6f6465223b733a343a2266756c6c223b7d733a31303a227669736962696c697479223b613a313a7b733a31323a22726571756573745f70617468223b613a343a7b733a323a226964223b733a31323a22726571756573745f70617468223b733a353a227061676573223b733a32333a222f6e6f64652f3131372f380d0a2f6d6565742d7465616d223b733a363a226e6567617465223b623a303b733a31353a22636f6e746578745f6d617070696e67223b613a303a7b7d7d7d7d),
('', 'block.block.breadcrumbsbgimagev7', 0x613a31323a7b733a343a2275756964223b733a33363a2265623532666330332d663830662d346661312d393138642d626235663437396339663561223b733a383a226c616e67636f6465223b733a323a22656e223b733a363a22737461747573223b623a313b733a31323a22646570656e64656e63696573223b613a333a7b733a373a22636f6e74656e74223b613a313a7b693a303b733a35363a22626c6f636b5f636f6e74656e743a62617369633a38383237333934632d616166362d343663382d396438362d353933356161346434643639223b7d733a363a226d6f64756c65223b613a323a7b693a303b733a31333a22626c6f636b5f636f6e74656e74223b693a313b733a363a2273797374656d223b7d733a353a227468656d65223b613a313a7b693a303b733a393a226a616e676f5f737562223b7d7d733a323a226964223b733a32303a2262726561646372756d62736267696d6167657637223b733a353a227468656d65223b733a393a226a616e676f5f737562223b733a363a22726567696f6e223b733a363a22686561646572223b733a363a22776569676874223b693a31373b733a383a2270726f7669646572223b4e3b733a363a22706c7567696e223b733a35303a22626c6f636b5f636f6e74656e743a38383237333934632d616166362d343663382d396438362d353933356161346434643639223b733a383a2273657474696e6773223b613a373a7b733a323a226964223b733a35303a22626c6f636b5f636f6e74656e743a38383237333934632d616166362d343663382d396438362d353933356161346434643639223b733a353a226c6162656c223b733a32353a2242726561646372756d6273202d20424720496d616765205637223b733a383a2270726f7669646572223b733a31333a22626c6f636b5f636f6e74656e74223b733a31333a226c6162656c5f646973706c6179223b733a313a2230223b733a363a22737461747573223b623a313b733a343a22696e666f223b733a303a22223b733a393a22766965775f6d6f6465223b733a343a2266756c6c223b7d733a31303a227669736962696c697479223b613a313a7b733a31323a22726571756573745f70617468223b613a343a7b733a323a226964223b733a31323a22726571756573745f70617468223b733a353a227061676573223b733a31313a222f6e6f64652f3131372f39223b733a363a226e6567617465223b623a303b733a31353a22636f6e746578745f6d617070696e67223b613a303a7b7d7d7d7d),
('', 'block.block.breadcrumbsbgimagev8', 0x613a31323a7b733a343a2275756964223b733a33363a2263633366336537332d366133382d346437662d383335622d323437656164663763393037223b733a383a226c616e67636f6465223b733a323a22656e223b733a363a22737461747573223b623a313b733a31323a22646570656e64656e63696573223b613a333a7b733a373a22636f6e74656e74223b613a313a7b693a303b733a35363a22626c6f636b5f636f6e74656e743a62617369633a64343663343039382d646362312d343661612d383666302d373930383936633838623032223b7d733a363a226d6f64756c65223b613a323a7b693a303b733a31333a22626c6f636b5f636f6e74656e74223b693a313b733a363a2273797374656d223b7d733a353a227468656d65223b613a313a7b693a303b733a393a226a616e676f5f737562223b7d7d733a323a226964223b733a32303a2262726561646372756d62736267696d6167657638223b733a353a227468656d65223b733a393a226a616e676f5f737562223b733a363a22726567696f6e223b733a363a22686561646572223b733a363a22776569676874223b693a31383b733a383a2270726f7669646572223b4e3b733a363a22706c7567696e223b733a35303a22626c6f636b5f636f6e74656e743a64343663343039382d646362312d343661612d383666302d373930383936633838623032223b733a383a2273657474696e6773223b613a373a7b733a323a226964223b733a35303a22626c6f636b5f636f6e74656e743a64343663343039382d646362312d343661612d383666302d373930383936633838623032223b733a353a226c6162656c223b733a32353a2242726561646372756d6273202d20424720496d616765205638223b733a383a2270726f7669646572223b733a31333a22626c6f636b5f636f6e74656e74223b733a31333a226c6162656c5f646973706c6179223b733a313a2230223b733a363a22737461747573223b623a313b733a343a22696e666f223b733a303a22223b733a393a22766965775f6d6f6465223b733a343a2266756c6c223b7d733a31303a227669736962696c697479223b613a313a7b733a31323a22726571756573745f70617468223b613a343a7b733a323a226964223b733a31323a22726571756573745f70617468223b733a353a227061676573223b733a31323a222f6e6f64652f3131372f3130223b733a363a226e6567617465223b623a303b733a31353a22636f6e746578745f6d617070696e67223b613a303a7b7d7d7d7d),
('', 'block.block.breadcrumbsbgimagev9', 0x613a31323a7b733a343a2275756964223b733a33363a2238626339363131312d383764332d343032302d616264632d356362613237346232303337223b733a383a226c616e67636f6465223b733a323a22656e223b733a363a22737461747573223b623a313b733a31323a22646570656e64656e63696573223b613a333a7b733a373a22636f6e74656e74223b613a313a7b693a303b733a35363a22626c6f636b5f636f6e74656e743a62617369633a38386339373464312d326662662d343264332d393962652d303538613034656162373936223b7d733a363a226d6f64756c65223b613a323a7b693a303b733a31333a22626c6f636b5f636f6e74656e74223b693a313b733a363a2273797374656d223b7d733a353a227468656d65223b613a313a7b693a303b733a393a226a616e676f5f737562223b7d7d733a323a226964223b733a32303a2262726561646372756d62736267696d6167657639223b733a353a227468656d65223b733a393a226a616e676f5f737562223b733a363a22726567696f6e223b733a363a22686561646572223b733a363a22776569676874223b693a31393b733a383a2270726f7669646572223b4e3b733a363a22706c7567696e223b733a35303a22626c6f636b5f636f6e74656e743a38386339373464312d326662662d343264332d393962652d303538613034656162373936223b733a383a2273657474696e6773223b613a373a7b733a323a226964223b733a35303a22626c6f636b5f636f6e74656e743a38386339373464312d326662662d343264332d393962652d303538613034656162373936223b733a353a226c6162656c223b733a32353a2242726561646372756d6273202d20424720496d616765205639223b733a383a2270726f7669646572223b733a31333a22626c6f636b5f636f6e74656e74223b733a31333a226c6162656c5f646973706c6179223b733a313a2230223b733a363a22737461747573223b623a313b733a343a22696e666f223b733a303a22223b733a393a22766965775f6d6f6465223b733a343a2266756c6c223b7d733a31303a227669736962696c697479223b613a313a7b733a31323a22726571756573745f70617468223b613a343a7b733a323a226964223b733a31323a22726571756573745f70617468223b733a353a227061676573223b733a32373a222f6e6f64652f3131372f31310d0a2f636f6e746163742d75732d32223b733a363a226e6567617465223b623a303b733a31353a22636f6e746578745f6d617070696e67223b613a303a7b7d7d7d7d),
('', 'block.block.breadcrumbswhite', 0x613a31323a7b733a343a2275756964223b733a33363a2261373165383431652d356533652d343763322d616636362d643232363839623838383133223b733a383a226c616e67636f6465223b733a323a22656e223b733a363a22737461747573223b623a313b733a31323a22646570656e64656e63696573223b613a333a7b733a373a22636f6e74656e74223b613a313a7b693a303b733a35363a22626c6f636b5f636f6e74656e743a62617369633a39633039383363382d356461312d343632332d386132332d323962306330633530313066223b7d733a363a226d6f64756c65223b613a323a7b693a303b733a31333a22626c6f636b5f636f6e74656e74223b693a313b733a363a2273797374656d223b7d733a353a227468656d65223b613a313a7b693a303b733a393a226a616e676f5f737562223b7d7d733a323a226964223b733a31363a2262726561646372756d62737768697465223b733a353a227468656d65223b733a393a226a616e676f5f737562223b733a363a22726567696f6e223b733a363a22686561646572223b733a363a22776569676874223b693a393b733a383a2270726f7669646572223b4e3b733a363a22706c7567696e223b733a35303a22626c6f636b5f636f6e74656e743a39633039383363382d356461312d343632332d386132332d323962306330633530313066223b733a383a2273657474696e6773223b613a373a7b733a323a226964223b733a35303a22626c6f636b5f636f6e74656e743a39633039383363382d356461312d343632332d386132332d323962306330633530313066223b733a353a226c6162656c223b733a31393a2242726561646372756d6273202d205768697465223b733a383a2270726f7669646572223b733a31333a22626c6f636b5f636f6e74656e74223b733a31333a226c6162656c5f646973706c6179223b733a313a2230223b733a363a22737461747573223b623a313b733a343a22696e666f223b733a303a22223b733a393a22766965775f6d6f6465223b733a343a2266756c6c223b7d733a31303a227669736962696c697479223b613a313a7b733a31323a22726571756573745f70617468223b613a343a7b733a323a226964223b733a31323a22726571756573745f70617468223b733a353a227061676573223b733a3131323a222a686f6d652a0d0a2f6e6f64652f3131372f2a0d0a3c66726f6e743e0d0a2f61626f75742d75732d2a0d0a2f6d6565742d7465616d0d0a2f636f6e746163742d75732d320d0a2f6661712d2a0d0a2f70726f647563742d6c61756e63680d0a2f6f6e65706167652d76657273696f6e2a223b733a363a226e6567617465223b623a313b733a31353a22636f6e746578745f6d617070696e67223b613a303a7b7d7d7d7d),
('', 'block.block.breadcrumbswhitewithsubtitle', 0x613a31323a7b733a343a2275756964223b733a33363a2266613238303361332d653739642d343465622d396265652d303361666661306163383762223b733a383a226c616e67636f6465223b733a323a22656e223b733a363a22737461747573223b623a313b733a31323a22646570656e64656e63696573223b613a333a7b733a373a22636f6e74656e74223b613a313a7b693a303b733a35363a22626c6f636b5f636f6e74656e743a62617369633a39326561633662362d343562642d346365632d383930392d666438383033616131303165223b7d733a363a226d6f64756c65223b613a323a7b693a303b733a31333a22626c6f636b5f636f6e74656e74223b693a313b733a363a2273797374656d223b7d733a353a227468656d65223b613a313a7b693a303b733a393a226a616e676f5f737562223b7d7d733a323a226964223b733a32383a2262726561646372756d62737768697465776974687375627469746c65223b733a353a227468656d65223b733a393a226a616e676f5f737562223b733a363a22726567696f6e223b733a363a22686561646572223b733a363a22776569676874223b693a31303b733a383a2270726f7669646572223b4e3b733a363a22706c7567696e223b733a35303a22626c6f636b5f636f6e74656e743a39326561633662362d343562642d346365632d383930392d666438383033616131303165223b733a383a2273657474696e6773223b613a373a7b733a323a226964223b733a35303a22626c6f636b5f636f6e74656e743a39326561633662362d343562642d346365632d383930392d666438383033616131303165223b733a353a226c6162656c223b733a33333a2242726561646372756d6273202d2057686974652077697468205375625469746c65223b733a383a2270726f7669646572223b733a31333a22626c6f636b5f636f6e74656e74223b733a31333a226c6162656c5f646973706c6179223b733a313a2230223b733a363a22737461747573223b623a313b733a343a22696e666f223b733a303a22223b733a393a22766965775f6d6f6465223b733a343a2266756c6c223b7d733a31303a227669736962696c697479223b613a313a7b733a31323a22726571756573745f70617468223b613a343a7b733a323a226964223b733a31323a22726571756573745f70617468223b733a353a227061676573223b733a31313a222f6e6f64652f3131372f32223b733a363a226e6567617465223b623a303b733a31353a22636f6e746578745f6d617070696e67223b613a303a7b7d7d7d7d),
('', 'block.block.cart', 0x613a31323a7b733a343a2275756964223b733a33363a2239616232323636322d666634642d343532322d393937372d653636643965333339356536223b733a383a226c616e67636f6465223b733a323a22656e223b733a363a22737461747573223b623a303b733a31323a22646570656e64656e63696573223b613a323a7b733a363a226d6f64756c65223b613a313a7b693a303b733a31333a22636f6d6d657263655f63617274223b7d733a353a227468656d65223b613a313a7b693a303b733a393a226a616e676f5f737562223b7d7d733a323a226964223b733a343a2263617274223b733a353a227468656d65223b733a393a226a616e676f5f737562223b733a363a22726567696f6e223b733a363a22666f6f746572223b733a363a22776569676874223b693a303b733a383a2270726f7669646572223b4e3b733a363a22706c7567696e223b733a31333a22636f6d6d657263655f63617274223b733a383a2273657474696e6773223b613a353a7b733a323a226964223b733a31333a22636f6d6d657263655f63617274223b733a353a226c6162656c223b733a343a2243617274223b733a383a2270726f7669646572223b733a31333a22636f6d6d657263655f63617274223b733a31333a226c6162656c5f646973706c6179223b733a313a2230223b733a383a2264726f70646f776e223b623a313b7d733a31303a227669736962696c697479223b613a303a7b7d7d),
('', 'block.block.cartinfo', 0x613a31323a7b733a343a2275756964223b733a33363a2235376630393930652d313435392d346132352d393431312d353766663465633366656463223b733a383a226c616e67636f6465223b733a323a22656e223b733a363a22737461747573223b623a313b733a31323a22646570656e64656e63696573223b613a333a7b733a373a22636f6e74656e74223b613a313a7b693a303b733a35363a22626c6f636b5f636f6e74656e743a62617369633a33633230363432652d353134362d343463652d626664622d303131333865336262613264223b7d733a363a226d6f64756c65223b613a323a7b693a303b733a31333a22626c6f636b5f636f6e74656e74223b693a313b733a363a2273797374656d223b7d733a353a227468656d65223b613a313a7b693a303b733a393a226a616e676f5f737562223b7d7d733a323a226964223b733a383a2263617274696e666f223b733a353a227468656d65223b733a393a226a616e676f5f737562223b733a363a22726567696f6e223b733a31323a22636f6e74656e745f66756c6c223b733a363a22776569676874223b693a303b733a383a2270726f7669646572223b4e3b733a363a22706c7567696e223b733a35303a22626c6f636b5f636f6e74656e743a33633230363432652d353134362d343463652d626664622d303131333865336262613264223b733a383a2273657474696e6773223b613a373a7b733a323a226964223b733a35303a22626c6f636b5f636f6e74656e743a33633230363432652d353134362d343463652d626664622d303131333865336262613264223b733a353a226c6162656c223b733a393a224361727420496e666f223b733a383a2270726f7669646572223b733a31333a22626c6f636b5f636f6e74656e74223b733a31333a226c6162656c5f646973706c6179223b733a313a2230223b733a363a22737461747573223b623a313b733a343a22696e666f223b733a303a22223b733a393a22766965775f6d6f6465223b733a343a2266756c6c223b7d733a31303a227669736962696c697479223b613a313a7b733a31323a22726571756573745f70617468223b613a343a7b733a323a226964223b733a31323a22726571756573745f70617468223b733a353a227061676573223b733a363a222f636172742a223b733a363a226e6567617465223b623a303b733a31353a22636f6e746578745f6d617070696e67223b613a303a7b7d7d7d7d),
('', 'block.block.footer1dark4columnstwitter', 0x613a31323a7b733a343a2275756964223b733a33363a2239666432633432382d616661632d346565302d616136622d656436393039663638363564223b733a383a226c616e67636f6465223b733a323a22656e223b733a363a22737461747573223b623a313b733a31323a22646570656e64656e63696573223b613a333a7b733a373a22636f6e74656e74223b613a313a7b693a303b733a35363a22626c6f636b5f636f6e74656e743a62617369633a66313464663965392d316665372d346132622d386262362d353438343239653763373637223b7d733a363a226d6f64756c65223b613a323a7b693a303b733a31333a22626c6f636b5f636f6e74656e74223b693a313b733a363a2273797374656d223b7d733a353a227468656d65223b613a313a7b693a303b733a393a226a616e676f5f737562223b7d7d733a323a226964223b733a32363a22666f6f746572316461726b34636f6c756d6e7374776974746572223b733a353a227468656d65223b733a393a226a616e676f5f737562223b733a363a22726567696f6e223b733a363a22666f6f746572223b733a363a22776569676874223b693a303b733a383a2270726f7669646572223b4e3b733a363a22706c7567696e223b733a35303a22626c6f636b5f636f6e74656e743a66313464663965392d316665372d346132622d386262362d353438343239653763373637223b733a383a2273657474696e6773223b613a373a7b733a323a226964223b733a35303a22626c6f636b5f636f6e74656e743a66313464663965392d316665372d346132622d386262362d353438343239653763373637223b733a353a226c6162656c223b733a33353a22466f6f7465722031202d204461726b2c203420436f6c756d6e732c2054776974746572223b733a383a2270726f7669646572223b733a31333a22626c6f636b5f636f6e74656e74223b733a31333a226c6162656c5f646973706c6179223b733a313a2230223b733a363a22737461747573223b623a313b733a343a22696e666f223b733a303a22223b733a393a22766965775f6d6f6465223b733a343a2266756c6c223b7d733a31303a227669736962696c697479223b613a313a7b733a31323a22726571756573745f70617468223b613a343a7b733a323a226964223b733a31323a22726571756573745f70617468223b733a353a227061676573223b733a34393a222f6e6f64652f3131382f666f6f7465722d310d0a2f73686f702d686f6d652d360d0a2f686f6d652d76657273696f6e2d34223b733a363a226e6567617465223b623a303b733a31353a22636f6e746578745f6d617070696e67223b613a303a7b7d7d7d7d),
('', 'block.block.footer22columnsbgcontactusform', 0x613a31323a7b733a343a2275756964223b733a33363a2232396462616439362d666565302d343265342d386438632d656466363231386239343932223b733a383a226c616e67636f6465223b733a323a22656e223b733a363a22737461747573223b623a313b733a31323a22646570656e64656e63696573223b613a333a7b733a373a22636f6e74656e74223b613a313a7b693a303b733a35363a22626c6f636b5f636f6e74656e743a62617369633a37646362643063352d393264382d343335332d613763332d386266373437616563343435223b7d733a363a226d6f64756c65223b613a323a7b693a303b733a31333a22626c6f636b5f636f6e74656e74223b693a313b733a363a2273797374656d223b7d733a353a227468656d65223b613a313a7b693a303b733a393a226a616e676f5f737562223b7d7d733a323a226964223b733a33303a22666f6f7465723232636f6c756d6e736267636f6e746163747573666f726d223b733a353a227468656d65223b733a393a226a616e676f5f737562223b733a363a22726567696f6e223b733a363a22666f6f746572223b733a363a22776569676874223b693a303b733a383a2270726f7669646572223b4e3b733a363a22706c7567696e223b733a35303a22626c6f636b5f636f6e74656e743a37646362643063352d393264382d343335332d613763332d386266373437616563343435223b733a383a2273657474696e6773223b613a373a7b733a323a226964223b733a35303a22626c6f636b5f636f6e74656e743a37646362643063352d393264382d343335332d613763332d386266373437616563343435223b733a353a226c6162656c223b733a34313a22466f6f7465722032202d203220436f6c756d6e732c2042472c20436f6e7461637420557320666f726d223b733a383a2270726f7669646572223b733a31333a22626c6f636b5f636f6e74656e74223b733a31333a226c6162656c5f646973706c6179223b733a313a2230223b733a363a22737461747573223b623a313b733a343a22696e666f223b733a303a22223b733a393a22766965775f6d6f6465223b733a343a2266756c6c223b7d733a31303a227669736962696c697479223b613a313a7b733a31323a22726571756573745f70617468223b613a343a7b733a323a226964223b733a31323a22726571756573745f70617468223b733a353a227061676573223b733a39333a222f6e6f64652f3131382f666f6f7465722d320d0a2f686f6d652d76657273696f6e2d360d0a2f686f6d652d76657273696f6e2d370d0a2f6f6e65706167652d76657273696f6e2d340d0a2f6f6e65706167652d76657273696f6e2d3132223b733a363a226e6567617465223b623a303b733a31353a22636f6e746578745f6d617070696e67223b613a303a7b7d7d7d7d),
('', 'block.block.footer2widecolumnsandwebform', 0x613a31323a7b733a343a2275756964223b733a33363a2235336365393331642d666139612d346332622d623438372d383635313563346138646365223b733a383a226c616e67636f6465223b733a323a22656e223b733a363a22737461747573223b623a313b733a31323a22646570656e64656e63696573223b613a333a7b733a373a22636f6e74656e74223b613a313a7b693a303b733a35363a22626c6f636b5f636f6e74656e743a62617369633a61653365656333612d313737342d346631332d386332612d316539663730313266623762223b7d733a363a226d6f64756c65223b613a323a7b693a303b733a31333a22626c6f636b5f636f6e74656e74223b693a313b733a363a2273797374656d223b7d733a353a227468656d65223b613a313a7b693a303b733a393a226a616e676f5f737562223b7d7d733a323a226964223b733a32383a22666f6f7465723277696465636f6c756d6e73616e64776562666f726d223b733a353a227468656d65223b733a393a226a616e676f5f737562223b733a363a22726567696f6e223b733a363a22666f6f746572223b733a363a22776569676874223b693a303b733a383a2270726f7669646572223b4e3b733a363a22706c7567696e223b733a35303a22626c6f636b5f636f6e74656e743a61653365656333612d313737342d346631332d386332612d316539663730313266623762223b733a383a2273657474696e6773223b613a373a7b733a323a226964223b733a35303a22626c6f636b5f636f6e74656e743a61653365656333612d313737342d346631332d386332612d316539663730313266623762223b733a353a226c6162656c223b733a33343a22466f6f7465723a2032205769646520436f6c756d6e7320616e6420576562466f726d223b733a383a2270726f7669646572223b733a31333a22626c6f636b5f636f6e74656e74223b733a31333a226c6162656c5f646973706c6179223b733a313a2230223b733a363a22737461747573223b623a313b733a343a22696e666f223b733a303a22223b733a393a22766965775f6d6f6465223b733a343a2266756c6c223b7d733a31303a227669736962696c697479223b613a313a7b733a31323a22726571756573745f70617468223b613a343a7b733a323a226964223b733a31323a22726571756573745f70617468223b733a353a227061676573223b733a31383a222f6f6e65706167652d76657273696f6e2d36223b733a363a226e6567617465223b623a303b733a31353a22636f6e746578745f6d617070696e67223b613a303a7b7d7d7d7d),
('', 'block.block.footer3light4columnstwitter', 0x613a31323a7b733a343a2275756964223b733a33363a2230636632626462622d663937372d343335332d393735662d643538356330326238643230223b733a383a226c616e67636f6465223b733a323a22656e223b733a363a22737461747573223b623a313b733a31323a22646570656e64656e63696573223b613a333a7b733a373a22636f6e74656e74223b613a313a7b693a303b733a35363a22626c6f636b5f636f6e74656e743a62617369633a63613162663233372d616139632d343932322d396663322d346463626235313031383664223b7d733a363a226d6f64756c65223b613a323a7b693a303b733a31333a22626c6f636b5f636f6e74656e74223b693a313b733a363a2273797374656d223b7d733a353a227468656d65223b613a313a7b693a303b733a393a226a616e676f5f737562223b7d7d733a323a226964223b733a32373a22666f6f746572336c6967687434636f6c756d6e7374776974746572223b733a353a227468656d65223b733a393a226a616e676f5f737562223b733a363a22726567696f6e223b733a363a22666f6f746572223b733a363a22776569676874223b693a303b733a383a2270726f7669646572223b4e3b733a363a22706c7567696e223b733a35303a22626c6f636b5f636f6e74656e743a63613162663233372d616139632d343932322d396663322d346463626235313031383664223b733a383a2273657474696e6773223b613a373a7b733a323a226964223b733a35303a22626c6f636b5f636f6e74656e743a63613162663233372d616139632d343932322d396663322d346463626235313031383664223b733a353a226c6162656c223b733a33363a22466f6f7465722033202d204c696768742c203420436f6c756d6e732c2054776974746572223b733a383a2270726f7669646572223b733a31333a22626c6f636b5f636f6e74656e74223b733a31333a226c6162656c5f646973706c6179223b733a313a2230223b733a363a22737461747573223b623a313b733a343a22696e666f223b733a303a22223b733a393a22766965775f6d6f6465223b733a343a2266756c6c223b7d733a31303a227669736962696c697479223b613a313a7b733a31323a22726571756573745f70617468223b613a343a7b733a323a226964223b733a31323a22726571756573745f70617468223b733a353a227061676573223b733a3334323a222f6e6f64652f3131382f666f6f7465722d330d0a2f73686f702d686f6d652d310d0a2f73686f702d686f6d652d370d0a2f70726f647563742f2a0d0a2f70726f647563742d6c6973742a0d0a2f70726f64756374732d73706c69740d0a2f70726f64756374732d66696c7465720d0a2f70726f647563742d7365617263682f2a0d0a2f70726f64756374732d696d616765730d0a2f73686f702d70726f647563742d677269642a0d0a2f70726f64756374732d677269642d77686974652d626f726465720d0a2f636172742a0d0a2f636865636b6f75742a0d0a2f757365722f2a2f6c6566742d736964656261720d0a2f757365722a0d0a2f73686f702d636f6d706f6e656e74732a0d0a3c66726f6e743e0d0a2f686f6d652d76657273696f6e2d320d0a2f686f6d652d76657273696f6e2d330d0a2f686f6d652d76657273696f6e2d350d0a2f686f6d652d76657273696f6e2d38223b733a363a226e6567617465223b623a303b733a31353a22636f6e746578745f6d617070696e67223b613a303a7b7d7d7d7d),
('', 'block.block.footer4dark4columnslatestworks', 0x613a31323a7b733a343a2275756964223b733a33363a2234663732656133362d343338372d343930332d623336342d376563336534343664666565223b733a383a226c616e67636f6465223b733a323a22656e223b733a363a22737461747573223b623a313b733a31323a22646570656e64656e63696573223b613a333a7b733a373a22636f6e74656e74223b613a313a7b693a303b733a35363a22626c6f636b5f636f6e74656e743a62617369633a36663134393836302d353762642d346233372d626266312d346332313833323739313734223b7d733a363a226d6f64756c65223b613a323a7b693a303b733a31333a22626c6f636b5f636f6e74656e74223b693a313b733a363a2273797374656d223b7d733a353a227468656d65223b613a313a7b693a303b733a393a226a616e676f5f737562223b7d7d733a323a226964223b733a33303a22666f6f746572346461726b34636f6c756d6e736c6174657374776f726b73223b733a353a227468656d65223b733a393a226a616e676f5f737562223b733a363a22726567696f6e223b733a363a22666f6f746572223b733a363a22776569676874223b693a303b733a383a2270726f7669646572223b4e3b733a363a22706c7567696e223b733a35303a22626c6f636b5f636f6e74656e743a36663134393836302d353762642d346233372d626266312d346332313833323739313734223b733a383a2273657474696e6773223b613a373a7b733a323a226964223b733a35303a22626c6f636b5f636f6e74656e743a36663134393836302d353762642d346233372d626266312d346332313833323739313734223b733a353a226c6162656c223b733a34303a22466f6f7465722034202d204461726b2c203420436f6c756d6e732c204c617465737420576f726b73223b733a383a2270726f7669646572223b733a31333a22626c6f636b5f636f6e74656e74223b733a31333a226c6162656c5f646973706c6179223b733a313a2230223b733a363a22737461747573223b623a313b733a343a22696e666f223b733a303a22223b733a393a22766965775f6d6f6465223b733a343a2266756c6c223b7d733a31303a227669736962696c697479223b613a313a7b733a31323a22726571756573745f70617468223b613a343a7b733a323a226964223b733a31323a22726571756573745f70617468223b733a353a227061676573223b733a3538313a222f73686f702d686f6d652d310d0a2f73686f702d686f6d652d360d0a2f6e6f64652f3131382f666f6f7465722d310d0a2f6e6f64652f3131382f666f6f7465722d320d0a2f6e6f64652f3131382f666f6f7465722d330d0a2f6e6f64652f3131382f666f6f7465722d350d0a2f6e6f64652f3131382f666f6f7465722d360d0a2f6e6f64652f3131382f666f6f7465722d370d0a2f6e6f64652f3131382f666f6f7465722d380d0a2f6e6f64652f3131382f666f6f7465722d390d0a2f73686f702d686f6d652d310d0a2f73686f702d686f6d652d370d0a2f70726f647563742f2a0d0a2f70726f647563742d6c6973742a0d0a2f70726f64756374732d73706c69740d0a2f70726f64756374732d66696c7465720d0a2f70726f647563742d7365617263682f2a0d0a2f70726f64756374732d696d616765730d0a2f73686f702d70726f647563742d677269642a0d0a2f70726f64756374732d677269642d77686974652d626f726465720d0a2f636172742a0d0a2f636865636b6f75742a0d0a2f757365722f2a2f6c6566742d736964656261720d0a2f757365722a0d0a2f73686f702d636f6d706f6e656e74732a0d0a3c66726f6e743e0d0a2f686f6d652d76657273696f6e2d320d0a2f686f6d652d76657273696f6e2d330d0a2f686f6d652d76657273696f6e2d340d0a2f686f6d652d76657273696f6e2d350d0a2f686f6d652d76657273696f6e2d360d0a2f686f6d652d76657273696f6e2d370d0a2f686f6d652d76657273696f6e2d380d0a2f6f6e65706167652d76657273696f6e2d2a223b733a363a226e6567617465223b623a313b733a31353a22636f6e746578745f6d617070696e67223b613a303a7b7d7d7d7d),
('', 'block.block.footer5darkbg2columns', 0x613a31323a7b733a343a2275756964223b733a33363a2238646335626434302d366138302d343865382d393139362d353164633637383630633465223b733a383a226c616e67636f6465223b733a323a22656e223b733a363a22737461747573223b623a313b733a31323a22646570656e64656e63696573223b613a333a7b733a373a22636f6e74656e74223b613a313a7b693a303b733a35363a22626c6f636b5f636f6e74656e743a62617369633a33303338333837662d353536382d343133622d383765362d386436376438343462666366223b7d733a363a226d6f64756c65223b613a323a7b693a303b733a31333a22626c6f636b5f636f6e74656e74223b693a313b733a363a2273797374656d223b7d733a353a227468656d65223b613a313a7b693a303b733a393a226a616e676f5f737562223b7d7d733a323a226964223b733a32313a22666f6f746572356461726b626732636f6c756d6e73223b733a353a227468656d65223b733a393a226a616e676f5f737562223b733a363a22726567696f6e223b733a363a22666f6f746572223b733a363a22776569676874223b693a303b733a383a2270726f7669646572223b4e3b733a363a22706c7567696e223b733a35303a22626c6f636b5f636f6e74656e743a33303338333837662d353536382d343133622d383765362d386436376438343462666366223b733a383a2273657474696e6773223b613a373a7b733a323a226964223b733a35303a22626c6f636b5f636f6e74656e743a33303338333837662d353536382d343133622d383765362d386436376438343462666366223b733a353a226c6162656c223b733a32393a22466f6f7465722035202d204461726b2042472c203220436f6c756d6e73223b733a383a2270726f7669646572223b733a31333a22626c6f636b5f636f6e74656e74223b733a31333a226c6162656c5f646973706c6179223b733a313a2230223b733a363a22737461747573223b623a313b733a343a22696e666f223b733a303a22223b733a393a22766965775f6d6f6465223b733a343a2266756c6c223b7d733a31303a227669736962696c697479223b613a313a7b733a31323a22726571756573745f70617468223b613a343a7b733a323a226964223b733a31323a22726571756573745f70617468223b733a353a227061676573223b733a31383a222f6e6f64652f3131382f666f6f7465722d35223b733a363a226e6567617465223b623a303b733a31353a22636f6e746578745f6d617070696e67223b613a303a7b7d7d7d7d),
('', 'block.block.footer62columnsdescriptionandtweets', 0x613a31323a7b733a343a2275756964223b733a33363a2261376638313832332d343763362d343761612d626661382d363161346136303862373735223b733a383a226c616e67636f6465223b733a323a22656e223b733a363a22737461747573223b623a313b733a31323a22646570656e64656e63696573223b613a333a7b733a373a22636f6e74656e74223b613a313a7b693a303b733a35363a22626c6f636b5f636f6e74656e743a62617369633a30313062323532372d646463372d343032332d396562662d386662323866336161633165223b7d733a363a226d6f64756c65223b613a323a7b693a303b733a31333a22626c6f636b5f636f6e74656e74223b693a313b733a363a2273797374656d223b7d733a353a227468656d65223b613a313a7b693a303b733a393a226a616e676f5f737562223b7d7d733a323a226964223b733a33353a22666f6f7465723632636f6c756d6e736465736372697074696f6e616e64747765657473223b733a353a227468656d65223b733a393a226a616e676f5f737562223b733a363a22726567696f6e223b733a363a22666f6f746572223b733a363a22776569676874223b693a303b733a383a2270726f7669646572223b4e3b733a363a22706c7567696e223b733a35303a22626c6f636b5f636f6e74656e743a30313062323532372d646463372d343032332d396562662d386662323866336161633165223b733a383a2273657474696e6773223b613a373a7b733a323a226964223b733a35303a22626c6f636b5f636f6e74656e743a30313062323532372d646463372d343032332d396562662d386662323866336161633165223b733a353a226c6162656c223b733a34343a22466f6f7465722036202d203220436f6c756d6e732c204465736372697074696f6e20616e6420547765657473223b733a383a2270726f7669646572223b733a31333a22626c6f636b5f636f6e74656e74223b733a31333a226c6162656c5f646973706c6179223b733a313a2230223b733a363a22737461747573223b623a313b733a343a22696e666f223b733a303a22223b733a393a22766965775f6d6f6465223b733a343a2266756c6c223b7d733a31303a227669736962696c697479223b613a313a7b733a31323a22726571756573745f70617468223b613a343a7b733a323a226964223b733a31323a22726571756573745f70617468223b733a353a227061676573223b733a31383a222f6e6f64652f3131382f666f6f7465722d36223b733a363a226e6567617465223b623a303b733a31353a22636f6e746578745f6d617070696e67223b613a303a7b7d7d7d7d),
('', 'block.block.footer7descriptionandredblock', 0x613a31323a7b733a343a2275756964223b733a33363a2238393835373763352d366136382d343436392d613138382d613262393233316533303436223b733a383a226c616e67636f6465223b733a323a22656e223b733a363a22737461747573223b623a313b733a31323a22646570656e64656e63696573223b613a333a7b733a373a22636f6e74656e74223b613a313a7b693a303b733a35363a22626c6f636b5f636f6e74656e743a62617369633a62386537303430642d393430392d343832302d396236342d393963353062366237323365223b7d733a363a226d6f64756c65223b613a323a7b693a303b733a31333a22626c6f636b5f636f6e74656e74223b693a313b733a363a2273797374656d223b7d733a353a227468656d65223b613a313a7b693a303b733a393a226a616e676f5f737562223b7d7d733a323a226964223b733a32393a22666f6f746572376465736372697074696f6e616e64726564626c6f636b223b733a353a227468656d65223b733a393a226a616e676f5f737562223b733a363a22726567696f6e223b733a363a22666f6f746572223b733a363a22776569676874223b693a303b733a383a2270726f7669646572223b4e3b733a363a22706c7567696e223b733a35303a22626c6f636b5f636f6e74656e743a62386537303430642d393430392d343832302d396236342d393963353062366237323365223b733a383a2273657474696e6773223b613a373a7b733a323a226964223b733a35303a22626c6f636b5f636f6e74656e743a62386537303430642d393430392d343832302d396236342d393963353062366237323365223b733a353a226c6162656c223b733a33353a22466f6f74657220373a204465736372697074696f6e20616e642072656420626c6f636b223b733a383a2270726f7669646572223b733a31333a22626c6f636b5f636f6e74656e74223b733a31333a226c6162656c5f646973706c6179223b733a313a2230223b733a363a22737461747573223b623a313b733a343a22696e666f223b733a303a22223b733a393a22766965775f6d6f6465223b733a343a2266756c6c223b7d733a31303a227669736962696c697479223b613a313a7b733a31323a22726571756573745f70617468223b613a343a7b733a323a226964223b733a31323a22726571756573745f70617468223b733a353a227061676573223b733a31383a222f6e6f64652f3131382f666f6f7465722d37223b733a363a226e6567617465223b623a303b733a31353a22636f6e746578745f6d617070696e67223b613a303a7b7d7d7d7d),
('', 'block.block.footer8darkbgwithmenusandsubscribewithus', 0x613a31323a7b733a343a2275756964223b733a33363a2231366336633438302d653061382d343163372d623539622d376333613431663963396132223b733a383a226c616e67636f6465223b733a323a22656e223b733a363a22737461747573223b623a313b733a31323a22646570656e64656e63696573223b613a333a7b733a373a22636f6e74656e74223b613a313a7b693a303b733a35363a22626c6f636b5f636f6e74656e743a62617369633a61346630336138362d616662392d343630372d396532322d376566663939383539313565223b7d733a363a226d6f64756c65223b613a323a7b693a303b733a31333a22626c6f636b5f636f6e74656e74223b693a313b733a363a2273797374656d223b7d733a353a227468656d65223b613a313a7b693a303b733a393a226a616e676f5f737562223b7d7d733a323a226964223b733a34303a22666f6f746572386461726b6267776974686d656e7573616e64737562736372696265776974687573223b733a353a227468656d65223b733a393a226a616e676f5f737562223b733a363a22726567696f6e223b733a363a22666f6f746572223b733a363a22776569676874223b693a303b733a383a2270726f7669646572223b4e3b733a363a22706c7567696e223b733a35303a22626c6f636b5f636f6e74656e743a61346630336138362d616662392d343630372d396532322d376566663939383539313565223b733a383a2273657474696e6773223b613a373a7b733a323a226964223b733a35303a22626c6f636b5f636f6e74656e743a61346630336138362d616662392d343630372d396532322d376566663939383539313565223b733a353a226c6162656c223b733a35303a22466f6f74657220383a204461726b2042472077697468204d656e757320616e64205375627363726962652077697468205573223b733a383a2270726f7669646572223b733a31333a22626c6f636b5f636f6e74656e74223b733a31333a226c6162656c5f646973706c6179223b733a313a2230223b733a363a22737461747573223b623a313b733a343a22696e666f223b733a303a22223b733a393a22766965775f6d6f6465223b733a343a2266756c6c223b7d733a31303a227669736962696c697479223b613a313a7b733a31323a22726571756573745f70617468223b613a343a7b733a323a226964223b733a31323a22726571756573745f70617468223b733a353a227061676573223b733a35383a222f6e6f64652f3131382f666f6f7465722d380d0a2f6f6e65706167652d76657273696f6e2d370d0a2f6f6e65706167652d76657273696f6e2d38223b733a363a226e6567617465223b623a303b733a31353a22636f6e746578745f6d617070696e67223b613a303a7b7d7d7d7d);
INSERT INTO `config` (`collection`, `name`, `data`) VALUES
('', 'block.block.footer9greybgdescriptionandcontactusform', 0x613a31323a7b733a343a2275756964223b733a33363a2261663236373932342d633063362d346639322d383833392d386639306565353039653830223b733a383a226c616e67636f6465223b733a323a22656e223b733a363a22737461747573223b623a313b733a31323a22646570656e64656e63696573223b613a333a7b733a373a22636f6e74656e74223b613a313a7b693a303b733a35363a22626c6f636b5f636f6e74656e743a62617369633a62353539353334342d666136652d343232342d393030652d666164373562393461623933223b7d733a363a226d6f64756c65223b613a323a7b693a303b733a31333a22626c6f636b5f636f6e74656e74223b693a313b733a363a2273797374656d223b7d733a353a227468656d65223b613a313a7b693a303b733a393a226a616e676f5f737562223b7d7d733a323a226964223b733a34303a22666f6f746572396772657962676465736372697074696f6e616e64636f6e746163747573666f726d223b733a353a227468656d65223b733a393a226a616e676f5f737562223b733a363a22726567696f6e223b733a363a22666f6f746572223b733a363a22776569676874223b693a303b733a383a2270726f7669646572223b4e3b733a363a22706c7567696e223b733a35303a22626c6f636b5f636f6e74656e743a62353539353334342d666136652d343232342d393030652d666164373562393461623933223b733a383a2273657474696e6773223b613a373a7b733a323a226964223b733a35303a22626c6f636b5f636f6e74656e743a62353539353334342d666136652d343232342d393030652d666164373562393461623933223b733a353a226c6162656c223b733a35303a22466f6f74657220393a20477265792042472c204465736372697074696f6e20616e6420436f6e7461637420557320466f726d223b733a383a2270726f7669646572223b733a31333a22626c6f636b5f636f6e74656e74223b733a31333a226c6162656c5f646973706c6179223b733a313a2230223b733a363a22737461747573223b623a313b733a343a22696e666f223b733a303a22223b733a393a22766965775f6d6f6465223b733a343a2266756c6c223b7d733a31303a227669736962696c697479223b613a313a7b733a31323a22726571756573745f70617468223b613a343a7b733a323a226964223b733a31323a22726571756573745f70617468223b733a353a227061676573223b733a3130303a222f6e6f64652f3131382f666f6f7465722d390d0a2f6f6e65706167652d76657273696f6e2d310d0a2f6f6e65706167652d76657273696f6e2d350d0a2f6f6e65706167652d76657273696f6e2d31300d0a2f6f6e65706167652d76657273696f6e2d3131223b733a363a226e6567617465223b623a303b733a31353a22636f6e746578745f6d617070696e67223b613a303a7b7d7d7d7d),
('', 'block.block.footershortdark', 0x613a31323a7b733a343a2275756964223b733a33363a2261653163383132312d363066392d343139662d393336342d313961373639386164326465223b733a383a226c616e67636f6465223b733a323a22656e223b733a363a22737461747573223b623a313b733a31323a22646570656e64656e63696573223b613a333a7b733a373a22636f6e74656e74223b613a313a7b693a303b733a35363a22626c6f636b5f636f6e74656e743a62617369633a61396631366464612d626639342d343334632d383466362d363433363534626439383036223b7d733a363a226d6f64756c65223b613a323a7b693a303b733a31333a22626c6f636b5f636f6e74656e74223b693a313b733a363a2273797374656d223b7d733a353a227468656d65223b613a313a7b693a303b733a393a226a616e676f5f737562223b7d7d733a323a226964223b733a31353a22666f6f74657273686f72746461726b223b733a353a227468656d65223b733a393a226a616e676f5f737562223b733a363a22726567696f6e223b733a363a22666f6f746572223b733a363a22776569676874223b693a303b733a383a2270726f7669646572223b4e3b733a363a22706c7567696e223b733a35303a22626c6f636b5f636f6e74656e743a61396631366464612d626639342d343334632d383466362d363433363534626439383036223b733a383a2273657474696e6773223b613a373a7b733a323a226964223b733a35303a22626c6f636b5f636f6e74656e743a61396631366464612d626639342d343334632d383466362d363433363534626439383036223b733a353a226c6162656c223b733a31383a22466f6f7465723a2053686f7274204461726b223b733a383a2270726f7669646572223b733a31333a22626c6f636b5f636f6e74656e74223b733a31333a226c6162656c5f646973706c6179223b733a313a2230223b733a363a22737461747573223b623a313b733a343a22696e666f223b733a303a22223b733a393a22766965775f6d6f6465223b733a343a2266756c6c223b7d733a31303a227669736962696c697479223b613a313a7b733a31323a22726571756573745f70617468223b613a343a7b733a323a226964223b733a31323a22726571756573745f70617468223b733a353a227061676573223b733a3230303a222f6f6e65706167652d76657273696f6e2d310d0a2f6f6e65706167652d76657273696f6e2d320d0a2f6f6e65706167652d76657273696f6e2d330d0a2f6f6e65706167652d76657273696f6e2d350d0a2f6f6e65706167652d76657273696f6e2d360d0a2f6f6e65706167652d76657273696f6e2d390d0a2f6f6e65706167652d76657273696f6e2d31300d0a2f6f6e65706167652d76657273696f6e2d31310d0a2f6e6f64652f3131382f666f6f7465722d370d0a2f6e6f64652f3131382f666f6f7465722d39223b733a363a226e6567617465223b623a303b733a31353a22636f6e746578745f6d617070696e67223b613a303a7b7d7d7d7d),
('', 'block.block.haveaquestionwebform', 0x613a31323a7b733a343a2275756964223b733a33363a2236316332633065662d613334652d346565322d623437382d373066666461613337653032223b733a383a226c616e67636f6465223b733a323a22656e223b733a363a22737461747573223b623a313b733a31323a22646570656e64656e63696573223b613a333a7b733a373a22636f6e74656e74223b613a313a7b693a303b733a35363a22626c6f636b5f636f6e74656e743a62617369633a64343837646139372d303363652d343135622d386138302d633264643134363736663830223b7d733a363a226d6f64756c65223b613a323a7b693a303b733a31333a22626c6f636b5f636f6e74656e74223b693a313b733a363a2273797374656d223b7d733a353a227468656d65223b613a313a7b693a303b733a393a226a616e676f5f737562223b7d7d733a323a226964223b733a32303a2268617665617175657374696f6e776562666f726d223b733a353a227468656d65223b733a393a226a616e676f5f737562223b733a363a22726567696f6e223b733a373a2273696465626172223b733a363a22776569676874223b693a2d33373b733a383a2270726f7669646572223b4e3b733a363a22706c7567696e223b733a35303a22626c6f636b5f636f6e74656e743a64343837646139372d303363652d343135622d386138302d633264643134363736663830223b733a383a2273657474696e6773223b613a373a7b733a323a226964223b733a35303a22626c6f636b5f636f6e74656e743a64343837646139372d303363652d343135622d386138302d633264643134363736663830223b733a353a226c6162656c223b733a32343a22486176652061207175657374696f6e3f20576562466f726d223b733a383a2270726f7669646572223b733a31333a22626c6f636b5f636f6e74656e74223b733a31333a226c6162656c5f646973706c6179223b733a313a2230223b733a363a22737461747573223b623a313b733a343a22696e666f223b733a303a22223b733a393a22766965775f6d6f6465223b733a343a2266756c6c223b7d733a31303a227669736962696c697479223b613a313a7b733a31323a22726571756573745f70617468223b613a343a7b733a323a226964223b733a31323a22726571756573745f70617468223b733a353a227061676573223b733a35393a222f70726f647563742d6c6973742f6c6566742d736964656261720d0a2f73686f702d70726f647563742d677269642f6c6566742d73696465626172223b733a363a226e6567617465223b623a303b733a31353a22636f6e746578745f6d617070696e67223b613a303a7b7d7d7d7d),
('', 'block.block.homepage', 0x613a31323a7b733a343a2275756964223b733a33363a2234393235383133622d393336392d343135312d383163662d386130366664386366343132223b733a383a226c616e67636f6465223b733a323a22656e223b733a363a22737461747573223b623a313b733a31323a22646570656e64656e63696573223b613a323a7b733a363a226d6f64756c65223b613a323a7b693a303b733a393a226d645f736c69646572223b693a313b733a363a2273797374656d223b7d733a353a227468656d65223b613a313a7b693a303b733a393a226a616e676f5f737562223b7d7d733a323a226964223b733a383a22686f6d6570616765223b733a353a227468656d65223b733a393a226a616e676f5f737562223b733a363a22726567696f6e223b733a363a22686561646572223b733a363a22776569676874223b693a2d383b733a383a2270726f7669646572223b4e3b733a363a22706c7567696e223b733a32343a226d645f736c696465725f626c6f636b3a686f6d6570616765223b733a383a2273657474696e6773223b613a343a7b733a323a226964223b733a32343a226d645f736c696465725f626c6f636b3a686f6d6570616765223b733a353a226c6162656c223b733a31393a224d4420536c696465723a20486f6d6550616765223b733a383a2270726f7669646572223b733a393a226d645f736c69646572223b733a31333a226c6162656c5f646973706c6179223b733a313a2230223b7d733a31303a227669736962696c697479223b613a313a7b733a31323a22726571756573745f70617468223b613a343a7b733a323a226964223b733a31323a22726571756573745f70617468223b733a353a227061676573223b733a373a223c66726f6e743e223b733a363a226e6567617465223b623a303b733a31353a22636f6e746578745f6d617070696e67223b613a303a7b7d7d7d7d),
('', 'block.block.homev11', 0x613a31323a7b733a343a2275756964223b733a33363a2266633238316562302d363836342d343231332d623866382d313636333539326632353538223b733a383a226c616e67636f6465223b733a323a22656e223b733a363a22737461747573223b623a313b733a31323a22646570656e64656e63696573223b613a323a7b733a363a226d6f64756c65223b613a323a7b693a303b733a393a226d645f736c69646572223b693a313b733a363a2273797374656d223b7d733a353a227468656d65223b613a313a7b693a303b733a393a226a616e676f5f737562223b7d7d733a323a226964223b733a373a22686f6d65763131223b733a353a227468656d65223b733a393a226a616e676f5f737562223b733a363a22726567696f6e223b733a363a22686561646572223b733a363a22776569676874223b693a343b733a383a2270726f7669646572223b4e3b733a363a22706c7567696e223b733a32343a226d645f736c696465725f626c6f636b3a686f6d655f763131223b733a383a2273657474696e6773223b613a343a7b733a323a226964223b733a32343a226d645f736c696465725f626c6f636b3a686f6d655f763131223b733a353a226c6162656c223b733a31393a224d4420536c696465723a20486f6d6520563131223b733a383a2270726f7669646572223b733a393a226d645f736c69646572223b733a31333a226c6162656c5f646973706c6179223b733a313a2230223b7d733a31303a227669736962696c697479223b613a313a7b733a31323a22726571756573745f70617468223b613a343a7b733a323a226964223b733a31323a22726571756573745f70617468223b733a353a227061676573223b733a33363a222f686f6d652d76657273696f6e2d31310d0a2f6f6e65706167652d76657273696f6e2d38223b733a363a226e6567617465223b623a303b733a31353a22636f6e746578745f6d617070696e67223b613a303a7b7d7d7d7d),
('', 'block.block.homev12', 0x613a31323a7b733a343a2275756964223b733a33363a2236373836356165322d303866332d343436642d386264612d646663396434613465643166223b733a383a226c616e67636f6465223b733a323a22656e223b733a363a22737461747573223b623a313b733a31323a22646570656e64656e63696573223b613a323a7b733a363a226d6f64756c65223b613a323a7b693a303b733a393a226d645f736c69646572223b693a313b733a363a2273797374656d223b7d733a353a227468656d65223b613a313a7b693a303b733a393a226a616e676f5f737562223b7d7d733a323a226964223b733a373a22686f6d65763132223b733a353a227468656d65223b733a393a226a616e676f5f737562223b733a363a22726567696f6e223b733a363a22686561646572223b733a363a22776569676874223b693a353b733a383a2270726f7669646572223b4e3b733a363a22706c7567696e223b733a32343a226d645f736c696465725f626c6f636b3a686f6d655f763132223b733a383a2273657474696e6773223b613a343a7b733a323a226964223b733a32343a226d645f736c696465725f626c6f636b3a686f6d655f763132223b733a353a226c6162656c223b733a31393a224d4420536c696465723a20486f6d6520563132223b733a383a2270726f7669646572223b733a393a226d645f736c69646572223b733a31333a226c6162656c5f646973706c6179223b733a313a2230223b7d733a31303a227669736962696c697479223b613a313a7b733a31323a22726571756573745f70617468223b613a343a7b733a323a226964223b733a31323a22726571756573745f70617468223b733a353a227061676573223b733a33363a222f686f6d652d76657273696f6e2d31320d0a2f6f6e65706167652d76657273696f6e2d34223b733a363a226e6567617465223b623a303b733a31353a22636f6e746578745f6d617070696e67223b613a303a7b7d7d7d7d),
('', 'block.block.homev2', 0x613a31323a7b733a343a2275756964223b733a33363a2266313866383563352d326134612d343266372d396238352d366234383139636535346163223b733a383a226c616e67636f6465223b733a323a22656e223b733a363a22737461747573223b623a313b733a31323a22646570656e64656e63696573223b613a323a7b733a363a226d6f64756c65223b613a323a7b693a303b733a393a226d645f736c69646572223b693a313b733a363a2273797374656d223b7d733a353a227468656d65223b613a313a7b693a303b733a393a226a616e676f5f737562223b7d7d733a323a226964223b733a363a22686f6d657632223b733a353a227468656d65223b733a393a226a616e676f5f737562223b733a363a22726567696f6e223b733a363a22686561646572223b733a363a22776569676874223b693a2d333b733a383a2270726f7669646572223b4e3b733a363a22706c7567696e223b733a32333a226d645f736c696465725f626c6f636b3a686f6d655f7632223b733a383a2273657474696e6773223b613a343a7b733a323a226964223b733a32333a226d645f736c696465725f626c6f636b3a686f6d655f7632223b733a353a226c6162656c223b733a31383a224d4420536c696465723a20486f6d65205632223b733a383a2270726f7669646572223b733a393a226d645f736c69646572223b733a31333a226c6162656c5f646973706c6179223b733a313a2230223b7d733a31303a227669736962696c697479223b613a313a7b733a31323a22726571756573745f70617468223b613a343a7b733a323a226964223b733a31323a22726571756573745f70617468223b733a353a227061676573223b733a33353a222f686f6d652d76657273696f6e2d320d0a2f6f6e65706167652d76657273696f6e2d36223b733a363a226e6567617465223b623a303b733a31353a22636f6e746578745f6d617070696e67223b613a303a7b7d7d7d7d),
('', 'block.block.homev4', 0x613a31323a7b733a343a2275756964223b733a33363a2239663336316166372d396339312d346531332d626634662d303866626138643930636363223b733a383a226c616e67636f6465223b733a323a22656e223b733a363a22737461747573223b623a313b733a31323a22646570656e64656e63696573223b613a323a7b733a363a226d6f64756c65223b613a323a7b693a303b733a393a226d645f736c69646572223b693a313b733a363a2273797374656d223b7d733a353a227468656d65223b613a313a7b693a303b733a393a226a616e676f5f737562223b7d7d733a323a226964223b733a363a22686f6d657634223b733a353a227468656d65223b733a393a226a616e676f5f737562223b733a363a22726567696f6e223b733a363a22686561646572223b733a363a22776569676874223b693a2d323b733a383a2270726f7669646572223b4e3b733a363a22706c7567696e223b733a32333a226d645f736c696465725f626c6f636b3a686f6d655f7634223b733a383a2273657474696e6773223b613a343a7b733a323a226964223b733a32333a226d645f736c696465725f626c6f636b3a686f6d655f7634223b733a353a226c6162656c223b733a31383a224d4420536c696465723a20486f6d65205634223b733a383a2270726f7669646572223b733a393a226d645f736c69646572223b733a31333a226c6162656c5f646973706c6179223b733a313a2230223b7d733a31303a227669736962696c697479223b613a313a7b733a31323a22726571756573745f70617468223b613a343a7b733a323a226964223b733a31323a22726571756573745f70617468223b733a353a227061676573223b733a33333a222f686f6d652d76657273696f6e2d340d0a2f686f6d652d76657273696f6e2d3130223b733a363a226e6567617465223b623a303b733a31353a22636f6e746578745f6d617070696e67223b613a303a7b7d7d7d7d),
('', 'block.block.homev5', 0x613a31323a7b733a343a2275756964223b733a33363a2234656335343161382d613163322d343137302d623034622d333438313837356463643265223b733a383a226c616e67636f6465223b733a323a22656e223b733a363a22737461747573223b623a313b733a31323a22646570656e64656e63696573223b613a323a7b733a363a226d6f64756c65223b613a323a7b693a303b733a393a226d645f736c69646572223b693a313b733a363a2273797374656d223b7d733a353a227468656d65223b613a313a7b693a303b733a393a226a616e676f5f737562223b7d7d733a323a226964223b733a363a22686f6d657635223b733a353a227468656d65223b733a393a226a616e676f5f737562223b733a363a22726567696f6e223b733a363a22686561646572223b733a363a22776569676874223b693a2d313b733a383a2270726f7669646572223b4e3b733a363a22706c7567696e223b733a32333a226d645f736c696465725f626c6f636b3a686f6d655f7635223b733a383a2273657474696e6773223b613a343a7b733a323a226964223b733a32333a226d645f736c696465725f626c6f636b3a686f6d655f7635223b733a353a226c6162656c223b733a31383a224d4420536c696465723a20486f6d65205635223b733a383a2270726f7669646572223b733a393a226d645f736c69646572223b733a31333a226c6162656c5f646973706c6179223b733a313a2230223b7d733a31303a227669736962696c697479223b613a313a7b733a31323a22726571756573745f70617468223b613a343a7b733a323a226964223b733a31323a22726571756573745f70617468223b733a353a227061676573223b733a35353a222f686f6d652d76657273696f6e2d350d0a2f6f6e65706167652d76657273696f6e2d310d0a2f6f6e65706167652d76657273696f6e2d33223b733a363a226e6567617465223b623a303b733a31353a22636f6e746578745f6d617070696e67223b613a303a7b7d7d7d7d),
('', 'block.block.homev6', 0x613a31323a7b733a343a2275756964223b733a33363a2233363962303130362d613031352d346134352d623536302d613563666361646461396263223b733a383a226c616e67636f6465223b733a323a22656e223b733a363a22737461747573223b623a313b733a31323a22646570656e64656e63696573223b613a323a7b733a363a226d6f64756c65223b613a323a7b693a303b733a393a226d645f736c69646572223b693a313b733a363a2273797374656d223b7d733a353a227468656d65223b613a313a7b693a303b733a393a226a616e676f5f737562223b7d7d733a323a226964223b733a363a22686f6d657636223b733a353a227468656d65223b733a393a226a616e676f5f737562223b733a363a22726567696f6e223b733a363a22686561646572223b733a363a22776569676874223b693a303b733a383a2270726f7669646572223b4e3b733a363a22706c7567696e223b733a32333a226d645f736c696465725f626c6f636b3a686f6d655f7636223b733a383a2273657474696e6773223b613a343a7b733a323a226964223b733a32333a226d645f736c696465725f626c6f636b3a686f6d655f7636223b733a353a226c6162656c223b733a31383a224d4420536c696465723a20486f6d65205636223b733a383a2270726f7669646572223b733a393a226d645f736c69646572223b733a31333a226c6162656c5f646973706c6179223b733a313a2230223b7d733a31303a227669736962696c697479223b613a313a7b733a31323a22726571756573745f70617468223b613a343a7b733a323a226964223b733a31323a22726571756573745f70617468223b733a353a227061676573223b733a33363a222f686f6d652d76657273696f6e2d360d0a2f6f6e65706167652d76657273696f6e2d3132223b733a363a226e6567617465223b623a303b733a31353a22636f6e746578745f6d617070696e67223b613a303a7b7d7d7d7d),
('', 'block.block.homev7', 0x613a31323a7b733a343a2275756964223b733a33363a2238396661363038642d663262342d343166312d613630342d346366363933373662313135223b733a383a226c616e67636f6465223b733a323a22656e223b733a363a22737461747573223b623a313b733a31323a22646570656e64656e63696573223b613a323a7b733a363a226d6f64756c65223b613a323a7b693a303b733a393a226d645f736c69646572223b693a313b733a363a2273797374656d223b7d733a353a227468656d65223b613a313a7b693a303b733a393a226a616e676f5f737562223b7d7d733a323a226964223b733a363a22686f6d657637223b733a353a227468656d65223b733a393a226a616e676f5f737562223b733a363a22726567696f6e223b733a363a22686561646572223b733a363a22776569676874223b693a313b733a383a2270726f7669646572223b4e3b733a363a22706c7567696e223b733a32333a226d645f736c696465725f626c6f636b3a686f6d655f7637223b733a383a2273657474696e6773223b613a343a7b733a323a226964223b733a32333a226d645f736c696465725f626c6f636b3a686f6d655f7637223b733a353a226c6162656c223b733a31383a224d4420536c696465723a20486f6d65205637223b733a383a2270726f7669646572223b733a393a226d645f736c69646572223b733a31333a226c6162656c5f646973706c6179223b733a313a2230223b7d733a31303a227669736962696c697479223b613a313a7b733a31323a22726571756573745f70617468223b613a343a7b733a323a226964223b733a31323a22726571756573745f70617468223b733a353a227061676573223b733a35363a222f686f6d652d76657273696f6e2d370d0a2f6f6e65706167652d76657273696f6e2d350d0a2f6f6e65706167652d76657273696f6e2d3130223b733a363a226e6567617465223b623a303b733a31353a22636f6e746578745f6d617070696e67223b613a303a7b7d7d7d7d),
('', 'block.block.homev8', 0x613a31323a7b733a343a2275756964223b733a33363a2261373132353632302d643965662d343330312d623366612d393834643939323030633665223b733a383a226c616e67636f6465223b733a323a22656e223b733a363a22737461747573223b623a313b733a31323a22646570656e64656e63696573223b613a323a7b733a363a226d6f64756c65223b613a323a7b693a303b733a393a226d645f736c69646572223b693a313b733a363a2273797374656d223b7d733a353a227468656d65223b613a313a7b693a303b733a393a226a616e676f5f737562223b7d7d733a323a226964223b733a363a22686f6d657638223b733a353a227468656d65223b733a393a226a616e676f5f737562223b733a363a22726567696f6e223b733a363a22686561646572223b733a363a22776569676874223b693a323b733a383a2270726f7669646572223b4e3b733a363a22706c7567696e223b733a32333a226d645f736c696465725f626c6f636b3a686f6d655f7638223b733a383a2273657474696e6773223b613a343a7b733a323a226964223b733a32333a226d645f736c696465725f626c6f636b3a686f6d655f7638223b733a353a226c6162656c223b733a31383a224d4420536c696465723a20486f6d65205638223b733a383a2270726f7669646572223b733a393a226d645f736c69646572223b733a31333a226c6162656c5f646973706c6179223b733a313a2230223b7d733a31303a227669736962696c697479223b613a313a7b733a31323a22726571756573745f70617468223b613a343a7b733a323a226964223b733a31323a22726571756573745f70617468223b733a353a227061676573223b733a31353a222f686f6d652d76657273696f6e2d38223b733a363a226e6567617465223b623a303b733a31353a22636f6e746578745f6d617070696e67223b613a303a7b7d7d7d7d),
('', 'block.block.homev9', 0x613a31323a7b733a343a2275756964223b733a33363a2235303833303634662d343234372d343165312d623630302d653135386537383165633431223b733a383a226c616e67636f6465223b733a323a22656e223b733a363a22737461747573223b623a313b733a31323a22646570656e64656e63696573223b613a323a7b733a363a226d6f64756c65223b613a323a7b693a303b733a393a226d645f736c69646572223b693a313b733a363a2273797374656d223b7d733a353a227468656d65223b613a313a7b693a303b733a393a226a616e676f5f737562223b7d7d733a323a226964223b733a363a22686f6d657639223b733a353a227468656d65223b733a393a226a616e676f5f737562223b733a363a22726567696f6e223b733a363a22686561646572223b733a363a22776569676874223b693a333b733a383a2270726f7669646572223b4e3b733a363a22706c7567696e223b733a32333a226d645f736c696465725f626c6f636b3a686f6d655f7639223b733a383a2273657474696e6773223b613a343a7b733a323a226964223b733a32333a226d645f736c696465725f626c6f636b3a686f6d655f7639223b733a353a226c6162656c223b733a31383a224d4420536c696465723a20486f6d65205639223b733a383a2270726f7669646572223b733a393a226d645f736c69646572223b733a31333a226c6162656c5f646973706c6179223b733a313a2230223b7d733a31303a227669736962696c697479223b613a313a7b733a31323a22726571756573745f70617468223b613a343a7b733a323a226964223b733a31323a22726571756573745f70617468223b733a353a227061676573223b733a31353a222f686f6d652d76657273696f6e2d39223b733a363a226e6567617465223b623a303b733a31353a22636f6e746578745f6d617070696e67223b613a303a7b7d7d7d7d),
('', 'block.block.jango_account_menu', 0x613a31333a7b733a343a2275756964223b733a33363a2230636162346362642d366161352d343230342d626237612d393835616661363030373361223b733a383a226c616e67636f6465223b733a323a22656e223b733a363a22737461747573223b623a303b733a31323a22646570656e64656e63696573223b613a333a7b733a363a22636f6e666967223b613a313a7b693a303b733a31393a2273797374656d2e6d656e752e6163636f756e74223b7d733a363a226d6f64756c65223b613a313a7b693a303b733a363a2273797374656d223b7d733a353a227468656d65223b613a313a7b693a303b733a353a226a616e676f223b7d7d733a353a225f636f7265223b613a313a7b733a31393a2264656661756c745f636f6e6669675f68617368223b733a34333a2244776542707363515a6447302d66486b5370557a64597563724e483435475f4b46375a3832562d6f79514d223b7d733a323a226964223b733a31383a226a616e676f5f6163636f756e745f6d656e75223b733a353a227468656d65223b733a353a226a616e676f223b733a363a22726567696f6e223b733a363a22686561646572223b733a363a22776569676874223b693a303b733a383a2270726f7669646572223b4e3b733a363a22706c7567696e223b733a32353a2273797374656d5f6d656e755f626c6f636b3a6163636f756e74223b733a383a2273657474696e6773223b613a373a7b733a323a226964223b733a32353a2273797374656d5f6d656e755f626c6f636b3a6163636f756e74223b733a353a226c6162656c223b733a31373a2255736572206163636f756e74206d656e75223b733a383a2270726f7669646572223b733a363a2273797374656d223b733a31333a226c6162656c5f646973706c6179223b733a313a2230223b733a353a226c6576656c223b693a313b733a353a226465707468223b693a313b733a31363a22657870616e645f616c6c5f6974656d73223b623a303b7d733a31303a227669736962696c697479223b613a303a7b7d7d),
('', 'block.block.jango_branding', 0x613a31333a7b733a343a2275756964223b733a33363a2263343431663266652d376631632d346634662d383763362d313461336635353464633136223b733a383a226c616e67636f6465223b733a323a22656e223b733a363a22737461747573223b623a303b733a31323a22646570656e64656e63696573223b613a323a7b733a363a226d6f64756c65223b613a313a7b693a303b733a363a2273797374656d223b7d733a353a227468656d65223b613a313a7b693a303b733a353a226a616e676f223b7d7d733a353a225f636f7265223b613a313a7b733a31393a2264656661756c745f636f6e6669675f68617368223b733a34333a224e447761646c654c443359565362445561616b7879595a79494e59746b46744f564753686671346b577938223b7d733a323a226964223b733a31343a226a616e676f5f6272616e64696e67223b733a353a227468656d65223b733a353a226a616e676f223b733a363a22726567696f6e223b733a363a22686561646572223b733a363a22776569676874223b693a303b733a383a2270726f7669646572223b4e3b733a363a22706c7567696e223b733a32313a2273797374656d5f6272616e64696e675f626c6f636b223b733a383a2273657474696e6773223b613a373a7b733a323a226964223b733a32313a2273797374656d5f6272616e64696e675f626c6f636b223b733a353a226c6162656c223b733a31333a2253697465206272616e64696e67223b733a383a2270726f7669646572223b733a363a2273797374656d223b733a31333a226c6162656c5f646973706c6179223b733a313a2230223b733a31333a227573655f736974655f6c6f676f223b623a313b733a31333a227573655f736974655f6e616d65223b623a313b733a31353a227573655f736974655f736c6f67616e223b623a313b7d733a31303a227669736962696c697479223b613a303a7b7d7d),
('', 'block.block.jango_breadcrumbs', 0x613a31333a7b733a343a2275756964223b733a33363a2266636461393130322d653665642d346464632d623866302d613334383137343963376339223b733a383a226c616e67636f6465223b733a323a22656e223b733a363a22737461747573223b623a303b733a31323a22646570656e64656e63696573223b613a323a7b733a363a226d6f64756c65223b613a313a7b693a303b733a363a2273797374656d223b7d733a353a227468656d65223b613a313a7b693a303b733a353a226a616e676f223b7d7d733a353a225f636f7265223b613a313a7b733a31393a2264656661756c745f636f6e6669675f68617368223b733a34333a226f585562334a5a5232575735564f64773448726852696343737135316d43674c665279766865473638636b223b7d733a323a226964223b733a31373a226a616e676f5f62726561646372756d6273223b733a353a227468656d65223b733a353a226a616e676f223b733a363a22726567696f6e223b733a363a22686561646572223b733a363a22776569676874223b693a303b733a383a2270726f7669646572223b4e3b733a363a22706c7567696e223b733a32333a2273797374656d5f62726561646372756d625f626c6f636b223b733a383a2273657474696e6773223b613a343a7b733a323a226964223b733a32333a2273797374656d5f62726561646372756d625f626c6f636b223b733a353a226c6162656c223b733a31313a2242726561646372756d6273223b733a383a2270726f7669646572223b733a363a2273797374656d223b733a31333a226c6162656c5f646973706c6179223b733a313a2230223b7d733a31303a227669736962696c697479223b613a303a7b7d7d),
('', 'block.block.jango_content', 0x613a31333a7b733a343a2275756964223b733a33363a2233383265346338662d333633352d343932322d383933322d666131363532353237323435223b733a383a226c616e67636f6465223b733a323a22656e223b733a363a22737461747573223b623a313b733a31323a22646570656e64656e63696573223b613a323a7b733a363a226d6f64756c65223b613a313a7b693a303b733a363a2273797374656d223b7d733a353a227468656d65223b613a313a7b693a303b733a353a226a616e676f223b7d7d733a353a225f636f7265223b613a313a7b733a31393a2264656661756c745f636f6e6669675f68617368223b733a34333a2239456f5756324c6f74364656537235307434686f4b67697a314c495859574e472d4949505973577842716f223b7d733a323a226964223b733a31333a226a616e676f5f636f6e74656e74223b733a353a227468656d65223b733a353a226a616e676f223b733a363a22726567696f6e223b733a373a22636f6e74656e74223b733a363a22776569676874223b693a303b733a383a2270726f7669646572223b4e3b733a363a22706c7567696e223b733a31373a2273797374656d5f6d61696e5f626c6f636b223b733a383a2273657474696e6773223b613a343a7b733a323a226964223b733a31373a2273797374656d5f6d61696e5f626c6f636b223b733a353a226c6162656c223b733a31373a224d61696e207061676520636f6e74656e74223b733a383a2270726f7669646572223b733a363a2273797374656d223b733a31333a226c6162656c5f646973706c6179223b733a313a2230223b7d733a31303a227669736962696c697479223b613a303a7b7d7d),
('', 'block.block.jango_footer', 0x613a31333a7b733a343a2275756964223b733a33363a2237666563326431362d343936322d343763382d623732362d663635323463333733626134223b733a383a226c616e67636f6465223b733a323a22656e223b733a363a22737461747573223b623a303b733a31323a22646570656e64656e63696573223b613a333a7b733a363a22636f6e666967223b613a313a7b693a303b733a31383a2273797374656d2e6d656e752e666f6f746572223b7d733a363a226d6f64756c65223b613a313a7b693a303b733a363a2273797374656d223b7d733a353a227468656d65223b613a313a7b693a303b733a353a226a616e676f223b7d7d733a353a225f636f7265223b613a313a7b733a31393a2264656661756c745f636f6e6669675f68617368223b733a34333a226b6b49535845314c5432464a456f596e71437243706546422d32706d476d4d784d6b6c566b377251636667223b7d733a323a226964223b733a31323a226a616e676f5f666f6f746572223b733a353a227468656d65223b733a353a226a616e676f223b733a363a22726567696f6e223b733a363a22686561646572223b733a363a22776569676874223b693a303b733a383a2270726f7669646572223b4e3b733a363a22706c7567696e223b733a32343a2273797374656d5f6d656e755f626c6f636b3a666f6f746572223b733a383a2273657474696e6773223b613a373a7b733a323a226964223b733a32343a2273797374656d5f6d656e755f626c6f636b3a666f6f746572223b733a353a226c6162656c223b733a31313a22466f6f746572206d656e75223b733a383a2270726f7669646572223b733a363a2273797374656d223b733a31333a226c6162656c5f646973706c6179223b733a313a2230223b733a353a226c6576656c223b693a313b733a353a226465707468223b693a303b733a31363a22657870616e645f616c6c5f6974656d73223b623a303b7d733a31303a227669736962696c697479223b613a303a7b7d7d),
('', 'block.block.jango_local_actions', 0x613a31333a7b733a343a2275756964223b733a33363a2266613737323831302d623630362d343631362d623036382d316161306565363561613032223b733a383a226c616e67636f6465223b733a323a22656e223b733a363a22737461747573223b623a313b733a31323a22646570656e64656e63696573223b613a313a7b733a353a227468656d65223b613a313a7b693a303b733a353a226a616e676f223b7d7d733a353a225f636f7265223b613a313a7b733a31393a2264656661756c745f636f6e6669675f68617368223b733a34333a223133475170654954494a7370316b79506e695874575a66794648383776623178784a434869664c34556545223b7d733a323a226964223b733a31393a226a616e676f5f6c6f63616c5f616374696f6e73223b733a353a227468656d65223b733a353a226a616e676f223b733a363a22726567696f6e223b733a373a22636f6e74656e74223b733a363a22776569676874223b693a2d32303b733a383a2270726f7669646572223b4e3b733a363a22706c7567696e223b733a31393a226c6f63616c5f616374696f6e735f626c6f636b223b733a383a2273657474696e6773223b613a343a7b733a323a226964223b733a31393a226c6f63616c5f616374696f6e735f626c6f636b223b733a353a226c6162656c223b733a32313a225072696d6172792061646d696e20616374696f6e73223b733a383a2270726f7669646572223b733a343a22636f7265223b733a31333a226c6162656c5f646973706c6179223b733a313a2230223b7d733a31303a227669736962696c697479223b613a303a7b7d7d),
('', 'block.block.jango_local_tasks', 0x613a31333a7b733a343a2275756964223b733a33363a2231323233396130322d373232302d346264382d613331642d636166316262373565343236223b733a383a226c616e67636f6465223b733a323a22656e223b733a363a22737461747573223b623a313b733a31323a22646570656e64656e63696573223b613a313a7b733a353a227468656d65223b613a313a7b693a303b733a353a226a616e676f223b7d7d733a353a225f636f7265223b613a313a7b733a31393a2264656661756c745f636f6e6669675f68617368223b733a34333a22583949314f42305733576c5774724b2d434e636736684e5777613877666963616e70483870596e445a4445223b7d733a323a226964223b733a31373a226a616e676f5f6c6f63616c5f7461736b73223b733a353a227468656d65223b733a353a226a616e676f223b733a363a22726567696f6e223b733a373a22636f6e74656e74223b733a363a22776569676874223b693a2d34303b733a383a2270726f7669646572223b4e3b733a363a22706c7567696e223b733a31373a226c6f63616c5f7461736b735f626c6f636b223b733a383a2273657474696e6773223b613a363a7b733a323a226964223b733a31373a226c6f63616c5f7461736b735f626c6f636b223b733a353a226c6162656c223b733a343a2254616273223b733a383a2270726f7669646572223b733a343a22636f7265223b733a31333a226c6162656c5f646973706c6179223b733a313a2230223b733a373a227072696d617279223b623a313b733a393a227365636f6e64617279223b623a313b7d733a31303a227669736962696c697479223b613a303a7b7d7d),
('', 'block.block.jango_main_menu', 0x613a31333a7b733a343a2275756964223b733a33363a2230633065376433372d346535362d346332322d623264392d356137353965616662313433223b733a383a226c616e67636f6465223b733a323a22656e223b733a363a22737461747573223b623a303b733a31323a22646570656e64656e63696573223b613a333a7b733a363a22636f6e666967223b613a313a7b693a303b733a31363a2273797374656d2e6d656e752e6d61696e223b7d733a363a226d6f64756c65223b613a313a7b693a303b733a363a2273797374656d223b7d733a353a227468656d65223b613a313a7b693a303b733a353a226a616e676f223b7d7d733a353a225f636f7265223b613a313a7b733a31393a2264656661756c745f636f6e6669675f68617368223b733a34333a227278394972644476374c6463346b70616c5a4178646849505a665949654f4d68314e2d714b6f515a77486f223b7d733a323a226964223b733a31353a226a616e676f5f6d61696e5f6d656e75223b733a353a227468656d65223b733a353a226a616e676f223b733a363a22726567696f6e223b733a363a22686561646572223b733a363a22776569676874223b693a303b733a383a2270726f7669646572223b4e3b733a363a22706c7567696e223b733a32323a2273797374656d5f6d656e755f626c6f636b3a6d61696e223b733a383a2273657474696e6773223b613a373a7b733a323a226964223b733a32323a2273797374656d5f6d656e755f626c6f636b3a6d61696e223b733a353a226c6162656c223b733a31353a224d61696e206e617669676174696f6e223b733a383a2270726f7669646572223b733a363a2273797374656d223b733a31333a226c6162656c5f646973706c6179223b733a313a2230223b733a353a226c6576656c223b693a313b733a353a226465707468223b693a313b733a31363a22657870616e645f616c6c5f6974656d73223b623a303b7d733a31303a227669736962696c697479223b613a303a7b7d7d),
('', 'block.block.jango_messages', 0x613a31333a7b733a343a2275756964223b733a33363a2236306634303961322d326439382d346464352d613263392d393435653732643733623333223b733a383a226c616e67636f6465223b733a323a22656e223b733a363a22737461747573223b623a303b733a31323a22646570656e64656e63696573223b613a323a7b733a363a226d6f64756c65223b613a313a7b693a303b733a363a2273797374656d223b7d733a353a227468656d65223b613a313a7b693a303b733a353a226a616e676f223b7d7d733a353a225f636f7265223b613a313a7b733a31393a2264656661756c745f636f6e6669675f68617368223b733a34333a224b4851494a3756666c32356c546a7a4963377149766e75697374742d4d77324f306b47346a436f666d6b49223b7d733a323a226964223b733a31343a226a616e676f5f6d65737361676573223b733a353a227468656d65223b733a353a226a616e676f223b733a363a22726567696f6e223b733a363a22686561646572223b733a363a22776569676874223b693a303b733a383a2270726f7669646572223b4e3b733a363a22706c7567696e223b733a32313a2273797374656d5f6d657373616765735f626c6f636b223b733a383a2273657474696e6773223b613a343a7b733a323a226964223b733a32313a2273797374656d5f6d657373616765735f626c6f636b223b733a353a226c6162656c223b733a31353a22537461747573206d65737361676573223b733a383a2270726f7669646572223b733a363a2273797374656d223b733a31333a226c6162656c5f646973706c6179223b733a313a2230223b7d733a31303a227669736962696c697479223b613a303a7b7d7d),
('', 'block.block.jango_page_title', 0x613a31333a7b733a343a2275756964223b733a33363a2262633931653035652d633732622d346366312d616264382d383564306364313530323266223b733a383a226c616e67636f6465223b733a323a22656e223b733a363a22737461747573223b623a313b733a31323a22646570656e64656e63696573223b613a313a7b733a353a227468656d65223b613a313a7b693a303b733a353a226a616e676f223b7d7d733a353a225f636f7265223b613a313a7b733a31393a2264656661756c745f636f6e6669675f68617368223b733a34333a22377252396368775876644d3248384f594d415978395a6a3347476c504d725a705f4d335a4134746859546b223b7d733a323a226964223b733a31363a226a616e676f5f706167655f7469746c65223b733a353a227468656d65223b733a353a226a616e676f223b733a363a22726567696f6e223b733a373a22636f6e74656e74223b733a363a22776569676874223b693a2d35303b733a383a2270726f7669646572223b4e3b733a363a22706c7567696e223b733a31363a22706167655f7469746c655f626c6f636b223b733a383a2273657474696e6773223b613a343a7b733a323a226964223b733a31363a22706167655f7469746c655f626c6f636b223b733a353a226c6162656c223b733a31303a2250616765207469746c65223b733a383a2270726f7669646572223b733a343a22636f7265223b733a31333a226c6162656c5f646973706c6179223b733a313a2230223b7d733a31303a227669736962696c697479223b613a303a7b7d7d),
('', 'block.block.jango_powered', 0x613a31333a7b733a343a2275756964223b733a33363a2231396333626435332d393036392d343935362d626463342d656633396362656238343830223b733a383a226c616e67636f6465223b733a323a22656e223b733a363a22737461747573223b623a303b733a31323a22646570656e64656e63696573223b613a323a7b733a363a226d6f64756c65223b613a313a7b693a303b733a363a2273797374656d223b7d733a353a227468656d65223b613a313a7b693a303b733a353a226a616e676f223b7d7d733a353a225f636f7265223b613a313a7b733a31393a2264656661756c745f636f6e6669675f68617368223b733a34333a226a51515555574e3255787235715a7463397a634a4b424378704b59386f724e317532485071595952514449223b7d733a323a226964223b733a31333a226a616e676f5f706f7765726564223b733a353a227468656d65223b733a353a226a616e676f223b733a363a22726567696f6e223b733a363a22686561646572223b733a363a22776569676874223b693a31303b733a383a2270726f7669646572223b4e3b733a363a22706c7567696e223b733a32333a2273797374656d5f706f77657265645f62795f626c6f636b223b733a383a2273657474696e6773223b613a343a7b733a323a226964223b733a32333a2273797374656d5f706f77657265645f62795f626c6f636b223b733a353a226c6162656c223b733a31373a22506f77657265642062792044727570616c223b733a383a2270726f7669646572223b733a363a2273797374656d223b733a31333a226c6162656c5f646973706c6179223b733a313a2230223b7d733a31303a227669736962696c697479223b613a303a7b7d7d),
('', 'block.block.jango_search', 0x613a31333a7b733a343a2275756964223b733a33363a2264343439303139302d313631632d343764302d623237312d343036323638373861346138223b733a383a226c616e67636f6465223b733a323a22656e223b733a363a22737461747573223b623a303b733a31323a22646570656e64656e63696573223b613a323a7b733a363a226d6f64756c65223b613a313a7b693a303b733a363a22736561726368223b7d733a353a227468656d65223b613a313a7b693a303b733a353a226a616e676f223b7d7d733a353a225f636f7265223b613a313a7b733a31393a2264656661756c745f636f6e6669675f68617368223b733a34333a227a612d3339643557445567365876627971536e75565945657136514d34714b4a7857384d6e6f4168613541223b7d733a323a226964223b733a31323a226a616e676f5f736561726368223b733a353a227468656d65223b733a353a226a616e676f223b733a363a22726567696f6e223b733a363a22686561646572223b733a363a22776569676874223b693a2d313b733a383a2270726f7669646572223b4e3b733a363a22706c7567696e223b733a31373a227365617263685f666f726d5f626c6f636b223b733a383a2273657474696e6773223b613a353a7b733a323a226964223b733a31373a227365617263685f666f726d5f626c6f636b223b733a353a226c6162656c223b733a363a22536561726368223b733a383a2270726f7669646572223b733a363a22736561726368223b733a31333a226c6162656c5f646973706c6179223b733a373a2276697369626c65223b733a373a22706167655f6964223b733a303a22223b7d733a31303a227669736962696c697479223b613a303a7b7d7d),
('', 'block.block.jango_sub_account_menu', 0x613a31333a7b733a343a2275756964223b733a33363a2263356430313930632d623662362d343330362d626436392d626462336531386532643939223b733a383a226c616e67636f6465223b733a323a22656e223b733a363a22737461747573223b623a303b733a31323a22646570656e64656e63696573223b613a333a7b733a363a22636f6e666967223b613a313a7b693a303b733a31393a2273797374656d2e6d656e752e6163636f756e74223b7d733a363a226d6f64756c65223b613a313a7b693a303b733a363a2273797374656d223b7d733a353a227468656d65223b613a313a7b693a303b733a393a226a616e676f5f737562223b7d7d733a353a225f636f7265223b613a313a7b733a31393a2264656661756c745f636f6e6669675f68617368223b733a34333a2244776542707363515a6447302d66486b5370557a64597563724e483435475f4b46375a3832562d6f79514d223b7d733a323a226964223b733a32323a226a616e676f5f7375625f6163636f756e745f6d656e75223b733a353a227468656d65223b733a393a226a616e676f5f737562223b733a363a22726567696f6e223b733a363a22686561646572223b733a363a22776569676874223b693a32333b733a383a2270726f7669646572223b4e3b733a363a22706c7567696e223b733a32353a2273797374656d5f6d656e755f626c6f636b3a6163636f756e74223b733a383a2273657474696e6773223b613a373a7b733a323a226964223b733a32353a2273797374656d5f6d656e755f626c6f636b3a6163636f756e74223b733a353a226c6162656c223b733a31373a2255736572206163636f756e74206d656e75223b733a383a2270726f7669646572223b733a363a2273797374656d223b733a31333a226c6162656c5f646973706c6179223b733a313a2230223b733a353a226c6576656c223b693a313b733a353a226465707468223b693a313b733a31363a22657870616e645f616c6c5f6974656d73223b623a303b7d733a31303a227669736962696c697479223b613a303a7b7d7d),
('', 'block.block.jango_sub_branding', 0x613a31333a7b733a343a2275756964223b733a33363a2231353230323531382d656165642d343765622d383236312d303366643562353637656335223b733a383a226c616e67636f6465223b733a323a22656e223b733a363a22737461747573223b623a303b733a31323a22646570656e64656e63696573223b613a323a7b733a363a226d6f64756c65223b613a313a7b693a303b733a363a2273797374656d223b7d733a353a227468656d65223b613a313a7b693a303b733a393a226a616e676f5f737562223b7d7d733a353a225f636f7265223b613a313a7b733a31393a2264656661756c745f636f6e6669675f68617368223b733a34333a224e447761646c654c443359565362445561616b7879595a79494e59746b46744f564753686671346b577938223b7d733a323a226964223b733a31383a226a616e676f5f7375625f6272616e64696e67223b733a353a227468656d65223b733a393a226a616e676f5f737562223b733a363a22726567696f6e223b733a363a22686561646572223b733a363a22776569676874223b693a32363b733a383a2270726f7669646572223b4e3b733a363a22706c7567696e223b733a32313a2273797374656d5f6272616e64696e675f626c6f636b223b733a383a2273657474696e6773223b613a373a7b733a323a226964223b733a32313a2273797374656d5f6272616e64696e675f626c6f636b223b733a353a226c6162656c223b733a31333a2253697465206272616e64696e67223b733a383a2270726f7669646572223b733a363a2273797374656d223b733a31333a226c6162656c5f646973706c6179223b733a313a2230223b733a31333a227573655f736974655f6c6f676f223b623a313b733a31333a227573655f736974655f6e616d65223b623a313b733a31353a227573655f736974655f736c6f67616e223b623a313b7d733a31303a227669736962696c697479223b613a303a7b7d7d),
('', 'block.block.jango_sub_breadcrumbs', 0x613a31333a7b733a343a2275756964223b733a33363a2264366436656561332d646465632d343834322d386131652d353331323339663335356231223b733a383a226c616e67636f6465223b733a323a22656e223b733a363a22737461747573223b623a303b733a31323a22646570656e64656e63696573223b613a323a7b733a363a226d6f64756c65223b613a313a7b693a303b733a363a2273797374656d223b7d733a353a227468656d65223b613a313a7b693a303b733a393a226a616e676f5f737562223b7d7d733a353a225f636f7265223b613a313a7b733a31393a2264656661756c745f636f6e6669675f68617368223b733a34333a226f585562334a5a5232575735564f64773448726852696343737135316d43674c665279766865473638636b223b7d733a323a226964223b733a32313a226a616e676f5f7375625f62726561646372756d6273223b733a353a227468656d65223b733a393a226a616e676f5f737562223b733a363a22726567696f6e223b733a363a22686561646572223b733a363a22776569676874223b693a32313b733a383a2270726f7669646572223b4e3b733a363a22706c7567696e223b733a32333a2273797374656d5f62726561646372756d625f626c6f636b223b733a383a2273657474696e6773223b613a343a7b733a323a226964223b733a32333a2273797374656d5f62726561646372756d625f626c6f636b223b733a353a226c6162656c223b733a31313a2242726561646372756d6273223b733a383a2270726f7669646572223b733a363a2273797374656d223b733a31333a226c6162656c5f646973706c6179223b733a313a2230223b7d733a31303a227669736962696c697479223b613a303a7b7d7d),
('', 'block.block.jango_sub_content', 0x613a31333a7b733a343a2275756964223b733a33363a2265626663666666362d343038612d343766362d396231302d353534636633353665356232223b733a383a226c616e67636f6465223b733a323a22656e223b733a363a22737461747573223b623a313b733a31323a22646570656e64656e63696573223b613a323a7b733a363a226d6f64756c65223b613a313a7b693a303b733a363a2273797374656d223b7d733a353a227468656d65223b613a313a7b693a303b733a393a226a616e676f5f737562223b7d7d733a353a225f636f7265223b613a313a7b733a31393a2264656661756c745f636f6e6669675f68617368223b733a34333a2239456f5756324c6f74364656537235307434686f4b67697a314c495859574e472d4949505973577842716f223b7d733a323a226964223b733a31373a226a616e676f5f7375625f636f6e74656e74223b733a353a227468656d65223b733a393a226a616e676f5f737562223b733a363a22726567696f6e223b733a373a22636f6e74656e74223b733a363a22776569676874223b693a2d313b733a383a2270726f7669646572223b4e3b733a363a22706c7567696e223b733a31373a2273797374656d5f6d61696e5f626c6f636b223b733a383a2273657474696e6773223b613a343a7b733a323a226964223b733a31373a2273797374656d5f6d61696e5f626c6f636b223b733a353a226c6162656c223b733a31373a224d61696e207061676520636f6e74656e74223b733a383a2270726f7669646572223b733a363a2273797374656d223b733a31333a226c6162656c5f646973706c6179223b733a313a2230223b7d733a31303a227669736962696c697479223b613a303a7b7d7d),
('', 'block.block.jango_sub_local_actions', 0x613a31333a7b733a343a2275756964223b733a33363a2264373133323233642d653935362d346134622d383833392d653165306639333239616564223b733a383a226c616e67636f6465223b733a323a22656e223b733a363a22737461747573223b623a313b733a31323a22646570656e64656e63696573223b613a313a7b733a353a227468656d65223b613a313a7b693a303b733a393a226a616e676f5f737562223b7d7d733a353a225f636f7265223b613a313a7b733a31393a2264656661756c745f636f6e6669675f68617368223b733a34333a223133475170654954494a7370316b79506e695874575a66794648383776623178784a434869664c34556545223b7d733a323a226964223b733a32333a226a616e676f5f7375625f6c6f63616c5f616374696f6e73223b733a353a227468656d65223b733a393a226a616e676f5f737562223b733a363a22726567696f6e223b733a373a22636f6e74656e74223b733a363a22776569676874223b693a2d333b733a383a2270726f7669646572223b4e3b733a363a22706c7567696e223b733a31393a226c6f63616c5f616374696f6e735f626c6f636b223b733a383a2273657474696e6773223b613a343a7b733a323a226964223b733a31393a226c6f63616c5f616374696f6e735f626c6f636b223b733a353a226c6162656c223b733a32313a225072696d6172792061646d696e20616374696f6e73223b733a383a2270726f7669646572223b733a343a22636f7265223b733a31333a226c6162656c5f646973706c6179223b733a313a2230223b7d733a31303a227669736962696c697479223b613a303a7b7d7d),
('', 'block.block.jango_sub_local_tasks', 0x613a31333a7b733a343a2275756964223b733a33363a2266383963643664352d616138312d346462312d383333622d613735323762326137396131223b733a383a226c616e67636f6465223b733a323a22656e223b733a363a22737461747573223b623a313b733a31323a22646570656e64656e63696573223b613a313a7b733a353a227468656d65223b613a313a7b693a303b733a393a226a616e676f5f737562223b7d7d733a353a225f636f7265223b613a313a7b733a31393a2264656661756c745f636f6e6669675f68617368223b733a34333a22583949314f42305733576c5774724b2d434e636736684e5777613877666963616e70483870596e445a4445223b7d733a323a226964223b733a32313a226a616e676f5f7375625f6c6f63616c5f7461736b73223b733a353a227468656d65223b733a393a226a616e676f5f737562223b733a363a22726567696f6e223b733a373a22636f6e74656e74223b733a363a22776569676874223b693a2d323b733a383a2270726f7669646572223b4e3b733a363a22706c7567696e223b733a31373a226c6f63616c5f7461736b735f626c6f636b223b733a383a2273657474696e6773223b613a363a7b733a323a226964223b733a31373a226c6f63616c5f7461736b735f626c6f636b223b733a353a226c6162656c223b733a343a2254616273223b733a383a2270726f7669646572223b733a343a22636f7265223b733a31333a226c6162656c5f646973706c6179223b733a313a2230223b733a373a227072696d617279223b623a313b733a393a227365636f6e64617279223b623a313b7d733a31303a227669736962696c697479223b613a303a7b7d7d),
('', 'block.block.jango_sub_main_menu', 0x613a31333a7b733a343a2275756964223b733a33363a2261383265306361362d383736392d343535652d383734652d646139386666343436363333223b733a383a226c616e67636f6465223b733a323a22656e223b733a363a22737461747573223b623a303b733a31323a22646570656e64656e63696573223b613a333a7b733a363a22636f6e666967223b613a313a7b693a303b733a31363a2273797374656d2e6d656e752e6d61696e223b7d733a363a226d6f64756c65223b613a313a7b693a303b733a363a2273797374656d223b7d733a353a227468656d65223b613a313a7b693a303b733a393a226a616e676f5f737562223b7d7d733a353a225f636f7265223b613a313a7b733a31393a2264656661756c745f636f6e6669675f68617368223b733a34333a227278394972644476374c6463346b70616c5a4178646849505a665949654f4d68314e2d714b6f515a77486f223b7d733a323a226964223b733a31393a226a616e676f5f7375625f6d61696e5f6d656e75223b733a353a227468656d65223b733a393a226a616e676f5f737562223b733a363a22726567696f6e223b733a363a22686561646572223b733a363a22776569676874223b693a32323b733a383a2270726f7669646572223b4e3b733a363a22706c7567696e223b733a32323a2273797374656d5f6d656e755f626c6f636b3a6d61696e223b733a383a2273657474696e6773223b613a373a7b733a323a226964223b733a32323a2273797374656d5f6d656e755f626c6f636b3a6d61696e223b733a353a226c6162656c223b733a31353a224d61696e206e617669676174696f6e223b733a383a2270726f7669646572223b733a363a2273797374656d223b733a31333a226c6162656c5f646973706c6179223b733a313a2230223b733a353a226c6576656c223b693a313b733a353a226465707468223b693a313b733a31363a22657870616e645f616c6c5f6974656d73223b623a303b7d733a31303a227669736962696c697479223b613a303a7b7d7d),
('', 'block.block.jango_sub_messages', 0x613a31333a7b733a343a2275756964223b733a33363a2239306366393162372d326336352d346134332d393664382d356536653833383663366264223b733a383a226c616e67636f6465223b733a323a22656e223b733a363a22737461747573223b623a313b733a31323a22646570656e64656e63696573223b613a323a7b733a363a226d6f64756c65223b613a313a7b693a303b733a363a2273797374656d223b7d733a353a227468656d65223b613a313a7b693a303b733a393a226a616e676f5f737562223b7d7d733a353a225f636f7265223b613a313a7b733a31393a2264656661756c745f636f6e6669675f68617368223b733a34333a224b4851494a3756666c32356c546a7a4963377149766e75697374742d4d77324f306b47346a436f666d6b49223b7d733a323a226964223b733a31383a226a616e676f5f7375625f6d65737361676573223b733a353a227468656d65223b733a393a226a616e676f5f737562223b733a363a22726567696f6e223b733a373a22636f6e74656e74223b733a363a22776569676874223b693a2d353b733a383a2270726f7669646572223b4e3b733a363a22706c7567696e223b733a32313a2273797374656d5f6d657373616765735f626c6f636b223b733a383a2273657474696e6773223b613a343a7b733a323a226964223b733a32313a2273797374656d5f6d657373616765735f626c6f636b223b733a353a226c6162656c223b733a31353a22537461747573206d65737361676573223b733a383a2270726f7669646572223b733a363a2273797374656d223b733a31333a226c6162656c5f646973706c6179223b733a313a2230223b7d733a31303a227669736962696c697479223b613a303a7b7d7d),
('', 'block.block.jango_sub_page_title', 0x613a31333a7b733a343a2275756964223b733a33363a2239653631316232652d643161312d343134392d613763632d313063653964373965353733223b733a383a226c616e67636f6465223b733a323a22656e223b733a363a22737461747573223b623a303b733a31323a22646570656e64656e63696573223b613a313a7b733a353a227468656d65223b613a313a7b693a303b733a393a226a616e676f5f737562223b7d7d733a353a225f636f7265223b613a313a7b733a31393a2264656661756c745f636f6e6669675f68617368223b733a34333a22377252396368775876644d3248384f594d415978395a6a3347476c504d725a705f4d335a4134746859546b223b7d733a323a226964223b733a32303a226a616e676f5f7375625f706167655f7469746c65223b733a353a227468656d65223b733a393a226a616e676f5f737562223b733a363a22726567696f6e223b733a373a22636f6e74656e74223b733a363a22776569676874223b693a2d343b733a383a2270726f7669646572223b4e3b733a363a22706c7567696e223b733a31363a22706167655f7469746c655f626c6f636b223b733a383a2273657474696e6773223b613a343a7b733a323a226964223b733a31363a22706167655f7469746c655f626c6f636b223b733a353a226c6162656c223b733a31303a2250616765207469746c65223b733a383a2270726f7669646572223b733a343a22636f7265223b733a31333a226c6162656c5f646973706c6179223b733a313a2230223b7d733a31303a227669736962696c697479223b613a303a7b7d7d);
INSERT INTO `config` (`collection`, `name`, `data`) VALUES
('', 'block.block.jango_sub_powered', 0x613a31333a7b733a343a2275756964223b733a33363a2239633833623061322d363934392d346334352d393234302d663033343365633133323030223b733a383a226c616e67636f6465223b733a323a22656e223b733a363a22737461747573223b623a303b733a31323a22646570656e64656e63696573223b613a323a7b733a363a226d6f64756c65223b613a313a7b693a303b733a363a2273797374656d223b7d733a353a227468656d65223b613a313a7b693a303b733a393a226a616e676f5f737562223b7d7d733a353a225f636f7265223b613a313a7b733a31393a2264656661756c745f636f6e6669675f68617368223b733a34333a226a51515555574e3255787235715a7463397a634a4b424378704b59386f724e317532485071595952514449223b7d733a323a226964223b733a31373a226a616e676f5f7375625f706f7765726564223b733a353a227468656d65223b733a393a226a616e676f5f737562223b733a363a22726567696f6e223b733a363a22686561646572223b733a363a22776569676874223b693a32373b733a383a2270726f7669646572223b4e3b733a363a22706c7567696e223b733a32333a2273797374656d5f706f77657265645f62795f626c6f636b223b733a383a2273657474696e6773223b613a343a7b733a323a226964223b733a32333a2273797374656d5f706f77657265645f62795f626c6f636b223b733a353a226c6162656c223b733a31373a22506f77657265642062792044727570616c223b733a383a2270726f7669646572223b733a363a2273797374656d223b733a31333a226c6162656c5f646973706c6179223b733a313a2230223b7d733a31303a227669736962696c697479223b613a303a7b7d7d),
('', 'block.block.jango_sub_search', 0x613a31333a7b733a343a2275756964223b733a33363a2232333262346464342d316437392d343631642d613163302d393835333432646134313165223b733a383a226c616e67636f6465223b733a323a22656e223b733a363a22737461747573223b623a303b733a31323a22646570656e64656e63696573223b613a323a7b733a363a226d6f64756c65223b613a313a7b693a303b733a363a22736561726368223b7d733a353a227468656d65223b613a313a7b693a303b733a393a226a616e676f5f737562223b7d7d733a353a225f636f7265223b613a313a7b733a31393a2264656661756c745f636f6e6669675f68617368223b733a34333a227a612d3339643557445567365876627971536e75565945657136514d34714b4a7857384d6e6f4168613541223b7d733a323a226964223b733a31363a226a616e676f5f7375625f736561726368223b733a353a227468656d65223b733a393a226a616e676f5f737562223b733a363a22726567696f6e223b733a363a22686561646572223b733a363a22776569676874223b693a32343b733a383a2270726f7669646572223b4e3b733a363a22706c7567696e223b733a31373a227365617263685f666f726d5f626c6f636b223b733a383a2273657474696e6773223b613a353a7b733a323a226964223b733a31373a227365617263685f666f726d5f626c6f636b223b733a353a226c6162656c223b733a363a22536561726368223b733a383a2270726f7669646572223b733a363a22736561726368223b733a31333a226c6162656c5f646973706c6179223b733a373a2276697369626c65223b733a373a22706167655f6964223b733a303a22223b7d733a31303a227669736962696c697479223b613a303a7b7d7d),
('', 'block.block.jango_sub_tools', 0x613a31333a7b733a343a2275756964223b733a33363a2231346364616537382d303536652d343037612d383661642d633834366439393265363932223b733a383a226c616e67636f6465223b733a323a22656e223b733a363a22737461747573223b623a303b733a31323a22646570656e64656e63696573223b613a333a7b733a363a22636f6e666967223b613a313a7b693a303b733a31373a2273797374656d2e6d656e752e746f6f6c73223b7d733a363a226d6f64756c65223b613a313a7b693a303b733a363a2273797374656d223b7d733a353a227468656d65223b613a313a7b693a303b733a393a226a616e676f5f737562223b7d7d733a353a225f636f7265223b613a313a7b733a31393a2264656661756c745f636f6e6669675f68617368223b733a34333a224e6548536f716d3458467141375f3062446d523432395a5a5174334c52625a4d4e524a544d7346794f6649223b7d733a323a226964223b733a31353a226a616e676f5f7375625f746f6f6c73223b733a353a227468656d65223b733a393a226a616e676f5f737562223b733a363a22726567696f6e223b733a363a22686561646572223b733a363a22776569676874223b693a32353b733a383a2270726f7669646572223b4e3b733a363a22706c7567696e223b733a32333a2273797374656d5f6d656e755f626c6f636b3a746f6f6c73223b733a383a2273657474696e6773223b613a373a7b733a323a226964223b733a32333a2273797374656d5f6d656e755f626c6f636b3a746f6f6c73223b733a353a226c6162656c223b733a353a22546f6f6c73223b733a383a2270726f7669646572223b733a363a2273797374656d223b733a31333a226c6162656c5f646973706c6179223b733a373a2276697369626c65223b733a353a226c6576656c223b693a313b733a353a226465707468223b693a303b733a31363a22657870616e645f616c6c5f6974656d73223b623a303b7d733a31303a227669736962696c697479223b613a303a7b7d7d),
('', 'block.block.jango_tools', 0x613a31333a7b733a343a2275756964223b733a33363a2238643037633463302d313230352d343432612d393066372d393337386263306136353461223b733a383a226c616e67636f6465223b733a323a22656e223b733a363a22737461747573223b623a303b733a31323a22646570656e64656e63696573223b613a333a7b733a363a22636f6e666967223b613a313a7b693a303b733a31373a2273797374656d2e6d656e752e746f6f6c73223b7d733a363a226d6f64756c65223b613a313a7b693a303b733a363a2273797374656d223b7d733a353a227468656d65223b613a313a7b693a303b733a353a226a616e676f223b7d7d733a353a225f636f7265223b613a313a7b733a31393a2264656661756c745f636f6e6669675f68617368223b733a34333a224e6548536f716d3458467141375f3062446d523432395a5a5174334c52625a4d4e524a544d7346794f6649223b7d733a323a226964223b733a31313a226a616e676f5f746f6f6c73223b733a353a227468656d65223b733a353a226a616e676f223b733a363a22726567696f6e223b733a363a22686561646572223b733a363a22776569676874223b693a303b733a383a2270726f7669646572223b4e3b733a363a22706c7567696e223b733a32333a2273797374656d5f6d656e755f626c6f636b3a746f6f6c73223b733a383a2273657474696e6773223b613a373a7b733a323a226964223b733a32333a2273797374656d5f6d656e755f626c6f636b3a746f6f6c73223b733a353a226c6162656c223b733a353a22546f6f6c73223b733a383a2270726f7669646572223b733a363a2273797374656d223b733a31333a226c6162656c5f646973706c6179223b733a373a2276697369626c65223b733a353a226c6576656c223b693a313b733a353a226465707468223b693a303b733a31363a22657870616e645f616c6c5f6974656d73223b623a303b7d733a31303a227669736962696c697479223b613a303a7b7d7d),
('', 'block.block.keepintouchwebform', 0x613a31323a7b733a343a2275756964223b733a33363a2231636435303338372d613563332d343139652d393839662d366433643564303663356637223b733a383a226c616e67636f6465223b733a323a22656e223b733a363a22737461747573223b623a303b733a31323a22646570656e64656e63696573223b613a333a7b733a373a22636f6e74656e74223b613a313a7b693a303b733a35363a22626c6f636b5f636f6e74656e743a62617369633a63323530366533382d643964342d343761392d383838352d646236313337323739623465223b7d733a363a226d6f64756c65223b613a313a7b693a303b733a31333a22626c6f636b5f636f6e74656e74223b7d733a353a227468656d65223b613a313a7b693a303b733a393a226a616e676f5f737562223b7d7d733a323a226964223b733a31383a226b656570696e746f756368776562666f726d223b733a353a227468656d65223b733a393a226a616e676f5f737562223b733a363a22726567696f6e223b733a363a22666f6f746572223b733a363a22776569676874223b693a303b733a383a2270726f7669646572223b4e3b733a363a22706c7567696e223b733a35303a22626c6f636b5f636f6e74656e743a63323530366533382d643964342d343761392d383838352d646236313337323739623465223b733a383a2273657474696e6773223b613a373a7b733a323a226964223b733a35303a22626c6f636b5f636f6e74656e743a63323530366533382d643964342d343761392d383838352d646236313337323739623465223b733a353a226c6162656c223b733a32313a224b65657020696e20746f75636820576562466f726d223b733a383a2270726f7669646572223b733a31333a22626c6f636b5f636f6e74656e74223b733a31333a226c6162656c5f646973706c6179223b733a313a2230223b733a363a22737461747573223b623a313b733a343a22696e666f223b733a303a22223b733a393a22766965775f6d6f6465223b733a343a2266756c6c223b7d733a31303a227669736962696c697479223b613a303a7b7d7d),
('', 'block.block.languageswitcher', 0x613a31323a7b733a343a2275756964223b733a33363a2266386534653664612d393336622d343434312d393938302d323362643565646538326231223b733a383a226c616e67636f6465223b733a323a22656e223b733a363a22737461747573223b623a303b733a31323a22646570656e64656e63696573223b613a323a7b733a363a226d6f64756c65223b613a313a7b693a303b733a383a226c616e6775616765223b7d733a353a227468656d65223b613a313a7b693a303b733a393a226a616e676f5f737562223b7d7d733a323a226964223b733a31363a226c616e67756167657377697463686572223b733a353a227468656d65223b733a393a226a616e676f5f737562223b733a363a22726567696f6e223b733a363a22666f6f746572223b733a363a22776569676874223b693a303b733a383a2270726f7669646572223b4e3b733a363a22706c7567696e223b733a33333a226c616e67756167655f626c6f636b3a6c616e67756167655f696e74657266616365223b733a383a2273657474696e6773223b613a343a7b733a323a226964223b733a33333a226c616e67756167655f626c6f636b3a6c616e67756167655f696e74657266616365223b733a353a226c6162656c223b733a31373a224c616e6775616765207377697463686572223b733a383a2270726f7669646572223b733a383a226c616e6775616765223b733a31333a226c6162656c5f646973706c6179223b733a313a2230223b7d733a31303a227669736962696c697479223b613a303a7b7d7d),
('', 'block.block.meetjango', 0x613a31323a7b733a343a2275756964223b733a33363a2262646466666162622d383631612d343735342d613039662d663961386638613066616564223b733a383a226c616e67636f6465223b733a323a22656e223b733a363a22737461747573223b623a313b733a31323a22646570656e64656e63696573223b613a323a7b733a363a226d6f64756c65223b613a323a7b693a303b733a393a226d645f736c69646572223b693a313b733a363a2273797374656d223b7d733a353a227468656d65223b613a313a7b693a303b733a393a226a616e676f5f737562223b7d7d733a323a226964223b733a393a226d6565746a616e676f223b733a353a227468656d65223b733a393a226a616e676f5f737562223b733a363a22726567696f6e223b733a363a22686561646572223b733a363a22776569676874223b693a2d343b733a383a2270726f7669646572223b4e3b733a363a22706c7567696e223b733a32363a226d645f736c696465725f626c6f636b3a6d6565745f6a616e676f223b733a383a2273657474696e6773223b613a343a7b733a323a226964223b733a32363a226d645f736c696465725f626c6f636b3a6d6565745f6a616e676f223b733a353a226c6162656c223b733a32313a224d4420536c696465723a204d656574204a616e676f223b733a383a2270726f7669646572223b733a393a226d645f736c69646572223b733a31333a226c6162656c5f646973706c6179223b733a313a2230223b7d733a31303a227669736962696c697479223b613a313a7b733a31323a22726571756573745f70617468223b613a343a7b733a323a226964223b733a31323a22726571756573745f70617468223b733a353a227061676573223b733a35353a222f6e6f64652f3137302f6865616465722f2a0d0a2f686f6d652d76657273696f6e2d330d0a2f6f6e65706167652d76657273696f6e2d32223b733a363a226e6567617465223b623a303b733a31353a22636f6e746578745f6d617070696e67223b613a303a7b7d7d7d7d),
('', 'block.block.menubottomposition', 0x613a31323a7b733a343a2275756964223b733a33363a2266333065323366352d343432312d343465322d623663392d646562323233393130333031223b733a383a226c616e67636f6465223b733a323a22656e223b733a363a22737461747573223b623a313b733a31323a22646570656e64656e63696573223b613a333a7b733a373a22636f6e74656e74223b613a313a7b693a303b733a35363a22626c6f636b5f636f6e74656e743a62617369633a37376237373663612d623430332d343931312d386262662d343661356532373234316265223b7d733a363a226d6f64756c65223b613a323a7b693a303b733a31333a22626c6f636b5f636f6e74656e74223b693a313b733a363a2273797374656d223b7d733a353a227468656d65223b613a313a7b693a303b733a393a226a616e676f5f737562223b7d7d733a323a226964223b733a31383a226d656e75626f74746f6d706f736974696f6e223b733a353a227468656d65223b733a393a226a616e676f5f737562223b733a363a22726567696f6e223b733a363a22686561646572223b733a363a22776569676874223b693a2d32343b733a383a2270726f7669646572223b4e3b733a363a22706c7567696e223b733a35303a22626c6f636b5f636f6e74656e743a37376237373663612d623430332d343931312d386262662d343661356532373234316265223b733a383a2273657474696e6773223b613a373a7b733a323a226964223b733a35303a22626c6f636b5f636f6e74656e743a37376237373663612d623430332d343931312d386262662d343661356532373234316265223b733a353a226c6162656c223b733a32303a224d656e7520426f74746f6d20506f736974696f6e223b733a383a2270726f7669646572223b733a31333a22626c6f636b5f636f6e74656e74223b733a31333a226c6162656c5f646973706c6179223b733a313a2230223b733a363a22737461747573223b623a313b733a343a22696e666f223b733a303a22223b733a393a22766965775f6d6f6465223b733a343a2266756c6c223b7d733a31303a227669736962696c697479223b613a313a7b733a31323a22726571756573745f70617468223b613a343a7b733a323a226964223b733a31323a22726571756573745f70617468223b733a353a227061676573223b733a36343a222f6e6f64652f3137302f6865616465722f76370d0a2f73686f702d686f6d652d350d0a2f73686f702d686f6d652d360d0a2f686f6d652d76657273696f6e2d34223b733a363a226e6567617465223b623a303b733a31353a22636f6e746578745f6d617070696e67223b613a303a7b7d7d7d7d),
('', 'block.block.menubottompositionfluid', 0x613a31323a7b733a343a2275756964223b733a33363a2238346165373436362d386466662d343263342d623262312d366362376434373937666337223b733a383a226c616e67636f6465223b733a323a22656e223b733a363a22737461747573223b623a313b733a31323a22646570656e64656e63696573223b613a333a7b733a373a22636f6e74656e74223b613a313a7b693a303b733a35363a22626c6f636b5f636f6e74656e743a62617369633a34303831313537312d613563372d343139622d386265622d393963316637373661646438223b7d733a363a226d6f64756c65223b613a323a7b693a303b733a31333a22626c6f636b5f636f6e74656e74223b693a313b733a363a2273797374656d223b7d733a353a227468656d65223b613a313a7b693a303b733a393a226a616e676f5f737562223b7d7d733a323a226964223b733a32333a226d656e75626f74746f6d706f736974696f6e666c756964223b733a353a227468656d65223b733a393a226a616e676f5f737562223b733a363a22726567696f6e223b733a363a22686561646572223b733a363a22776569676874223b693a2d32333b733a383a2270726f7669646572223b4e3b733a363a22706c7567696e223b733a35303a22626c6f636b5f636f6e74656e743a34303831313537312d613563372d343139622d386265622d393963316637373661646438223b733a383a2273657474696e6773223b613a373a7b733a323a226964223b733a35303a22626c6f636b5f636f6e74656e743a34303831313537312d613563372d343139622d386265622d393963316637373661646438223b733a353a226c6162656c223b733a32363a224d656e7520426f74746f6d20506f736974696f6e20466c756964223b733a383a2270726f7669646572223b733a31333a22626c6f636b5f636f6e74656e74223b733a31333a226c6162656c5f646973706c6179223b733a313a2230223b733a363a22737461747573223b623a313b733a343a22696e666f223b733a303a22223b733a393a22766965775f6d6f6465223b733a343a2266756c6c223b7d733a31303a227669736962696c697479223b613a313a7b733a31323a22726571756573745f70617468223b613a343a7b733a323a226964223b733a31323a22726571756573745f70617468223b733a353a227061676573223b733a33373a222f6e6f64652f3137302f6865616465722f76380d0a2f686f6d652d76657273696f6e2d3130223b733a363a226e6567617465223b623a303b733a31353a22636f6e746578745f6d617070696e67223b613a303a7b7d7d7d7d),
('', 'block.block.menudark', 0x613a31323a7b733a343a2275756964223b733a33363a2266363434616537302d323736342d343263642d613030362d396239373939663636333331223b733a383a226c616e67636f6465223b733a323a22656e223b733a363a22737461747573223b623a313b733a31323a22646570656e64656e63696573223b613a333a7b733a373a22636f6e74656e74223b613a313a7b693a303b733a35363a22626c6f636b5f636f6e74656e743a62617369633a30366337363464312d623765632d346266622d616336302d383038646630643362333838223b7d733a363a226d6f64756c65223b613a323a7b693a303b733a31333a22626c6f636b5f636f6e74656e74223b693a313b733a363a2273797374656d223b7d733a353a227468656d65223b613a313a7b693a303b733a393a226a616e676f5f737562223b7d7d733a323a226964223b733a383a226d656e756461726b223b733a353a227468656d65223b733a393a226a616e676f5f737562223b733a363a22726567696f6e223b733a363a22686561646572223b733a363a22776569676874223b693a2d32373b733a383a2270726f7669646572223b4e3b733a363a22706c7567696e223b733a35303a22626c6f636b5f636f6e74656e743a30366337363464312d623765632d346266622d616336302d383038646630643362333838223b733a383a2273657474696e6773223b613a373a7b733a323a226964223b733a35303a22626c6f636b5f636f6e74656e743a30366337363464312d623765632d346266622d616336302d383038646630643362333838223b733a353a226c6162656c223b733a393a224d656e75204461726b223b733a383a2270726f7669646572223b733a31333a22626c6f636b5f636f6e74656e74223b733a31333a226c6162656c5f646973706c6179223b733a313a2230223b733a363a22737461747573223b623a313b733a343a22696e666f223b733a303a22223b733a393a22766965775f6d6f6465223b733a343a2266756c6c223b7d733a31303a227669736962696c697479223b613a313a7b733a31323a22726571756573745f70617468223b613a343a7b733a323a226964223b733a31323a22726571756573745f70617468223b733a353a227061676573223b733a31393a222f6e6f64652f3137302f6865616465722f7635223b733a363a226e6567617465223b623a303b733a31353a22636f6e746578745f6d617070696e67223b613a303a7b7d7d7d7d),
('', 'block.block.menudarknotfixed', 0x613a31323a7b733a343a2275756964223b733a33363a2231316165316563322d666336392d346338612d383661332d323935333562653366626264223b733a383a226c616e67636f6465223b733a323a22656e223b733a363a22737461747573223b623a313b733a31323a22646570656e64656e63696573223b613a333a7b733a373a22636f6e74656e74223b613a313a7b693a303b733a35363a22626c6f636b5f636f6e74656e743a62617369633a32373333646536622d646239612d343139352d626432362d623731363761393737316437223b7d733a363a226d6f64756c65223b613a323a7b693a303b733a31333a22626c6f636b5f636f6e74656e74223b693a313b733a363a2273797374656d223b7d733a353a227468656d65223b613a313a7b693a303b733a393a226a616e676f5f737562223b7d7d733a323a226964223b733a31363a226d656e756461726b6e6f746669786564223b733a353a227468656d65223b733a393a226a616e676f5f737562223b733a363a22726567696f6e223b733a363a22686561646572223b733a363a22776569676874223b693a2d32323b733a383a2270726f7669646572223b4e3b733a363a22706c7567696e223b733a35303a22626c6f636b5f636f6e74656e743a32373333646536622d646239612d343139352d626432362d623731363761393737316437223b733a383a2273657474696e6773223b613a373a7b733a323a226964223b733a35303a22626c6f636b5f636f6e74656e743a32373333646536622d646239612d343139352d626432362d623731363761393737316437223b733a353a226c6162656c223b733a31393a224d656e75204461726b204e6f74204669786564223b733a383a2270726f7669646572223b733a31333a22626c6f636b5f636f6e74656e74223b733a31333a226c6162656c5f646973706c6179223b733a313a2230223b733a363a22737461747573223b623a313b733a343a22696e666f223b733a303a22223b733a393a22766965775f6d6f6465223b733a343a2266756c6c223b7d733a31303a227669736962696c697479223b613a313a7b733a31323a22726571756573745f70617468223b613a343a7b733a323a226964223b733a31323a22726571756573745f70617468223b733a353a227061676573223b733a34333a222f6e6f64652f3131382f696e6e65722d6865616465722f76310d0a2f686f6d652d76657273696f6e2d3131223b733a363a226e6567617465223b623a303b733a31353a22636f6e746578745f6d617070696e67223b613a303a7b7d7d7d7d),
('', 'block.block.menudarktopbar', 0x613a31323a7b733a343a2275756964223b733a33363a2263386433376261372d383364312d343261312d386532632d653064346166656438666366223b733a383a226c616e67636f6465223b733a323a22656e223b733a363a22737461747573223b623a313b733a31323a22646570656e64656e63696573223b613a333a7b733a373a22636f6e74656e74223b613a313a7b693a303b733a35363a22626c6f636b5f636f6e74656e743a62617369633a39663965356265372d373465312d343666652d613336652d353934323938366161363366223b7d733a363a226d6f64756c65223b613a323a7b693a303b733a31333a22626c6f636b5f636f6e74656e74223b693a313b733a363a2273797374656d223b7d733a353a227468656d65223b613a313a7b693a303b733a393a226a616e676f5f737562223b7d7d733a323a226964223b733a31343a226d656e756461726b746f70626172223b733a353a227468656d65223b733a393a226a616e676f5f737562223b733a363a22726567696f6e223b733a363a22686561646572223b733a363a22776569676874223b693a2d32363b733a383a2270726f7669646572223b4e3b733a363a22706c7567696e223b733a35303a22626c6f636b5f636f6e74656e743a39663965356265372d373465312d343666652d613336652d353934323938366161363366223b733a383a2273657474696e6773223b613a373a7b733a323a226964223b733a35303a22626c6f636b5f636f6e74656e743a39663965356265372d373465312d343666652d613336652d353934323938366161363366223b733a353a226c6162656c223b733a31373a224d656e75204461726b20546f7020426172223b733a383a2270726f7669646572223b733a31333a22626c6f636b5f636f6e74656e74223b733a31333a226c6162656c5f646973706c6179223b733a313a2230223b733a363a22737461747573223b623a313b733a343a22696e666f223b733a303a22223b733a393a22766965775f6d6f6465223b733a343a2266756c6c223b7d733a31303a227669736962696c697479223b613a313a7b733a31323a22726571756573745f70617468223b613a343a7b733a323a226964223b733a31323a22726571756573745f70617468223b733a353a227061676573223b733a32383a222f6e6f64652f3137302f6865616465722f76352d657874656e646564223b733a363a226e6567617465223b623a303b733a31353a22636f6e746578745f6d617070696e67223b613a303a7b7d7d7d7d),
('', 'block.block.menudarktopbarnotfixed', 0x613a31323a7b733a343a2275756964223b733a33363a2230313538373835632d353238612d343233392d623336332d636237643137383365356431223b733a383a226c616e67636f6465223b733a323a22656e223b733a363a22737461747573223b623a313b733a31323a22646570656e64656e63696573223b613a333a7b733a373a22636f6e74656e74223b613a313a7b693a303b733a35363a22626c6f636b5f636f6e74656e743a62617369633a63373539613238612d626437342d343233302d396338362d336163346639646366613766223b7d733a363a226d6f64756c65223b613a323a7b693a303b733a31333a22626c6f636b5f636f6e74656e74223b693a313b733a363a2273797374656d223b7d733a353a227468656d65223b613a313a7b693a303b733a393a226a616e676f5f737562223b7d7d733a323a226964223b733a32323a226d656e756461726b746f706261726e6f746669786564223b733a353a227468656d65223b733a393a226a616e676f5f737562223b733a363a22726567696f6e223b733a363a22686561646572223b733a363a22776569676874223b693a2d32313b733a383a2270726f7669646572223b4e3b733a363a22706c7567696e223b733a35303a22626c6f636b5f636f6e74656e743a63373539613238612d626437342d343233302d396338362d336163346639646366613766223b733a383a2273657474696e6773223b613a373a7b733a323a226964223b733a35303a22626c6f636b5f636f6e74656e743a63373539613238612d626437342d343233302d396338362d336163346639646366613766223b733a353a226c6162656c223b733a32373a224d656e75204461726b20546f7020426172204e6f74204669786564223b733a383a2270726f7669646572223b733a31333a22626c6f636b5f636f6e74656e74223b733a31333a226c6162656c5f646973706c6179223b733a313a2230223b733a363a22737461747573223b623a313b733a343a22696e666f223b733a303a22223b733a393a22766965775f6d6f6465223b733a343a2266756c6c223b7d733a31303a227669736962696c697479223b613a313a7b733a31323a22726571756573745f70617468223b613a343a7b733a323a226964223b733a31323a22726571756573745f70617468223b733a353a227061676573223b733a33343a222f6e6f64652f3131382f696e6e65722d6865616465722f76312d657874656e646564223b733a363a226e6567617465223b623a303b733a31353a22636f6e746578745f6d617070696e67223b613a303a7b7d7d7d7d),
('', 'block.block.menudarkwide', 0x613a31323a7b733a343a2275756964223b733a33363a2266626337653664322d373764372d346364312d393138362d396164643666323262363431223b733a383a226c616e67636f6465223b733a323a22656e223b733a363a22737461747573223b623a313b733a31323a22646570656e64656e63696573223b613a333a7b733a373a22636f6e74656e74223b613a313a7b693a303b733a35363a22626c6f636b5f636f6e74656e743a62617369633a33376130316134622d376137662d343265662d613837632d363530626565306266386662223b7d733a363a226d6f64756c65223b613a323a7b693a303b733a31333a22626c6f636b5f636f6e74656e74223b693a313b733a363a2273797374656d223b7d733a353a227468656d65223b613a313a7b693a303b733a393a226a616e676f5f737562223b7d7d733a323a226964223b733a31323a226d656e756461726b77696465223b733a353a227468656d65223b733a393a226a616e676f5f737562223b733a363a22726567696f6e223b733a363a22686561646572223b733a363a22776569676874223b693a2d32353b733a383a2270726f7669646572223b4e3b733a363a22706c7567696e223b733a35303a22626c6f636b5f636f6e74656e743a33376130316134622d376137662d343265662d613837632d363530626565306266386662223b733a383a2273657474696e6773223b613a373a7b733a323a226964223b733a35303a22626c6f636b5f636f6e74656e743a33376130316134622d376137662d343265662d613837632d363530626565306266386662223b733a353a226c6162656c223b733a31343a224d656e75204461726b2057696465223b733a383a2270726f7669646572223b733a31333a22626c6f636b5f636f6e74656e74223b733a31333a226c6162656c5f646973706c6179223b733a313a2230223b733a363a22737461747573223b623a313b733a343a22696e666f223b733a303a22223b733a393a22766965775f6d6f6465223b733a343a2266756c6c223b7d733a31303a227669736962696c697479223b613a313a7b733a31323a22726571756573745f70617468223b613a343a7b733a323a226964223b733a31323a22726571756573745f70617468223b733a353a227061676573223b733a33363a222f6e6f64652f3137302f6865616465722f76330d0a2f686f6d652d76657273696f6e2d32223b733a363a226e6567617465223b623a303b733a31353a22636f6e746578745f6d617070696e67223b613a303a7b7d7d7d7d),
('', 'block.block.menudarkwideonepage', 0x613a31323a7b733a343a2275756964223b733a33363a2238663163383561612d353230342d343136362d386431352d313338643436333764383034223b733a383a226c616e67636f6465223b733a323a22656e223b733a363a22737461747573223b623a313b733a31323a22646570656e64656e63696573223b613a333a7b733a373a22636f6e74656e74223b613a313a7b693a303b733a35363a22626c6f636b5f636f6e74656e743a62617369633a64616631373430392d353662312d343435662d623162392d396131396133396661366265223b7d733a363a226d6f64756c65223b613a323a7b693a303b733a31333a22626c6f636b5f636f6e74656e74223b693a313b733a363a2273797374656d223b7d733a353a227468656d65223b613a313a7b693a303b733a393a226a616e676f5f737562223b7d7d733a323a226964223b733a31393a226d656e756461726b776964656f6e6570616765223b733a353a227468656d65223b733a393a226a616e676f5f737562223b733a363a22726567696f6e223b733a363a22686561646572223b733a363a22776569676874223b693a2d31303b733a383a2270726f7669646572223b4e3b733a363a22706c7567696e223b733a35303a22626c6f636b5f636f6e74656e743a64616631373430392d353662312d343435662d623162392d396131396133396661366265223b733a383a2273657474696e6773223b613a373a7b733a323a226964223b733a35303a22626c6f636b5f636f6e74656e743a64616631373430392d353662312d343435662d623162392d396131396133396661366265223b733a353a226c6162656c223b733a32343a224d656e75204461726b2057696465202d204f6e6550616765223b733a383a2270726f7669646572223b733a31333a22626c6f636b5f636f6e74656e74223b733a31333a226c6162656c5f646973706c6179223b733a313a2230223b733a363a22737461747573223b623a313b733a343a22696e666f223b733a303a22223b733a393a22766965775f6d6f6465223b733a343a2266756c6c223b7d733a31303a227669736962696c697479223b613a313a7b733a31323a22726571756573745f70617468223b613a343a7b733a323a226964223b733a31323a22726571756573745f70617468223b733a353a227061676573223b733a31383a222f6f6e65706167652d76657273696f6e2d39223b733a363a226e6567617465223b623a303b733a31353a22636f6e746578745f6d617070696e67223b613a303a7b7d7d7d7d),
('', 'block.block.menudarkwidetopbarnotfixed', 0x613a31323a7b733a343a2275756964223b733a33363a2235666538333934382d656237642d343536642d626332622d373434646262623435653236223b733a383a226c616e67636f6465223b733a323a22656e223b733a363a22737461747573223b623a313b733a31323a22646570656e64656e63696573223b613a333a7b733a373a22636f6e74656e74223b613a313a7b693a303b733a35363a22626c6f636b5f636f6e74656e743a62617369633a62313632393665382d313762662d346131622d616164342d383862323866323164366436223b7d733a363a226d6f64756c65223b613a323a7b693a303b733a31333a22626c6f636b5f636f6e74656e74223b693a313b733a363a2273797374656d223b7d733a353a227468656d65223b613a313a7b693a303b733a393a226a616e676f5f737562223b7d7d733a323a226964223b733a32363a226d656e756461726b77696465746f706261726e6f746669786564223b733a353a227468656d65223b733a393a226a616e676f5f737562223b733a363a22726567696f6e223b733a363a22686561646572223b733a363a22776569676874223b693a2d31383b733a383a2270726f7669646572223b4e3b733a363a22706c7567696e223b733a35303a22626c6f636b5f636f6e74656e743a62313632393665382d313762662d346131622d616164342d383862323866323164366436223b733a383a2273657474696e6773223b613a373a7b733a323a226964223b733a35303a22626c6f636b5f636f6e74656e743a62313632393665382d313762662d346131622d616164342d383862323866323164366436223b733a353a226c6162656c223b733a33323a224d656e75204461726b205769646520546f7020426172204e6f74204669786564223b733a383a2270726f7669646572223b733a31333a22626c6f636b5f636f6e74656e74223b733a31333a226c6162656c5f646973706c6179223b733a313a2230223b733a363a22737461747573223b623a313b733a343a22696e666f223b733a303a22223b733a393a22766965775f6d6f6465223b733a343a2266756c6c223b7d733a31303a227669736962696c697479223b613a313a7b733a31323a22726571756573745f70617468223b613a343a7b733a323a226964223b733a31323a22726571756573745f70617468223b733a353a227061676573223b733a32353a222f6e6f64652f3131382f696e6e65722d6865616465722f7633223b733a363a226e6567617465223b623a303b733a31353a22636f6e746578745f6d617070696e67223b613a303a7b7d7d7d7d),
('', 'block.block.menudarkwidetransparentonepage', 0x613a31323a7b733a343a2275756964223b733a33363a2262326163626237342d393230302d343063312d613262392d333236613130306535386333223b733a383a226c616e67636f6465223b733a323a22656e223b733a363a22737461747573223b623a313b733a31323a22646570656e64656e63696573223b613a333a7b733a373a22636f6e74656e74223b613a313a7b693a303b733a35363a22626c6f636b5f636f6e74656e743a62617369633a65633339326232332d616338662d343763632d626537662d343965303166653632623737223b7d733a363a226d6f64756c65223b613a323a7b693a303b733a31333a22626c6f636b5f636f6e74656e74223b693a313b733a363a2273797374656d223b7d733a353a227468656d65223b613a313a7b693a303b733a393a226a616e676f5f737562223b7d7d733a323a226964223b733a33303a226d656e756461726b776964657472616e73706172656e746f6e6570616765223b733a353a227468656d65223b733a393a226a616e676f5f737562223b733a363a22726567696f6e223b733a363a22686561646572223b733a363a22776569676874223b693a2d393b733a383a2270726f7669646572223b4e3b733a363a22706c7567696e223b733a35303a22626c6f636b5f636f6e74656e743a65633339326232332d616338662d343763632d626537662d343965303166653632623737223b733a383a2273657474696e6773223b613a373a7b733a323a226964223b733a35303a22626c6f636b5f636f6e74656e743a65633339326232332d616338662d343763632d626537662d343965303166653632623737223b733a353a226c6162656c223b733a33363a224d656e75204461726b2057696465205472616e73706172656e74202d204f6e6550616765223b733a383a2270726f7669646572223b733a31333a22626c6f636b5f636f6e74656e74223b733a31333a226c6162656c5f646973706c6179223b733a313a2230223b733a363a22737461747573223b623a313b733a343a22696e666f223b733a303a22223b733a393a22766965775f6d6f6465223b733a343a2266756c6c223b7d733a31303a227669736962696c697479223b613a313a7b733a31323a22726571756573745f70617468223b613a343a7b733a323a226964223b733a31323a22726571756573745f70617468223b733a353a227061676573223b733a31393a222f6f6e65706167652d76657273696f6e2d3132223b733a363a226e6567617465223b623a303b733a31353a22636f6e746578745f6d617070696e67223b613a303a7b7d7d7d7d),
('', 'block.block.menutransparenttopbarfixed', 0x613a31323a7b733a343a2275756964223b733a33363a2236656563356162622d353261392d346561342d383237612d613834316461313437646232223b733a383a226c616e67636f6465223b733a323a22656e223b733a363a22737461747573223b623a313b733a31323a22646570656e64656e63696573223b613a333a7b733a373a22636f6e74656e74223b613a313a7b693a303b733a35363a22626c6f636b5f636f6e74656e743a62617369633a66643838613436302d343166332d346232372d393763362d346331383539356363363333223b7d733a363a226d6f64756c65223b613a323a7b693a303b733a31333a22626c6f636b5f636f6e74656e74223b693a313b733a363a2273797374656d223b7d733a353a227468656d65223b613a313a7b693a303b733a393a226a616e676f5f737562223b7d7d733a323a226964223b733a32363a226d656e757472616e73706172656e74746f706261726669786564223b733a353a227468656d65223b733a393a226a616e676f5f737562223b733a363a22726567696f6e223b733a363a22686561646572223b733a363a22776569676874223b693a2d33323b733a383a2270726f7669646572223b4e3b733a363a22706c7567696e223b733a35303a22626c6f636b5f636f6e74656e743a66643838613436302d343166332d346232372d393763362d346331383539356363363333223b733a383a2273657474696e6773223b613a373a7b733a323a226964223b733a35303a22626c6f636b5f636f6e74656e743a66643838613436302d343166332d346232372d393763362d346331383539356363363333223b733a353a226c6162656c223b733a33303a224d656e75205472616e73706172656e7420546f7020426172204669786564223b733a383a2270726f7669646572223b733a31333a22626c6f636b5f636f6e74656e74223b733a31333a226c6162656c5f646973706c6179223b733a313a2230223b733a363a22737461747573223b623a313b733a343a22696e666f223b733a303a22223b733a393a22766965775f6d6f6465223b733a343a2266756c6c223b7d733a31303a227669736962696c697479223b613a313a7b733a31323a22726571756573745f70617468223b613a343a7b733a323a226964223b733a31323a22726571756573745f70617468223b733a353a227061676573223b733a33383a222f6e6f64652f38380d0a2f6e6f64652f3137302f6865616465722f76312d657874656e646564223b733a363a226e6567617465223b623a303b733a31353a22636f6e746578745f6d617070696e67223b613a303a7b7d7d7d7d),
('', 'block.block.menuwhite', 0x613a31323a7b733a343a2275756964223b733a33363a2239623735313161322d323933662d346662662d623365652d373431626234616436386138223b733a383a226c616e67636f6465223b733a323a22656e223b733a363a22737461747573223b623a313b733a31323a22646570656e64656e63696573223b613a333a7b733a373a22636f6e74656e74223b613a313a7b693a303b733a35363a22626c6f636b5f636f6e74656e743a62617369633a37643231663139312d386361342d343261662d616165622d643237623633643839613433223b7d733a363a226d6f64756c65223b613a323a7b693a303b733a31333a22626c6f636b5f636f6e74656e74223b693a313b733a363a2273797374656d223b7d733a353a227468656d65223b613a313a7b693a303b733a393a226a616e676f5f737562223b7d7d733a323a226964223b733a393a226d656e757768697465223b733a353a227468656d65223b733a393a226a616e676f5f737562223b733a363a22726567696f6e223b733a363a22686561646572223b733a363a22776569676874223b693a2d33363b733a383a2270726f7669646572223b4e3b733a363a22706c7567696e223b733a35303a22626c6f636b5f636f6e74656e743a37643231663139312d386361342d343261662d616165622d643237623633643839613433223b733a383a2273657474696e6773223b613a373a7b733a323a226964223b733a35303a22626c6f636b5f636f6e74656e743a37643231663139312d386361342d343261662d616165622d643237623633643839613433223b733a353a226c6162656c223b733a31303a224d656e75205768697465223b733a383a2270726f7669646572223b733a31333a22626c6f636b5f636f6e74656e74223b733a31333a226c6162656c5f646973706c6179223b733a313a2230223b733a363a22737461747573223b623a313b733a343a22696e666f223b733a303a22223b733a393a22766965775f6d6f6465223b733a343a2266756c6c223b7d733a31303a227669736962696c697479223b613a313a7b733a31323a22726571756573745f70617468223b613a343a7b733a323a226964223b733a31323a22726571756573745f70617468223b733a353a227061676573223b733a31393a222f6e6f64652f3137302f6865616465722f7634223b733a363a226e6567617465223b623a303b733a31353a22636f6e746578745f6d617070696e67223b613a303a7b7d7d7d7d),
('', 'block.block.menuwhitebottompositionnotfixed', 0x613a31323a7b733a343a2275756964223b733a33363a2237613133333161392d623265622d346163342d623361352d653633363832333535363635223b733a383a226c616e67636f6465223b733a323a22656e223b733a363a22737461747573223b623a313b733a31323a22646570656e64656e63696573223b613a333a7b733a373a22636f6e74656e74223b613a313a7b693a303b733a35363a22626c6f636b5f636f6e74656e743a62617369633a37626563323665652d343237372d346164322d383462322d623930626336386334336338223b7d733a363a226d6f64756c65223b613a323a7b693a303b733a31333a22626c6f636b5f636f6e74656e74223b693a313b733a363a2273797374656d223b7d733a353a227468656d65223b613a313a7b693a303b733a393a226a616e676f5f737562223b7d7d733a323a226964223b733a33313a226d656e757768697465626f74746f6d706f736974696f6e6e6f746669786564223b733a353a227468656d65223b733a393a226a616e676f5f737562223b733a363a22726567696f6e223b733a363a22686561646572223b733a363a22776569676874223b693a2d31373b733a383a2270726f7669646572223b4e3b733a363a22706c7567696e223b733a35303a22626c6f636b5f636f6e74656e743a37626563323665652d343237372d346164322d383462322d623930626336386334336338223b733a383a2273657474696e6773223b613a373a7b733a323a226964223b733a35303a22626c6f636b5f636f6e74656e743a37626563323665652d343237372d346164322d383462322d623930626336386334336338223b733a353a226c6162656c223b733a33363a224d656e7520576869746520426f74746f6d20506f736974696f6e204e6f74204669786564223b733a383a2270726f7669646572223b733a31333a22626c6f636b5f636f6e74656e74223b733a31333a226c6162656c5f646973706c6179223b733a313a2230223b733a363a22737461747573223b623a313b733a343a22696e666f223b733a303a22223b733a393a22766965775f6d6f6465223b733a343a2266756c6c223b7d733a31303a227669736962696c697479223b613a313a7b733a31323a22726571756573745f70617468223b613a343a7b733a323a226964223b733a31323a22726571756573745f70617468223b733a353a227061676573223b733a32353a222f6e6f64652f3131382f696e6e65722d6865616465722f7634223b733a363a226e6567617465223b623a303b733a31353a22636f6e746578745f6d617070696e67223b613a303a7b7d7d7d7d),
('', 'block.block.menuwhitefixedonepage', 0x613a31323a7b733a343a2275756964223b733a33363a2266333730353066652d343466322d343166622d616663642d326364623239613761653931223b733a383a226c616e67636f6465223b733a323a22656e223b733a363a22737461747573223b623a313b733a31323a22646570656e64656e63696573223b613a333a7b733a373a22636f6e74656e74223b613a313a7b693a303b733a35363a22626c6f636b5f636f6e74656e743a62617369633a63636131666162332d666630622d343835342d623538612d613561303864383438616130223b7d733a363a226d6f64756c65223b613a323a7b693a303b733a31333a22626c6f636b5f636f6e74656e74223b693a313b733a363a2273797374656d223b7d733a353a227468656d65223b613a313a7b693a303b733a393a226a616e676f5f737562223b7d7d733a323a226964223b733a32313a226d656e75776869746566697865646f6e6570616765223b733a353a227468656d65223b733a393a226a616e676f5f737562223b733a363a22726567696f6e223b733a363a22686561646572223b733a363a22776569676874223b693a2d31323b733a383a2270726f7669646572223b4e3b733a363a22706c7567696e223b733a35303a22626c6f636b5f636f6e74656e743a63636131666162332d666630622d343835342d623538612d613561303864383438616130223b733a383a2273657474696e6773223b613a373a7b733a323a226964223b733a35303a22626c6f636b5f636f6e74656e743a63636131666162332d666630622d343835342d623538612d613561303864383438616130223b733a353a226c6162656c223b733a32363a224d656e75205768697465204669786564202d204f6e6550616765223b733a383a2270726f7669646572223b733a31333a22626c6f636b5f636f6e74656e74223b733a31333a226c6162656c5f646973706c6179223b733a313a2230223b733a363a22737461747573223b623a313b733a343a22696e666f223b733a303a22223b733a393a22766965775f6d6f6465223b733a343a2266756c6c223b7d733a31303a227669736962696c697479223b613a313a7b733a31323a22726571756573745f70617468223b613a343a7b733a323a226964223b733a31323a22726571756573745f70617468223b733a353a227061676573223b733a33383a222f6f6e65706167652d76657273696f6e2d340d0a2f6f6e65706167652d76657273696f6e2d36223b733a363a226e6567617465223b623a303b733a31353a22636f6e746578745f6d617070696e67223b613a303a7b7d7d7d7d),
('', 'block.block.menuwhitefluidbottompositionnotfixed', 0x613a31323a7b733a343a2275756964223b733a33363a2261393638646635322d613362642d343632332d613030382d303838383939323531323066223b733a383a226c616e67636f6465223b733a323a22656e223b733a363a22737461747573223b623a313b733a31323a22646570656e64656e63696573223b613a333a7b733a373a22636f6e74656e74223b613a313a7b693a303b733a35363a22626c6f636b5f636f6e74656e743a62617369633a66336663343337662d313062382d343432662d613537322d613736313432323333366436223b7d733a363a226d6f64756c65223b613a323a7b693a303b733a31333a22626c6f636b5f636f6e74656e74223b693a313b733a363a2273797374656d223b7d733a353a227468656d65223b613a313a7b693a303b733a393a226a616e676f5f737562223b7d7d733a323a226964223b733a33363a226d656e757768697465666c756964626f74746f6d706f736974696f6e6e6f746669786564223b733a353a227468656d65223b733a393a226a616e676f5f737562223b733a363a22726567696f6e223b733a363a22686561646572223b733a363a22776569676874223b693a2d31363b733a383a2270726f7669646572223b4e3b733a363a22706c7567696e223b733a35303a22626c6f636b5f636f6e74656e743a66336663343337662d313062382d343432662d613537322d613736313432323333366436223b733a383a2273657474696e6773223b613a373a7b733a323a226964223b733a35303a22626c6f636b5f636f6e74656e743a66336663343337662d313062382d343432662d613537322d613736313432323333366436223b733a353a226c6162656c223b733a34323a224d656e7520576869746520466c75696420426f74746f6d20506f736974696f6e204e6f74204669786564223b733a383a2270726f7669646572223b733a31333a22626c6f636b5f636f6e74656e74223b733a31333a226c6162656c5f646973706c6179223b733a313a2230223b733a363a22737461747573223b623a313b733a343a22696e666f223b733a303a22223b733a393a22766965775f6d6f6465223b733a343a2266756c6c223b7d733a31303a227669736962696c697479223b613a313a7b733a31323a22726571756573745f70617468223b613a343a7b733a323a226964223b733a31323a22726571756573745f70617468223b733a353a227061676573223b733a32353a222f6e6f64652f3131382f696e6e65722d6865616465722f7635223b733a363a226e6567617465223b623a303b733a31353a22636f6e746578745f6d617070696e67223b613a303a7b7d7d7d7d),
('', 'block.block.menuwhitehalftransparent', 0x613a31323a7b733a343a2275756964223b733a33363a2261666239666663642d623462652d343762322d393731642d653964393637653832343166223b733a383a226c616e67636f6465223b733a323a22656e223b733a363a22737461747573223b623a313b733a31323a22646570656e64656e63696573223b613a333a7b733a373a22636f6e74656e74223b613a313a7b693a303b733a35363a22626c6f636b5f636f6e74656e743a62617369633a39376539396562322d343339662d346664352d386137642d336561346132383830643838223b7d733a363a226d6f64756c65223b613a323a7b693a303b733a31333a22626c6f636b5f636f6e74656e74223b693a313b733a363a2273797374656d223b7d733a353a227468656d65223b613a313a7b693a303b733a393a226a616e676f5f737562223b7d7d733a323a226964223b733a32343a226d656e75776869746568616c667472616e73706172656e74223b733a353a227468656d65223b733a393a226a616e676f5f737562223b733a363a22726567696f6e223b733a363a22686561646572223b733a363a22776569676874223b693a2d33313b733a383a2270726f7669646572223b4e3b733a363a22706c7567696e223b733a35303a22626c6f636b5f636f6e74656e743a39376539396562322d343339662d346664352d386137642d336561346132383830643838223b733a383a2273657474696e6773223b613a373a7b733a323a226964223b733a35303a22626c6f636b5f636f6e74656e743a39376539396562322d343339662d346664352d386137642d336561346132383830643838223b733a353a226c6162656c223b733a32373a224d656e752057686974652048616c66205472616e73706172656e74223b733a383a2270726f7669646572223b733a31333a22626c6f636b5f636f6e74656e74223b733a31333a226c6162656c5f646973706c6179223b733a313a2230223b733a363a22737461747573223b623a313b733a343a22696e666f223b733a303a22223b733a393a22766965775f6d6f6465223b733a343a2266756c6c223b7d733a31303a227669736962696c697479223b613a313a7b733a31323a22726571756573745f70617468223b613a343a7b733a323a226964223b733a31323a22726571756573745f70617468223b733a353a227061676573223b733a37333a222f6e6f64652f38390d0a2f6e6f64652f3131372f390d0a2f6e6f64652f3131372f31300d0a2f6e6f64652f3137302f6865616465722f76320d0a2f686f6d652d76657273696f6e2d33223b733a363a226e6567617465223b623a303b733a31353a22636f6e746578745f6d617070696e67223b613a303a7b7d7d7d7d),
('', 'block.block.menuwhitehalftransparenttopbar', 0x613a31323a7b733a343a2275756964223b733a33363a2263303266306566632d633266302d343838382d386538352d383263343633393232393435223b733a383a226c616e67636f6465223b733a323a22656e223b733a363a22737461747573223b623a313b733a31323a22646570656e64656e63696573223b613a333a7b733a373a22636f6e74656e74223b613a313a7b693a303b733a35363a22626c6f636b5f636f6e74656e743a62617369633a63316635303534352d633664362d343630622d623239632d363664613234656663646162223b7d733a363a226d6f64756c65223b613a323a7b693a303b733a31333a22626c6f636b5f636f6e74656e74223b693a313b733a363a2273797374656d223b7d733a353a227468656d65223b613a313a7b693a303b733a393a226a616e676f5f737562223b7d7d733a323a226964223b733a33303a226d656e75776869746568616c667472616e73706172656e74746f70626172223b733a353a227468656d65223b733a393a226a616e676f5f737562223b733a363a22726567696f6e223b733a363a22686561646572223b733a363a22776569676874223b693a2d32383b733a383a2270726f7669646572223b4e3b733a363a22706c7567696e223b733a35303a22626c6f636b5f636f6e74656e743a63316635303534352d633664362d343630622d623239632d363664613234656663646162223b733a383a2273657474696e6773223b613a373a7b733a323a226964223b733a35303a22626c6f636b5f636f6e74656e743a63316635303534352d633664362d343630622d623239632d363664613234656663646162223b733a353a226c6162656c223b733a33343a224d656e752057686974652048616c66205472616e73706172656e7420546f70426172223b733a383a2270726f7669646572223b733a31333a22626c6f636b5f636f6e74656e74223b733a31333a226c6162656c5f646973706c6179223b733a313a2230223b733a363a22737461747573223b623a313b733a343a22696e666f223b733a303a22223b733a393a22766965775f6d6f6465223b733a343a2266756c6c223b7d733a31303a227669736962696c697479223b613a313a7b733a31323a22726571756573745f70617468223b613a343a7b733a323a226964223b733a31323a22726571756573745f70617468223b733a353a227061676573223b733a32383a222f6e6f64652f3137302f6865616465722f76322d657874656e646564223b733a363a226e6567617465223b623a303b733a31353a22636f6e746578745f6d617070696e67223b613a303a7b7d7d7d7d),
('', 'block.block.menuwhitehalftransparenttopbarwide', 0x613a31323a7b733a343a2275756964223b733a33363a2238663864363030652d356665392d343535352d616466332d663631666333333336623862223b733a383a226c616e67636f6465223b733a323a22656e223b733a363a22737461747573223b623a313b733a31323a22646570656e64656e63696573223b613a333a7b733a373a22636f6e74656e74223b613a313a7b693a303b733a35363a22626c6f636b5f636f6e74656e743a62617369633a31633064323836662d636532382d343162312d616563332d393832346237303964636639223b7d733a363a226d6f64756c65223b613a323a7b693a303b733a31333a22626c6f636b5f636f6e74656e74223b693a313b733a363a2273797374656d223b7d733a353a227468656d65223b613a313a7b693a303b733a393a226a616e676f5f737562223b7d7d733a323a226964223b733a33343a226d656e75776869746568616c667472616e73706172656e74746f7062617277696465223b733a353a227468656d65223b733a393a226a616e676f5f737562223b733a363a22726567696f6e223b733a363a22686561646572223b733a363a22776569676874223b693a2d33303b733a383a2270726f7669646572223b4e3b733a363a22706c7567696e223b733a35303a22626c6f636b5f636f6e74656e743a31633064323836662d636532382d343162312d616563332d393832346237303964636639223b733a383a2273657474696e6773223b613a373a7b733a323a226964223b733a35303a22626c6f636b5f636f6e74656e743a31633064323836662d636532382d343162312d616563332d393832346237303964636639223b733a353a226c6162656c223b733a33393a224d656e752057686974652048616c66205472616e73706172656e7420546f704261722057696465223b733a383a2270726f7669646572223b733a31333a22626c6f636b5f636f6e74656e74223b733a31333a226c6162656c5f646973706c6179223b733a313a2230223b733a363a22737461747573223b623a313b733a343a22696e666f223b733a303a22223b733a393a22766965775f6d6f6465223b733a343a2266756c6c223b7d733a31303a227669736962696c697479223b613a313a7b733a31323a22726571756573745f70617468223b613a343a7b733a323a226964223b733a31323a22726571756573745f70617468223b733a353a227061676573223b733a32383a222f6e6f64652f3137302f6865616465722f76362d657874656e646564223b733a363a226e6567617465223b623a303b733a31353a22636f6e746578745f6d617070696e67223b613a303a7b7d7d7d7d),
('', 'block.block.menuwhitehalftransparentwide', 0x613a31323a7b733a343a2275756964223b733a33363a2262376232656534322d346631372d346139302d623661342d656662666533313264663065223b733a383a226c616e67636f6465223b733a323a22656e223b733a363a22737461747573223b623a313b733a31323a22646570656e64656e63696573223b613a333a7b733a373a22636f6e74656e74223b613a313a7b693a303b733a35363a22626c6f636b5f636f6e74656e743a62617369633a66616230613236332d396438322d343861642d623162622d656462343332393330653734223b7d733a363a226d6f64756c65223b613a323a7b693a303b733a31333a22626c6f636b5f636f6e74656e74223b693a313b733a363a2273797374656d223b7d733a353a227468656d65223b613a313a7b693a303b733a393a226a616e676f5f737562223b7d7d733a323a226964223b733a32383a226d656e75776869746568616c667472616e73706172656e7477696465223b733a353a227468656d65223b733a393a226a616e676f5f737562223b733a363a22726567696f6e223b733a363a22686561646572223b733a363a22776569676874223b693a2d32393b733a383a2270726f7669646572223b4e3b733a363a22706c7567696e223b733a35303a22626c6f636b5f636f6e74656e743a66616230613236332d396438322d343861642d623162622d656462343332393330653734223b733a383a2273657474696e6773223b613a373a7b733a323a226964223b733a35303a22626c6f636b5f636f6e74656e743a66616230613236332d396438322d343861642d623162622d656462343332393330653734223b733a353a226c6162656c223b733a33323a224d656e752057686974652048616c66205472616e73706172656e742057696465223b733a383a2270726f7669646572223b733a31333a22626c6f636b5f636f6e74656e74223b733a31333a226c6162656c5f646973706c6179223b733a313a2230223b733a363a22737461747573223b623a313b733a343a22696e666f223b733a303a22223b733a393a22766965775f6d6f6465223b733a343a2266756c6c223b7d733a31303a227669736962696c697479223b613a313a7b733a31323a22726571756573745f70617468223b613a343a7b733a323a226964223b733a31323a22726571756573745f70617468223b733a353a227061676573223b733a35343a222f6e6f64652f3137302f6865616465722f76360d0a2f686f6d652d76657273696f6e2d360d0a2f686f6d652d76657273696f6e2d3132223b733a363a226e6567617465223b623a303b733a31353a22636f6e746578745f6d617070696e67223b613a303a7b7d7d7d7d),
('', 'block.block.menuwhitehalftransparentwideonepage', 0x613a31323a7b733a343a2275756964223b733a33363a2263616530333133632d323935642d346666652d613435342d636538346362306136353735223b733a383a226c616e67636f6465223b733a323a22656e223b733a363a22737461747573223b623a313b733a31323a22646570656e64656e63696573223b613a333a7b733a373a22636f6e74656e74223b613a313a7b693a303b733a35363a22626c6f636b5f636f6e74656e743a62617369633a65353864373464362d646134372d343465352d396336622d303436303831313461353466223b7d733a363a226d6f64756c65223b613a323a7b693a303b733a31333a22626c6f636b5f636f6e74656e74223b693a313b733a363a2273797374656d223b7d733a353a227468656d65223b613a313a7b693a303b733a393a226a616e676f5f737562223b7d7d733a323a226964223b733a33353a226d656e75776869746568616c667472616e73706172656e74776964656f6e6570616765223b733a353a227468656d65223b733a393a226a616e676f5f737562223b733a363a22726567696f6e223b733a363a22686561646572223b733a363a22776569676874223b693a2d31333b733a383a2270726f7669646572223b4e3b733a363a22706c7567696e223b733a35303a22626c6f636b5f636f6e74656e743a65353864373464362d646134372d343465352d396336622d303436303831313461353466223b733a383a2273657474696e6773223b613a373a7b733a323a226964223b733a35303a22626c6f636b5f636f6e74656e743a65353864373464362d646134372d343465352d396336622d303436303831313461353466223b733a353a226c6162656c223b733a34323a224d656e752057686974652048616c66205472616e73706172656e742057696465202d204f6e6550616765223b733a383a2270726f7669646572223b733a31333a22626c6f636b5f636f6e74656e74223b733a31333a226c6162656c5f646973706c6179223b733a313a2230223b733a363a22737461747573223b623a313b733a343a22696e666f223b733a303a22223b733a393a22766965775f6d6f6465223b733a343a2266756c6c223b7d733a31303a227669736962696c697479223b613a313a7b733a31323a22726571756573745f70617468223b613a343a7b733a323a226964223b733a31323a22726571756573745f70617468223b733a353a227061676573223b733a33383a222f6f6e65706167652d76657273696f6e2d330d0a2f6f6e65706167652d76657273696f6e2d37223b733a363a226e6567617465223b623a303b733a31353a22636f6e746578745f6d617070696e67223b613a303a7b7d7d7d7d);
